000
CXUS54 KEPZ 011030
CF6TCS
PRELIMINARY LOCAL CLIMATOLOGICAL DATA (WS FORM: F-6)
STATION: TRUTH OR CONSEQUENCES
MONTH: APRIL
YEAR: 2021
LATITUDE: 33 13 N
LONGITUDE: 107 16 W
TEMPERATURE IN F: :PCPN: SNOW: WIND :SUNSHINE: SKY :PK WND
================================================================================
1 2 3 4 5 6A 6B 7 8 9 10 11 12 13 14 15 16 17 18
12Z AVG MX 2MIN
DY MAX MIN AVG DEP HDD CDD WTR SNW DPTH SPD SPD DIR MIN PSBL S-S WX SPD DR
================================================================================
1 70 35 53 -3 12 0 0.00 M M 7.1 17 150 M M 0 24 160
2 81 45 63 7 2 0 0.00 M M 8.6 23 180 M M 1 30 190
3 84 53 69 13 0 4 0.00 M M 7.0 18 70 M M 0 26 70
4 84 50 67 11 0 2 0.00 M M 6.5 16 190 M M 0 24 240
5 87 51 69 12 0 4 0.00 M M 8.2 24 260 M M 0 31 270
6 84 49 67 10 0 2 0.00 M M 8.2 23 300 M M 0 31 270
7 80 46 63 6 2 0 0.00 M M 8.0 17 310 M M 0 30 310
8 86 53 70 13 0 5 0.00 M M 12.8 31 270 M M 0 42 270
9 81 55 68 10 0 3 0.00 M M 9.8 22 300 M M 0 36 310
10 83 45 64 6 1 0 0.00 M M 9.7 29 260 M M 0 39 270
11 83 53 68 10 0 3 0.00 M M 12.6 23 240 M M 0 31 230
12 81 56 69 11 0 4 0.00 M M 9.1 26 210 M M 0 37 220
13 79 49 64 5 1 0 0.00 M M 12.7 30 180 M M 0 39 160
14 81 54 68 9 0 3 0.00 M M 9.7 31 200 M M 0 44 180
15 80 55 68 9 0 3 0.00 M M 10.9 30 260 M M 0 44 260
16 70 49 60 0 5 0 0.00 M M 8.1 22 20 M M 0 30 20
17 67 42 55 -5 10 0 0.01 M M 15.5 26 200 M M 3 38 30
18 57 41 49 -11 16 0 T M M 9.5 21 30 M M 8 30 30
19 70 39 55 -5 10 0 0.00 M M 6.3 17 190 M M 0 25 200
20 81 45 63 2 2 0 0.00 M M 8.5 24 230 M M 0 34 230
21 74 45 60 -1 5 0 0.00 M M 12.4 28 190 M M 0 39 180
22 76 47 62 1 3 0 0.00 M M 8.9 30 270 M M 0 8 39 280
23 74 49 62 0 3 0 T M M 12.7 30 280 M M 1 48 270
24 79 50 65 3 0 0 0.00 M M 12.9 32 190 M M 0 45 180
25 88 52 70 8 0 5 0.00 M M 9.8 28 220 M M 0 39 190
26 82 55 69 6 0 4 0.00 M M 13.2 27 240 M M 0 45 200
27 72 52 62 -1 3 0 0.00 M M 17.7 45 210 M M 3 61 220
28 63 45 54 -9 11 0 0.02 M M 8.3 28 180 M M 7 36 180
29 70 42 56 -8 9 0 0.32 M M 9.7 23 80 M M 5 1 31 70
30 76 47 62 -2 3 0 0.00 M M 7.8 21 160 M M 0 26 160
================================================================================
SM 2323 1449 98 42 0.35 M 302.2 M 28
================================================================================
AV 77.4 48.3 10.1 FASTST M M 1 MAX(MPH)
MISC ----> 45 210 61 220
================================================================================
NOTES:
# LAST OF SEVERAL OCCURRENCES
COLUMN 17 PEAK WIND IN M.P.H.
PRELIMINARY LOCAL CLIMATOLOGICAL DATA (WS FORM: F-6) , PAGE 2
STATION: TRUTH OR CONSEQUENCES
MONTH: APRIL
YEAR: 2021
LATITUDE: 33 13 N
LONGITUDE: 107 16 W
[TEMPERATURE DATA] [PRECIPITATION DATA] SYMBOLS USED IN COLUMN 16
AVERAGE MONTHLY: 62.9 TOTAL FOR MONTH: 0.35 1 = FOG OR MIST
DPTR FM NORMAL: 3.3 DPTR FM NORMAL: 0.06 2 = FOG REDUCING VISIBILITY
HIGHEST: 88 ON 25 GRTST 24HR 0.33 ON 28-29 TO 1/4 MILE OR LESS
LOWEST: 35 ON 1 3 = THUNDER
SNOW, ICE PELLETS, HAIL 4 = ICE PELLETS
TOTAL MONTH: M 5 = HAIL
GRTST 24HR M ON M 6 = FREEZING RAIN OR DRIZZLE
GRTST DEPTH: M ON M 7 = DUSTSTORM OR SANDSTORM:
VSBY 1/2 MILE OR LESS
8 = SMOKE OR HAZE
[NO. OF DAYS WITH] [WEATHER - DAYS WITH] 9 = BLOWING SNOW
X = TORNADO
MAX 32 OR BELOW: 0 0.01 INCH OR MORE: 3
MAX 90 OR ABOVE: 0 0.10 INCH OR MORE: 1
MIN 32 OR BELOW: 0 0.50 INCH OR MORE: 0
MIN 0 OR BELOW: 0 1.00 INCH OR MORE: 0
[HDD (BASE 65) ]
TOTAL THIS MO. 98 CLEAR (SCALE 0-3) 27
DPTR FM NORMAL -84 PTCLDY (SCALE 4-7) 3
TOTAL FM JUL 1 2770 CLOUDY (SCALE 8-10) 0
DPTR FM NORMAL -464
[CDD (BASE 65) ]
TOTAL THIS MO. 42
DPTR FM NORMAL 22 [PRESSURE DATA]
TOTAL FM JAN 1 42 HIGHEST SLP 30.29 ON 1
DPTR FM NORMAL 21 LOWEST SLP 29.49 ON 26
[REMARKS]
#FINAL-04-21#