842
CXUS54 KFWD 010731
CF6TKI
PRELIMINARY LOCAL CLIMATOLOGICAL DATA (WS FORM: F-6)
STATION: MCKINNEY
MONTH: AUGUST
YEAR: 2020
LATITUDE: 33 10 N
LONGITUDE: 96 35 W
TEMPERATURE IN F: :PCPN: SNOW: WIND :SUNSHINE: SKY :PK WND
================================================================================
1 2 3 4 5 6A 6B 7 8 9 10 11 12 13 14 15 16 17 18
12Z AVG MX 2MIN
DY MAX MIN AVG DEP HDD CDD WTR SNW DPTH SPD SPD DIR MIN PSBL S-S WX SPD DR
================================================================================
1 91 67 79 -6 0 14 0.00 0.0 0 3.5 10 10 M M 1 13 10
2 94 67 81 -4 0 16 0.00 0.0 0 4.4 15 350 M M 0 21 340
3 92 69 81 -4 0 16 0.00 0.0 0 5.4 14 40 M M 1 18 40
4 91 70 81 -4 0 16 0.00 0.0 0 5.0 12 50 M M 2 16 120
5 87 70 79 -6 0 14 T 0.0 0 8.0 24 360 M M 3 3 32 350
6 95 73 84 -1 0 19 0.00 0.0 0 8.7 17 150 M M 2 1 22 180
7 96 78 87 2 0 22 0.00 0.0 0 10.8 21 170 M M 0 26 170
8 97 76 87 2 0 22 0.00 0.0 0 9.9 18 150 M M 0 28 170
9 97 76 87 2 0 22 0.00 0.0 0 10.6 20 160 M M 0 25 140
10 98 77 88 3 0 23 0.00 0.0 0 11.4 21 170 M M 0 28 180
11 99 79 89 4 0 24 0.00 0.0 0 9.7 18 170 M M 1 26 160
12 99 79 89 4 0 24 0.00 0.0 0 7.9 18 110 M M 0 3 29 130
13 101 77 89 4 0 24 0.00 0.0 0 8.3 20 150 M M 0 25 140
14 103 79 91 6 0 26 0.00 0.0 0 10.5 18 150 M M 0 25 150
15 103 78 91 6 0 26 0.00 0.0 0 6.4 13 150 M M 0 17 50
16 103 70 87 3 0 22 0.85 0.0 0 8.1 45 340 M M 2 13 60 340
17 95 71 83 -1 0 18 0.00 0.0 0 3.1 12 260 M M 0 16 250
18 93 70 82 -2 0 17 0.00 0.0 0 6.8 17 350 M M 0 23 360
19 91 63 77 -7 0 12 0.00 0.0 0 4.5 15 30 M M 0 21 50
20 92 63 78 -6 0 13 0.00 0.0 0 4.5 13 30 M M 0 17 70
21 93 64 79 -5 0 14 0.00 0.0 0 3.7 10 350 M M 0 14 170
22 96 69 83 -1 0 18 0.00 0.0 0 4.0 12 100 M M 0 17 110
23 96 68 82 -1 0 17 0.00 0.0 0 3.1 14 170 M M 1 19 130
24 97 68 83 0 0 18 0.00 0.0 0 4.4 17 70 M M 1 22 70
25 97 68 83 0 0 18 0.00 0.0 0 4.8 14 60 M M 2 18 60
26 90 74 82 -1 0 17 0.02 0.0 0 7.4 25 60 M M 5 3 34 80
27 94 70 82 0 0 17 0.00 0.0 0 5.0 16 320 M M 3 20 320
28 103 73 88 6 0 23 0.00 0.0 0 8.8 24 170 M M 1 30 170
29 105 77 91 9 0 26 0.00 0.0 0 11.3 18 170 M M 0 29 190
30 94 72 83 1 0 18 2.95 0.0 0 9.0 24 140 M M 3 13 39 140
31 96 80 88 7 0 23 0.00 0.0 0 9.7 23 180 M M 1 28 180
================================================================================
SM 2978 2235 0 599 3.82 0.0 218.7 M 29
================================================================================
AV 96.1 72.1 7.1 FASTST M M 1 MAX(MPH)
MISC ----> # 45 340 # 60 340
================================================================================
NOTES:
# LAST OF SEVERAL OCCURRENCES
COLUMN 17 PEAK WIND IN M.P.H.
PRELIMINARY LOCAL CLIMATOLOGICAL DATA (WS FORM: F-6) , PAGE 2
STATION: MCKINNEY
MONTH: AUGUST
YEAR: 2020
LATITUDE: 33 10 N
LONGITUDE: 96 35 W
[TEMPERATURE DATA] [PRECIPITATION DATA] SYMBOLS USED IN COLUMN 16
AVERAGE MONTHLY: 84.1 TOTAL FOR MONTH: 3.82 1 = FOG OR MIST
DPTR FM NORMAL: 0.2 DPTR FM NORMAL: 1.87 2 = FOG REDUCING VISIBILITY
HIGHEST: 105 ON 29 GRTST 24HR 2.95 ON 30-30 TO 1/4 MILE OR LESS
LOWEST: 63 ON 20,19 3 = THUNDER
SNOW, ICE PELLETS, HAIL 4 = ICE PELLETS
TOTAL MONTH: 0.0 INCH 5 = HAIL
GRTST 24HR 0.0 6 = FREEZING RAIN OR DRIZZLE
GRTST DEPTH: 0 7 = DUSTSTORM OR SANDSTORM:
VSBY 1/2 MILE OR LESS
8 = SMOKE OR HAZE
[NO. OF DAYS WITH] [WEATHER - DAYS WITH] 9 = BLOWING SNOW
X = TORNADO
MAX 32 OR BELOW: 0 0.01 INCH OR MORE: 3
MAX 90 OR ABOVE: 30 0.10 INCH OR MORE: 2
MIN 32 OR BELOW: 0 0.50 INCH OR MORE: 2
MIN 0 OR BELOW: 0 1.00 INCH OR MORE: 1
[HDD (BASE 65) ]
TOTAL THIS MO. 0 CLEAR (SCALE 0-3) 29
DPTR FM NORMAL 0 PTCLDY (SCALE 4-7) 2
TOTAL FM JUL 1 0 CLOUDY (SCALE 8-10) 0
DPTR FM NORMAL 0
[CDD (BASE 65) ]
TOTAL THIS MO. 599
DPTR FM NORMAL 12 [PRESSURE DATA]
TOTAL FM JAN 1 2075 HIGHEST SLP M ON M
DPTR FM NORMAL 168 LOWEST SLP 29.63 ON 30
[REMARKS]
#FINAL-08-20#