000
CXUS51 KCLE 091613 RRB
CLSTOL
CLIMATE REPORT
NATIONAL WEATHER SERVICE CLEVELAND OH
1159 AM EDT THU MAY 9 2019
...................................
...THE TOLEDO OH CLIMATE SUMMARY FOR THE SEASON, FROM
12/1/2018 TO 2/28/2019...
CLIMATE NORMAL PERIOD 1981 TO 2010
CLIMATE RECORD PERIOD 1873 TO 2019
WEATHER OBSERVED NORMAL DEPART
VALUE DATE(S) VALUE FROM
NORMAL
................................................
TEMPERATURE (F)
RECORD
HIGH 71 02/24/2017
02/26/2000
02/11/1999
LOW -20 01/21/1984
HIGHEST 63 12/02
LOWEST -10 01/31
01/30
AVG. MAXIMUM 37.4 35.0 2.4
AVG. MINIMUM 22.7 20.7 2.0
MEAN 30.1 27.8 2.3
DAYS MAX >= 90 0 0.0
DAYS MAX <= 32 28 35.4
DAYS MIN <= 32 72 76.0
DAYS MIN <= 0 7 5.3
PRECIPITATION (INCHES)
RECORD
MAXIMUM 13.35 1950
MINIMUM 2.15 1920
TOTALS 7.19 6.80 0.39
DAYS >= .01 41 36.0
DAYS >= .10 19 17.0
DAYS >= .50 5 3.8
DAYS >= 1.00 0 0.7
SNOWFALL (INCHES)
RECORDS
TOTAL 73.0 2014
TOTALS 18.2 28.4
DAYS >= TRACE 38
DAYS >= 1.0 6 8.8
DEGREE_DAYS
HEATING TOTAL 3127 3344 -217
COOLING TOTAL 0 0 0
.................................................
WIND (MPH)
HIGHEST GUST SPEED/DIRECTION 64/240 DATE 02/24
SKY COVER
POSSIBLE SUNSHINE (PERCENT) MM
NUMBER OF DAYS FAIR 18
NUMBER OF DAYS PC 29
NUMBER OF DAYS CLOUDY 43
WEATHER CONDITIONS. NUMBER OF DAYS WITH
THUNDERSTORM 2 MIXED PRECIP 0
HEAVY RAIN 5 RAIN 10
LIGHT RAIN 28 FREEZING RAIN 2
LT FREEZING RAIN 6 HAIL 0
HEAVY SNOW 3 SNOW 7
LIGHT SNOW 37 SLEET 1
FOG 46 FOG W/VIS <= 1/4 MILE 5
HAZE 35
- INDICATES NEGATIVE NUMBERS.
R INDICATES RECORD WAS SET OR TIED.
MM INDICATES DATA IS MISSING.
T INDICATES TRACE AMOUNT.
$$