000
CXUS55 KCYS 031201
CF6TOR
PRELIMINARY LOCAL CLIMATOLOGICAL DATA (WS FORM: F-6)
STATION: TORRINGTON WY AIRPORT
MONTH: FEBRUARY
YEAR: 2022
LATITUDE: 42 3 N
LONGITUDE: 104 9 W
TEMPERATURE IN F: :PCPN: SNOW: WIND :SUNSHINE: SKY :PK WND
================================================================================
1 2 3 4 5 6A 6B 7 8 9 10 11 12 13 14 15 16 17 18
12Z AVG MX 2MIN
DY MAX MIN AVG DEP HDD CDD WTR SNW DPTH SPD SPD DIR MIN PSBL S-S WX SPD DR
================================================================================
1 29 12 21 -8 44 0 T M M 9.4 18 40 M M 8 24 40
2 12 -7 3 -26 62 0 T M M 10.0 20 110 M M 9 24 100
3 21 -10 6 -23 59 0 0.00 M M 4.8 14 300 M M 0 17 290
4 41 5 23 -6 42 0 0.00 M M 9.6 21 270 M M 1 31 270
5 50 32 41 12 24 0 0.00 M M 16.3 31 260 M M 1 47 290
6 45 27 36 7 29 0 T M M 11.1 23 330 M M 4 34 340
7 54 24 39 10 26 0 0.00 M M 13.3 36 280 M M 0 60 280
8 50 31 41 12 24 0 0.00 M M 14.7 33 280 M M 0 48 290
9 50 29 40 11 25 0 T M M 10.1 24 360 M M 5 34 340
10 56 27 42 12 23 0 T M M 13.5 31 280 M M 2 45 270
11 46 21 34 4 31 0 T M M 17.6 33 310 M M 5 52 300
12 47 16 32 2 33 0 0.00 M M 10.6 29 320 M M 5 39 330
13 58 18 38 8 27 0 0.00 M M 8.2 23 300 M M 0 32 300
14 62 17 40 10 25 0 0.00 M M 8.2 24 250 M M 0 36 250
15 57 24 41 11 24 0 0.00 M M 8.2 23 360 M M 0 31 350
16 32 19 26 -4 39 0 T M M 9.8 24 50 M M 10 29 70
17 37 10 24 -7 41 0 T M M 9.3 22 290 M M 4 32 280
18 50 28 39 8 26 0 0.00 M M 14.2 30 270 M M 4 44 270
19 57 21 39 8 26 0 0.00 M M 18.0 37 260 M M 0 52 270
20 60 39 50 19 15 0 0.00 M M 14.9 32 290 M M 0 52 290
21 39 -3 18 -14 47 0 T M M 14.6 26 10 M M 7 35 10
22 3 -9 -3 -35 68 0 T M M 9.2 17 30 M M 4 22 40
23 5 -6 0 -32 65 0 T M M 12.9 21 120 M M 8 29 110
24 15 -1 7 -25 58 0 T M M 5.8 15 120 M M 4 20 110
25 26 -4 11 -22 54 0 0.00 M M 2.3 10 20 M M 1 12 20
26 35 -1 17 -16 48 0 0.00 M M 7.0 21 300 M M 0 27 290
27 52 7 30 -3 35 0 0.00 M M 11.3 29 280 M M 0 42 270
28 58 32 45 11 20 0 0.00 M M 15.5 31 280 M M 0 48 290
================================================================================
SM 1147 398 1040 0 T M 310.4 M 82
================================================================================
AV 41.0 14.2 11.1 FASTST M M 3 MAX(MPH)
MISC ----> 37 260 60 280
================================================================================
NOTES:
# LAST OF SEVERAL OCCURRENCES
COLUMN 17 PEAK WIND IN M.P.H.
PRELIMINARY LOCAL CLIMATOLOGICAL DATA (WS FORM: F-6) , PAGE 2
STATION: TORRINGTON WY AIRPORT
MONTH: FEBRUARY
YEAR: 2022
LATITUDE: 42 3 N
LONGITUDE: 104 9 W
[TEMPERATURE DATA] [PRECIPITATION DATA] SYMBOLS USED IN COLUMN 16
AVERAGE MONTHLY: 27.6 TOTAL FOR MONTH: T 1 = FOG OR MIST
DPTR FM NORMAL: -3.0 DPTR FM NORMAL: -0.29 2 = FOG REDUCING VISIBILITY
HIGHEST: 62 ON 14 GRTST 24HR T ON 1- 1 TO 1/4 MILE OR LESS
LOWEST: -10 ON 3 3 = THUNDER
SNOW, ICE PELLETS, HAIL 4 = ICE PELLETS
TOTAL MONTH: M 5 = HAIL
GRTST 24HR M ON M 6 = FREEZING RAIN OR DRIZZLE
GRTST DEPTH: M ON M 7 = DUSTSTORM OR SANDSTORM:
VSBY 1/2 MILE OR LESS
8 = SMOKE OR HAZE
[NO. OF DAYS WITH] [WEATHER - DAYS WITH] 9 = BLOWING SNOW
X = TORNADO
MAX 32 OR BELOW: 8 0.01 INCH OR MORE: 0
MAX 90 OR ABOVE: 0 0.10 INCH OR MORE: 0
MIN 32 OR BELOW: 27 0.50 INCH OR MORE: 0
MIN 0 OR BELOW: 8 1.00 INCH OR MORE: 0
[HDD (BASE 65) ]
TOTAL THIS MO. 1040 CLEAR (SCALE 0-3) 15
DPTR FM NORMAL 77 PTCLDY (SCALE 4-7) 11
TOTAL FM JUL 1 4089 CLOUDY (SCALE 8-10) 2
DPTR FM NORMAL -676
[CDD (BASE 65) ]
TOTAL THIS MO. 0
DPTR FM NORMAL 0 [PRESSURE DATA]
TOTAL FM JAN 1 0 HIGHEST SLP 30.71 ON 22
DPTR FM NORMAL 0 LOWEST SLP 29.51 ON 21
[REMARKS]
#FINAL-02-22#