000
CXUS52 KTBW 010915
CLMTPA
CLIMATE REPORT
NATIONAL WEATHER SERVICE TAMPA BAY FL
515 AM EDT THU JUN 01 2023
...................................
...THE TAMPA CLIMATE SUMMARY FOR THE MONTH OF MAY 2023...
CLIMATE NORMAL PERIOD: 1991 TO 2020
CLIMATE RECORD PERIOD: 1890 TO 2023
WEATHER OBSERVED NORMAL DEPART LAST YEAR`S
VALUE DATE(S) VALUE FROM VALUE DATE(S)
NORMAL
................................................................
TEMPERATURE (F)
ALL-TIME MAY RECORD
HIGH 98 05/19/2017
05/17/2017
05/26/1975
LOW 49 05/08/1992
05/05/1971
MAY 2023
HIGHEST 94 05/11 MM MM 96 05/22
05/20
05/30
LOWEST 64 05/05 MM MM 64 05/11
05/27
AVG. MAXIMUM 88.2 88.3 -0.1 89.7
AVG. MINIMUM 71.0 70.6 0.4 73.4
MEAN 79.6 79.5 0.1 81.6
DAYS MAX >= 90 10 9.6 0.4 14
DAYS MAX <= 32 0 0.0 0.0 0
DAYS MIN <= 32 0 0.0 0.0 0
DAYS MIN <= 0 0 0.0 0.0 0
PRECIPITATION (INCHES)
ALL-TIME MAY RECORD
MAXIMUM 17.64 1979
MINIMUM T 2001
MAY 2023
TOTALS 4.11 2.60 1.51 2.71
DAILY AVG. 0.13 0.08 0.05 0.09
DAYS >= .01 7 6.2 0.8 7
DAYS >= .10 7 3.9 3.1 4
DAYS >= .50 2 1.8 0.2 2
DAYS >= 1.00 1 0.8 0.2 1
GREATEST
24 HR. TOTAL 2.40 05/24 TO 05/25
DEGREE DAYS
HEATING TOTAL 0 0 0 0
SINCE 7/1 266 433 -167 MM
COOLING TOTAL 460 448 12 521
SINCE 1/1 1337 1018 319 MM
................................................................
WIND (MPH)
AVERAGE WIND SPEED 6.8
HIGHEST WIND SPEED/DIRECTION 25/030 DATE 05/24
HIGHEST GUST SPEED/DIRECTION 38/010 DATE 05/24
SKY COVER
POSSIBLE SUNSHINE (PERCENT) MM
AVERAGE SKY COVER 0.42
NUMBER OF DAYS FAIR 12
NUMBER OF DAYS PC 19
NUMBER OF DAYS CLOUDY 0
AVERAGE RH (PERCENT) 66
WEATHER CONDITIONS. NUMBER OF DAYS WITH
THUNDERSTORM 11 MIXED PRECIP 0
HEAVY RAIN 4 RAIN 5
LIGHT RAIN 9 FREEZING RAIN 0
LT FREEZING RAIN 0 HAIL 0
HEAVY SNOW 0 SNOW 0
LIGHT SNOW 0 SLEET 0
FOG 5 FOG W/VIS <= 1/4 MILE 1
HAZE 2
- INDICATES NEGATIVE NUMBERS.
R INDICATES RECORD WAS SET OR TIED.
MM INDICATES DATA IS MISSING.
T INDICATES TRACE AMOUNT.
$$