000
CXUS54 KFWD 010731
CF6TPL
PRELIMINARY LOCAL CLIMATOLOGICAL DATA (WS FORM: F-6)
STATION: TEMPLE
MONTH: OCTOBER
YEAR: 2022
LATITUDE: 31 8 N
LONGITUDE: 97 25 W
TEMPERATURE IN F: :PCPN: SNOW: WIND :SUNSHINE: SKY :PK WND
================================================================================
1 2 3 4 5 6A 6B 7 8 9 10 11 12 13 14 15 16 17 18
12Z AVG MX 2MIN
DY MAX MIN AVG DEP HDD CDD WTR SNW DPTH SPD SPD DIR MIN PSBL S-S WX SPD DR
================================================================================
1 87 48 68 -4 0 3 0.00 M M 6.1 12 30 M M 0 M M
2 86 49 68 -4 0 3 0.00 M M 4.1 10 50 M M 0 M M
3 87 49 68 -3 0 3 0.00 M M 5.0 7 70 M M 0 17 140
4 89 56 73 2 0 8 0.00 M M 6.2 13 120 M M 0 M M
5 90 53 72 1 0 7 0.00 M M 3.4 8 80 M M 0 M M
6 91 55 73 3 0 8 0.00 M M 4.3 13 70 M M 0 21 70
7 87 60 74 4 0 9 0.00 M M 4.2 10 70 M M 0 M M
8 88 57 73 3 0 8 0.00 M M 8.3 12 40 M M 0 8 17 50
9 88 57 73 4 0 8 0.00 M M 6.1 9 150 M M 0 M M
10 88 60 74 5 0 9 0.00 M M 8.6 16 140 M M 0 23 170
11 89 61 75 6 0 10 0.00 M M 10.9 21 170 M M 2 8 25 170
12 98 68 83 15 0 18 0.00 M M 9.2 17 200 M M 1 22 210
13 89 57 73 5 0 8 0.00 M M 10.3 18 50 M M 0 30 40
14 90 50 70 2 0 5 0.00 M M 8.4 16 170 M M 0 16 140
15 93 69 81 13 0 16 0.00 M M 13.5 17 190 M M 3 25 180
16 86 65 76 9 0 11 0.14 M M 12.0 18 360 M M 6 26 20
17 75 52 64 -3 1 0 0.03 M M 11.1 21 360 M M 5 30 360
18 68 44 56 -11 9 0 0.00 M M 8.0 16 340 M M 0 24 340
19 73 33 53 -13 12 0 0.00 M M 4.8 10 180 M M 0 M M
20 87 51 69 3 0 4 0.00 M M 10.0 15 220 M M 0 22 220
21 90 52 71 5 0 6 0.00 M M 11.1 21 170 M M 0 28 170
22 86 61 74 8 0 9 0.00 M M 20.6 28 170 M M 1 39 170
23 88 67 78 13 0 13 T M M 20.0 26 170 M M 5 37 170
24 77 61 69 4 0 4 0.64 M M 15.2 47 210 M M 9 13 58 210
25 73 46 60 -5 5 0 0.00 M M 12.8 29 300 M M 1 44 310
26 75 39 57 -7 8 0 0.00 M M 5.0 10 130 M M 0 16 130
27 78 46 62 -2 3 0 0.00 M M 8.6 17 170 M M 2 8 17 150
28 68 55 62 -2 3 0 0.72 M M 11.8 18 10 M M 10 13 30 30
29 68 53 61 -2 4 0 T M M 11.8 20 320 M M 7 1 26 320
30 77 47 62 -1 3 0 0.00 M M 5.1 12 290 M M 1 17 290
31 82 48 65 2 0 0 0.00 M M 3.2 8 170 M M 1 1 M M
================================================================================
SM 2591 1669 48 170 1.53 M 279.5 M 54
================================================================================
AV 83.6 53.8 9.0 FASTST M M 2 MAX(MPH)
MISC ----> 47 210 58 210
================================================================================
NOTES:
# LAST OF SEVERAL OCCURRENCES
COLUMN 17 PEAK WIND IN M.P.H.
PRELIMINARY LOCAL CLIMATOLOGICAL DATA (WS FORM: F-6) , PAGE 2
STATION: TEMPLE
MONTH: OCTOBER
YEAR: 2022
LATITUDE: 31 8 N
LONGITUDE: 97 25 W
[TEMPERATURE DATA] [PRECIPITATION DATA] SYMBOLS USED IN COLUMN 16
AVERAGE MONTHLY: 68.7 TOTAL FOR MONTH: 1.53 1 = FOG OR MIST
DPTR FM NORMAL: 1.4 DPTR FM NORMAL: -2.06 2 = FOG REDUCING VISIBILITY
HIGHEST: 98 ON 12 GRTST 24HR 0.72 ON 28-28 TO 1/4 MILE OR LESS
LOWEST: 33 ON 19 3 = THUNDER
SNOW, ICE PELLETS, HAIL 4 = ICE PELLETS
TOTAL MONTH: M 5 = HAIL
GRTST 24HR M ON M 6 = FREEZING RAIN OR DRIZZLE
GRTST DEPTH: M ON M 7 = DUSTSTORM OR SANDSTORM:
VSBY 1/2 MILE OR LESS
8 = SMOKE OR HAZE
[NO. OF DAYS WITH] [WEATHER - DAYS WITH] 9 = BLOWING SNOW
X = TORNADO
MAX 32 OR BELOW: 0 0.01 INCH OR MORE: 4
MAX 90 OR ABOVE: 6 0.10 INCH OR MORE: 3
MIN 32 OR BELOW: 0 0.50 INCH OR MORE: 2
MIN 0 OR BELOW: 0 1.00 INCH OR MORE: 0
[HDD (BASE 65) ]
TOTAL THIS MO. 48 CLEAR (SCALE 0-3) 25
DPTR FM NORMAL -21 PTCLDY (SCALE 4-7) 4
TOTAL FM JUL 1 48 CLOUDY (SCALE 8-10) 2
DPTR FM NORMAL -29
[CDD (BASE 65) ]
TOTAL THIS MO. 170
DPTR FM NORMAL 28 [PRESSURE DATA]
TOTAL FM JAN 1 3316 HIGHEST SLP M ON M
DPTR FM NORMAL 848 LOWEST SLP M ON M
[REMARKS]
#FINAL-10-22#