000
CXUS54 KFWD 072134
CF6TPL
PRELIMINARY LOCAL CLIMATOLOGICAL DATA (WS FORM: F-6)
STATION: TEMPLE
MONTH: MARCH
YEAR: 2022
LATITUDE: 31 8 N
LONGITUDE: 97 25 W
TEMPERATURE IN F: :PCPN: SNOW: WIND :SUNSHINE: SKY :PK WND
================================================================================
1 2 3 4 5 6A 6B 7 8 9 10 11 12 13 14 15 16 17 18
12Z AVG MX 2MIN
DY MAX MIN AVG DEP HDD CDD WTR SNW DPTH SPD SPD DIR MIN PSBL S-S WX SPD DR
================================================================================
1 74 30 52 -2 13 0 0.00 M M 4.7 9 160 M M 0 M M
2 73 42 58 3 7 0 0.00 M M 5.6 13 160 M M 0 M M
3 79 41 60 5 5 0 0.00 M M 5.9 14 150 M M 0 20 150
4 76 56 66 11 0 1 0.00 M M 13.3 21 140 M M 7 1 29 160
5 81 63 72 16 0 7 0.00 M M 16.5 23 170 M M 9 30 170
6 82 46 64 8 1 0 T M M 16.2 25 160 M M 8 36 170
7 53 35 44 -12 21 0 0.02 M M 14.6 23 340 M M 8 31 340
8 50 33 42 -14 23 0 0.01 M M 9.0 14 360 M M 6 18 20
9 58 29 44 -13 21 0 0.00 M M 5.9 13 30 M M 0 1 17 30
10 71 31 51 -6 14 0 0.00 M M 6.9 14 180 M M 0 17 120
11 56 33 45 -12 20 0 0.00 M M 18.6 27 340 M M 7 35 340
12 58 21 40 -18 25 0 0.00 M M 7.2 16 340 M M 0 22 340
13 65 28 47 -11 18 0 0.00 M M 14.5 24 170 M M 0 36 180
14 81 43 62 4 3 0 0.06 M M 14.8 31 170 M M 6 37 170
15 74 48 61 3 4 0 0.00 M M 11.7 21 340 M M 0 25 310
16 81 37 59 0 6 0 0.00 M M 8.8 20 150 M M 0 26 180
17 73 51 62 3 3 0 0.00 M M 15.1 25 170 M M 7 12 31 160
18 71 46 59 0 6 0 0.00 M M 14.2 24 300 M M 1 8 36 310
19 78 35 57 -2 8 0 0.00 M M 5.2 9 160 M M 0 M M
20 80 44 62 2 3 0 0.00 M M 14.5 23 130 M M 2 30 120
21 80 57 69 9 0 4 0.56 M M 18.1 38 160 M M 9 13 48 160
22 62 45 54 -6 11 0 T M M 14.2 23 310 M M 2 36 310
23 67 41 54 -6 11 0 0.00 M M 10.6 21 310 M M 0 32 310
24 73 37 55 -5 10 0 0.00 M M 9.2 24 310 M M 1 31 310
25 84 34 59 -2 6 0 0.00 M M 4.3 10 130 M M 0 M M
26 91 50 71 10 0 6 0.00 M M 10.6 21 170 M M 0 26 170
27 88 51 70 9 0 5 0.00 M M 14.6 21 160 M M 0 30 170
28 84 56 70 9 0 5 0.00 M M 17.7 28 170 M M 1 35 160
29 78 67 73 11 0 8 0.00 M M 23.8 32 170 M M 8 45 160
30 75 48 62 0 3 0 0.27 M M 16.1 35 160 M M 4 13 53 260
31 74 39 57 -5 8 0 0.00 M M 5.9 10 330 M M 1 M M
================================================================================
SM 2270 1317 250 36 0.92 M 368.4 M 87
================================================================================
AV 73.2 42.5 11.9 FASTST M M 3 MAX(MPH)
MISC ----> 38 160 53 260
================================================================================
NOTES:
# LAST OF SEVERAL OCCURRENCES
COLUMN 17 PEAK WIND IN M.P.H.
PRELIMINARY LOCAL CLIMATOLOGICAL DATA (WS FORM: F-6) , PAGE 2
STATION: TEMPLE
MONTH: MARCH
YEAR: 2022
LATITUDE: 31 8 N
LONGITUDE: 97 25 W
[TEMPERATURE DATA] [PRECIPITATION DATA] SYMBOLS USED IN COLUMN 16
AVERAGE MONTHLY: 57.9 TOTAL FOR MONTH: 0.92 1 = FOG OR MIST
DPTR FM NORMAL: -0.5 DPTR FM NORMAL: -2.22 2 = FOG REDUCING VISIBILITY
HIGHEST: 91 ON 26 GRTST 24HR 0.56 ON 21-21 TO 1/4 MILE OR LESS
LOWEST: 21 ON 12 3 = THUNDER
SNOW, ICE PELLETS, HAIL 4 = ICE PELLETS
TOTAL MONTH: M 5 = HAIL
GRTST 24HR M ON M 6 = FREEZING RAIN OR DRIZZLE
GRTST DEPTH: M ON M 7 = DUSTSTORM OR SANDSTORM:
VSBY 1/2 MILE OR LESS
8 = SMOKE OR HAZE
[NO. OF DAYS WITH] [WEATHER - DAYS WITH] 9 = BLOWING SNOW
X = TORNADO
MAX 32 OR BELOW: 0 0.01 INCH OR MORE: 5
MAX 90 OR ABOVE: 1 0.10 INCH OR MORE: 2
MIN 32 OR BELOW: 5 0.50 INCH OR MORE: 1
MIN 0 OR BELOW: 0 1.00 INCH OR MORE: 0
[HDD (BASE 65) ]
TOTAL THIS MO. 250 CLEAR (SCALE 0-3) 20
DPTR FM NORMAL 10 PTCLDY (SCALE 4-7) 8
TOTAL FM JUL 1 1815 CLOUDY (SCALE 8-10) 3
DPTR FM NORMAL -233
[CDD (BASE 65) ]
TOTAL THIS MO. 36
DPTR FM NORMAL -1 [PRESSURE DATA]
TOTAL FM JAN 1 46 HIGHEST SLP M ON M
DPTR FM NORMAL 0 LOWEST SLP M ON M
[REMARKS]
#FINAL-03-22#