000
CXUS54 KFWD 070343
CF6TPL
PRELIMINARY LOCAL CLIMATOLOGICAL DATA (WS FORM: F-6)
STATION: TEMPLE
MONTH: NOVEMBER
YEAR: 2020
LATITUDE: 31 8 N
LONGITUDE: 97 25 W
TEMPERATURE IN F: :PCPN: SNOW: WIND :SUNSHINE: SKY :PK WND
================================================================================
1 2 3 4 5 6A 6B 7 8 9 10 11 12 13 14 15 16 17 18
12Z AVG MX 2MIN
DY MAX MIN AVG DEP HDD CDD WTR SNW DPTH SPD SPD DIR MIN PSBL S-S WX SPD DR
================================================================================
1 74 43 59 -3 6 0 0.00 M M 8.2 17 20 M M 0 24 20
2 73 37 55 -7 10 0 0.00 M M 4.5 8 130 M M 0 M M
3 78 42 60 -2 5 0 0.00 M M 6.5 12 150 M M 0 20 150
4 78 45 62 1 3 0 0.00 M M 9.1 17 190 M M 0 24 150
5 79 53 66 5 0 1 0.00 M M 8.0 17 180 M M 3 21 180
6 76 59 68 7 0 3 0.00 M M 8.2 12 180 M M 5 M M
7 77 48 63 3 2 0 0.00 M M 4.6 10 90 M M 0 M M
8 77 56 67 7 0 2 0.00 M M 9.4 15 100 M M 4 1 18 140
9 82 62 72 12 0 7 0.00 M M 12.1 20 170 M M 4 1 24 170
10 77 50 64 5 1 0 T M M 8.7 21 160 M M 5 1 25 160
11 77 44 61 2 4 0 0.00 M M 5.1 9 320 M M 0 M M
12 83 58 71 13 0 6 0.00 M M 7.2 13 170 M M 3 M M
13 76 58 67 9 0 2 0.00 M M 6.6 13 150 M M 6 M M
14 83 66 75 17 0 10 0.00 M M 12.5 25 180 M M 6 36 180
15 68 38 53 -4 12 0 0.00 M M 10.4 21 360 M M 0 38 350
16 72 30 51 -6 14 0 0.00 M M 4.5 9 170 M M 0 8 M M
17 73 34 54 -3 11 0 0.00 M M 4.6 8 100 M M 0 M M
18 77 37 57 1 8 0 0.00 M M 7.9 18 180 M M 0 M M
19 79 53 66 10 0 1 0.00 M M 10.7 21 180 M M 4 28 190
20 80 57 69 13 0 4 0.00 M M 10.0 16 160 M M 5 1 20 180
21 77 60 69 14 0 4 0.00 M M 5.4 13 160 M M 8 1 16 99
22 75 50 63 8 2 0 0.02 M M 9.4 16 10 M M 10 22 10
23 59 48 54 0 11 0 0.00 M M 8.6 16 150 M M 10 M M
24 78 59 69 15 0 4 0.01 M M 13.9 25 180 M M 7 31 160
25 66 44 55 1 10 0 0.00 M M 5.8 12 300 M M 1 M M
26 77 39 58 5 7 0 0.00 M M 6.1 14 180 M M 1 M M
27 64 56 60 7 5 0 0.01 M M 8.8 20 350 M M 9 1 24 350
28 60 47 54 1 11 0 0.39 M M 8.8 15 70 M M 10 1 M M
29 53 43 48 -4 17 0 0.04 M M 12.9 18 330 M M 7 29 310
30 53 30 42 -10 23 0 0.00 M M 12.2 24 340 M M 0 8 35 350
================================================================================
SM 2201 1446 162 44 0.47 M 250.7 M 108
================================================================================
AV 73.4 48.2 8.4 FASTST M M 4 MAX(MPH)
MISC ----> 25 180 38 350
================================================================================
NOTES:
# LAST OF SEVERAL OCCURRENCES
COLUMN 17 PEAK WIND IN M.P.H.
PRELIMINARY LOCAL CLIMATOLOGICAL DATA (WS FORM: F-6) , PAGE 2
STATION: TEMPLE
MONTH: NOVEMBER
YEAR: 2020
LATITUDE: 31 8 N
LONGITUDE: 97 25 W
[TEMPERATURE DATA] [PRECIPITATION DATA] SYMBOLS USED IN COLUMN 16
AVERAGE MONTHLY: 60.8 TOTAL FOR MONTH: 0.47 1 = FOG OR MIST
DPTR FM NORMAL: 3.6 DPTR FM NORMAL: -2.21 2 = FOG REDUCING VISIBILITY
HIGHEST: 83 ON 14,12 GRTST 24HR 0.39 ON 28-28 TO 1/4 MILE OR LESS
LOWEST: 30 ON 30,16 3 = THUNDER
SNOW, ICE PELLETS, HAIL 4 = ICE PELLETS
TOTAL MONTH: M 5 = HAIL
GRTST 24HR M ON M 6 = FREEZING RAIN OR DRIZZLE
GRTST DEPTH: M ON M 7 = DUSTSTORM OR SANDSTORM:
VSBY 1/2 MILE OR LESS
8 = SMOKE OR HAZE
[NO. OF DAYS WITH] [WEATHER - DAYS WITH] 9 = BLOWING SNOW
X = TORNADO
MAX 32 OR BELOW: 0 0.01 INCH OR MORE: 5
MAX 90 OR ABOVE: 0 0.10 INCH OR MORE: 1
MIN 32 OR BELOW: 2 0.50 INCH OR MORE: 0
MIN 0 OR BELOW: 0 1.00 INCH OR MORE: 0
[HDD (BASE 65) ]
TOTAL THIS MO. 162 CLEAR (SCALE 0-3) 15
DPTR FM NORMAL -101 PTCLDY (SCALE 4-7) 11
TOTAL FM JUL 1 275 CLOUDY (SCALE 8-10) 4
DPTR FM NORMAL -64
[CDD (BASE 65) ]
TOTAL THIS MO. 44
DPTR FM NORMAL 15 [PRESSURE DATA]
TOTAL FM JAN 1 2817 HIGHEST SLP M ON M
DPTR FM NORMAL 320 LOWEST SLP M ON M
[REMARKS]
#FINAL-11-20#