000
CXUS54 KMRX 012230
CLMTRI
CLIMATE REPORT
NATIONAL WEATHER SERVICE MORRISTOWN, TN
630 PM EDT FRI SEP 01 2023
...................................
...THE TRI-CITIES AIRPORT CLIMATE SUMMARY FOR THE MONTH OF AUGUST 2023...
CLIMATE NORMAL PERIOD: 1991 TO 2020
CLIMATE RECORD PERIOD: 1937 TO 2023
WEATHER OBSERVED NORMAL DEPART
VALUE DATE(S) VALUE FROM
NORMAL
................................................
TEMPERATURE (F)
HIGHEST 91 08/24
08/25
08/27
LOWEST 56 08/19
AVG. MAXIMUM 84.8 85.8 -1.0
AVG. MINIMUM 64.8 63.2 1.6
MEAN 74.8 74.5 0.3
DAYS MAX >= 90 6
DAYS MAX <= 32 0
DAYS MIN <= 32 0
DAYS MIN <= 0 0
PRECIPITATION (INCHES)
RECORD
MAXIMUM 11.34 2003
MINIMUM 0.37 2007
TOTALS 6.05 3.76 2.29
DAYS >= .01 13
DAYS >= .10 8
DAYS >= .50 4
DAYS >= 1.00 2
GREATEST
24 HR. TOTAL 2.33 08/03 TO 08/03
SNOWFALL (INCHES)
TOTALS 0.0 0.0 0.0
SINCE 7/1 0.0
SNOWDEPTH AVG. 0
DAYS >= TRACE 0
GREATEST
SNOW DEPTH 0
DEGREE DAYS
HEATING TOTAL 0 1 -1
SINCE 7/1 0 0 0
COOLING TOTAL 309 295 14
SINCE 1/1 877 942 -65
................................................
WEATHER CONDITIONS. NUMBER OF DAYS WITH
THUNDERSTORM 12 RAIN 7
SNOW 0 FOG 29
FOG W/VIS <= 1/4 MILE 9
- INDICATES NEGATIVE NUMBERS.
R INDICATES RECORD WAS SET OR TIED.
MM INDICATES DATA IS MISSING.
T INDICATES TRACE AMOUNT.
$$