000
CXUS54 KFWD 010731
CF6TRL
PRELIMINARY LOCAL CLIMATOLOGICAL DATA (WS FORM: F-6)
STATION: TERRELL
MONTH: MAY
YEAR: 2021
LATITUDE: 32 42 N
LONGITUDE: 96 16 W
TEMPERATURE IN F: :PCPN: SNOW: WIND :SUNSHINE: SKY :PK WND
================================================================================
1 2 3 4 5 6A 6B 7 8 9 10 11 12 13 14 15 16 17 18
12Z AVG MX 2MIN
DY MAX MIN AVG DEP HDD CDD WTR SNW DPTH SPD SPD DIR MIN PSBL S-S WX SPD DR
================================================================================
1 72 61 67 -2 0 2 0.05 M M 5.8 14 50 M M 7 1 20 50
2 79 64 72 3 0 7 0.13 M M 7.7 16 170 M M 6 1 23 230
3 88 62 75 5 0 10 0.81 M M 13.3 28 220 M M 5 13 38 230
4 72 54 63 -7 2 0 T M M 10.0 20 320 M M 4 3 27 310
5 74 49 62 -8 3 0 0.00 M M 5.9 15 40 M M 0 23 30
6 81 54 68 -3 0 3 0.00 M M 3.6 13 10 M M 0 18 310
7 83 54 69 -2 0 4 0.00 M M 8.1 18 160 M M 0 25 170
8 85 61 73 2 0 8 0.00 M M 16.2 28 190 M M 4 47 180
9 85 64 75 3 0 10 T M M 11.5 23 180 M M 8 3 35 180
10 64 55 60 -12 5 0 2.60 M M 9.0 17 60 M M 10 13 27 50
11 64 56 60 -12 5 0 1.11 M M 8.8 21 100 M M 10 13 31 360
12 62 55 59 -14 6 0 T M M 8.3 14 20 M M 10 1 22 20
13 74 58 66 -7 0 1 0.00 M M 6.1 13 20 M M 5 18 50
14 76 58 67 -6 0 2 0.00 M M 6.4 15 170 M M 6 8 20 170
15 81 59 70 -4 0 5 0.00 M M 7.6 20 160 M M 1 28 160
16 72 66 69 -5 0 4 0.49 M M 8.3 16 170 M M 7 13 23 160
17 80 66 73 -1 0 8 0.91 M M 8.0 18 170 M M 4 13 26 170
18 76 63 70 -5 0 5 0.77 M M 8.3 30 100 M M 5 13 42 100
19 78 63 71 -4 0 6 T M M 6.0 24 80 M M 3 41 90
20 76 65 71 -4 0 6 0.21 M M 5.8 12 180 M M 7 1 14 190
21 83 68 76 0 0 11 T M M 9.0 20 130 M M 6 28 110
22 78 68 73 -3 0 8 0.16 M M 9.3 16 130 M M 10 1 23 140
23 79 68 74 -2 0 9 T M M 4.9 14 150 M M 6 1 19 160
24 80 68 74 -3 0 9 0.24 M M 8.2 20 140 M M 8 138 27 130
25 77 67 72 -5 0 7 0.34 M M 9.7 23 270 M M 7 13 33 280
26 87 71 79 2 0 14 0.00 M M 9.2 16 150 M M 6 1 22 170
27 86 73 80 3 0 15 0.00 M M 9.4 21 180 M M 5 28 190
28 78 64 71 -7 0 6 0.91 M M 4.6 29 10 M M 7 13 44 360
29 83 66 75 -3 0 10 0.00 M M 7.9 15 40 M M 3 20 20
30 75 60 68 -10 0 3 0.00 M M 8.1 16 80 M M 7 23 90
31 81 63 72 -6 0 7 0.64 M M 7.6 18 320 M M 8 13 28 340
================================================================================
SM 2409 1923 21 180 9.37 M 252.6 M 175
================================================================================
AV 77.7 62.0 8.1 FASTST M M 6 MAX(MPH)
MISC ----> 30 100 47 180
================================================================================
NOTES:
# LAST OF SEVERAL OCCURRENCES
COLUMN 17 PEAK WIND IN M.P.H.
PRELIMINARY LOCAL CLIMATOLOGICAL DATA (WS FORM: F-6) , PAGE 2
STATION: TERRELL
MONTH: MAY
YEAR: 2021
LATITUDE: 32 42 N
LONGITUDE: 96 16 W
[TEMPERATURE DATA] [PRECIPITATION DATA] SYMBOLS USED IN COLUMN 16
AVERAGE MONTHLY: 69.9 TOTAL FOR MONTH: 9.37 1 = FOG OR MIST
DPTR FM NORMAL: -4.0 DPTR FM NORMAL: 4.65 2 = FOG REDUCING VISIBILITY
HIGHEST: 88 ON 3 GRTST 24HR 3.71 ON 10-11 TO 1/4 MILE OR LESS
LOWEST: 49 ON 5 3 = THUNDER
SNOW, ICE PELLETS, HAIL 4 = ICE PELLETS
TOTAL MONTH: M 5 = HAIL
GRTST 24HR M ON M 6 = FREEZING RAIN OR DRIZZLE
GRTST DEPTH: M ON M 7 = DUSTSTORM OR SANDSTORM:
VSBY 1/2 MILE OR LESS
8 = SMOKE OR HAZE
[NO. OF DAYS WITH] [WEATHER - DAYS WITH] 9 = BLOWING SNOW
X = TORNADO
MAX 32 OR BELOW: 0 0.01 INCH OR MORE: 14
MAX 90 OR ABOVE: 0 0.10 INCH OR MORE: 13
MIN 32 OR BELOW: 0 0.50 INCH OR MORE: 7
MIN 0 OR BELOW: 0 1.00 INCH OR MORE: 2
[HDD (BASE 65) ]
TOTAL THIS MO. 21 CLEAR (SCALE 0-3) 5
DPTR FM NORMAL 11 PTCLDY (SCALE 4-7) 21
TOTAL FM JUL 1 2513 CLOUDY (SCALE 8-10) 5
DPTR FM NORMAL 304
[CDD (BASE 65) ]
TOTAL THIS MO. 180
DPTR FM NORMAL -106 [PRESSURE DATA]
TOTAL FM JAN 1 261 HIGHEST SLP M ON M
DPTR FM NORMAL -160 LOWEST SLP 29.47 ON 3
[REMARKS]
#FINAL-05-21#