000
CXUS56 KSGX 011045
CF6TRM
PRELIMINARY LOCAL CLIMATOLOGICAL DATA (WS FORM: F-6)
STATION: THERMAL AIRPORT CA
MONTH: APRIL
YEAR: 2021
LATITUDE: 33 37 N
LONGITUDE: 116 10 W
TEMPERATURE IN F: :PCPN: SNOW: WIND :SUNSHINE: SKY :PK WND
================================================================================
1 2 3 4 5 6A 6B 7 8 9 10 11 12 13 14 15 16 17 18
12Z AVG MX 2MIN
DY MAX MIN AVG DEP HDD CDD WTR SNW DPTH SPD SPD DIR MIN PSBL S-S WX SPD DR
================================================================================
1 94 45 70 3 0 5 0.00 M M 4.5 10 310 M M 0 15 160
2 99 63 81 14 0 16 0.00 M M 8.7 21 340 M M 0 27 340
3 102 65 84 17 0 19 0.00 M M 9.6 24 340 M M 0 30 330
4 101 67 84 16 0 19 0.00 M M 9.2 23 340 M M 0 29 340
5 98 72 85 17 0 20 0.00 M M 13.8 23 350 M M 0 8 31 340
6 95 65 80 12 0 15 0.00 M M 10.2 24 330 M M 0 30 340
7 98 59 79 11 0 14 0.00 M M 7.3 22 340 M M 0 8 29 340
8 98 60 79 11 0 14 0.00 M M 11.5 26 330 M M 0 34 320
9 99 69 84 16 0 19 0.00 M M 8.7 29 330 M M 0 36 340
10 99 62 81 12 0 16 0.00 M M 6.6 23 330 M M 0 29 330
11 94 56 75 6 0 10 0.00 M M 7.0 20 340 M M 0 25 340
12 90 55 73 4 0 8 0.00 M M 7.2 21 330 M M 0 26 330
13 85 64 75 5 0 10 0.00 M M 15.3 31 340 M M 0 8 39 330
14 83 62 73 3 0 8 0.00 M M 15.0 25 330 M M 0 36 330
15 87 56 72 2 0 7 0.00 M M 10.7 25 330 M M 0 33 310
16 91 59 75 5 0 10 0.00 M M 9.7 20 330 M M 0 25 310
17 91 52 72 2 0 7 0.00 M M 7.5 17 360 M M 0 21 360
18 91 54 73 2 0 8 0.00 M M 10.5 25 350 M M 0 33 350
19 96 46 71 0 0 6 0.00 M M 7.4 17 140 M M 0 21 150
20 95 50 73 2 0 8 0.00 M M 8.0 24 290 M M 0 8 31 280
21 83 62 73 1 0 8 0.00 M M 19.0 29 340 M M 0 37 340
22 85 63 74 2 0 9 0.00 M M 15.5 31 340 M M 0 41 320
23 87 64 76 4 0 11 0.00 M M 11.4 21 330 M M 0 27 310
24 90 61 76 4 0 11 0.00 M M 8.5 23 350 M M 0 30 330
25 90 63 77 4 0 12 0.00 M M 11.2 25 280 M M 0 8 33 290
26 76 60 68 -5 0 3 0.00 M M 12.7 32 300 M M 2 8 43 320
27 80 58 69 -4 0 4 0.00 M M 10.9 22 340 M M 1 26 340
28 95 60 78 4 0 13 0.00 M M 11.5 22 330 M M 0 28 330
29 101 56 79 5 0 14 0.00 M M 6.9 14 280 M M 0 19 280
30 108 58 83 9 0 18 0.00 M M 6.9 18 340 M M 0 23 340
================================================================================
SM 2781 1786 0 342 0.00 M 302.9 M 3
================================================================================
AV 92.7 59.5 10.1 FASTST M M 0 MAX(MPH)
MISC ----> 32 300 43 320
================================================================================
NOTES:
# LAST OF SEVERAL OCCURRENCES
COLUMN 17 PEAK WIND IN M.P.H.
PRELIMINARY LOCAL CLIMATOLOGICAL DATA (WS FORM: F-6) , PAGE 2
STATION: THERMAL AIRPORT CA
MONTH: APRIL
YEAR: 2021
LATITUDE: 33 37 N
LONGITUDE: 116 10 W
[TEMPERATURE DATA] [PRECIPITATION DATA] SYMBOLS USED IN COLUMN 16
AVERAGE MONTHLY: 76.1 TOTAL FOR MONTH: 0.00 1 = FOG OR MIST
DPTR FM NORMAL: 5.8 DPTR FM NORMAL: -0.06 2 = FOG REDUCING VISIBILITY
HIGHEST: 108 ON 30 GRTST 24HR T ON 2- 2 TO 1/4 MILE OR LESS
LOWEST: 45 ON 1 3 = THUNDER
SNOW, ICE PELLETS, HAIL 4 = ICE PELLETS
TOTAL MONTH: M 5 = HAIL
GRTST 24HR M ON M 6 = FREEZING RAIN OR DRIZZLE
GRTST DEPTH: M ON M 7 = DUSTSTORM OR SANDSTORM:
VSBY 1/2 MILE OR LESS
8 = SMOKE OR HAZE
[NO. OF DAYS WITH] [WEATHER - DAYS WITH] 9 = BLOWING SNOW
X = TORNADO
MAX 32 OR BELOW: 0 0.01 INCH OR MORE: 0
MAX 90 OR ABOVE: 22 0.10 INCH OR MORE: 0
MIN 32 OR BELOW: 0 0.50 INCH OR MORE: 0
MIN 0 OR BELOW: 0 1.00 INCH OR MORE: 0
[HDD (BASE 65) ]
TOTAL THIS MO. 0 CLEAR (SCALE 0-3) 30
DPTR FM NORMAL -23 PTCLDY (SCALE 4-7) 0
TOTAL FM JUL 1 1033 CLOUDY (SCALE 8-10) 0
DPTR FM NORMAL -143
[CDD (BASE 65) ]
TOTAL THIS MO. 342
DPTR FM NORMAL 160 [PRESSURE DATA]
TOTAL FM JAN 1 399 HIGHEST SLP 30.12 ON 29
DPTR FM NORMAL 143 LOWEST SLP 29.55 ON 11
[REMARKS]
#FINAL-04-21#