000
CXUS56 KPQR 011155
CF6TTD
PRELIMINARY LOCAL CLIMATOLOGICAL DATA (WS FORM: F-6)
STATION: TROUTDALE OR
MONTH: JULY
YEAR: 2021
LATITUDE: 45 33 N
LONGITUDE: 122 25 W
TEMPERATURE IN F: :PCPN: SNOW: WIND :SUNSHINE: SKY :PK WND
================================================================================
1 2 3 4 5 6A 6B 7 8 9 10 11 12 13 14 15 16 17 18
12Z AVG MX 2MIN
DY MAX MIN AVG DEP HDD CDD WTR SNW DPTH SPD SPD DIR MIN PSBL S-S WX SPD DR
================================================================================
1 74 63 69 3 0 4 0.00 M M 2.7 8 180 M M 10 11 310
2 86 64 75 8 0 10 0.00 M M 2.4 9 310 M M 6 14 330
3 88 60 74 7 0 9 0.00 M M 3.5 10 320 M M 4 17 330
4 87 60 74 7 0 9 0.00 M M 3.6 12 320 M M 2 16 330
5 87 59 73 6 0 8 0.00 M M 3.7 9 310 M M 2 13 310
6 90 59 75 7 0 10 0.00 M M 4.5 13 210 M M 3 15 280
7 75 60 68 0 0 3 T M M 5.4 14 210 M M 6 17 220
8 80 57 69 1 0 4 0.00 M M 3.6 12 250 M M 4 15 250
9 90 53 72 4 0 7 0.00 M M 3.5 10 260 M M 1 15 240
10 89 61 75 7 0 10 0.00 M M 4.9 13 320 M M 1 18 310
11 87 58 73 4 0 8 0.00 M M 3.1 10 310 M M 3 15 320
12 87 58 73 4 0 8 0.00 M M 5.1 12 320 M M 2 25 220
13 86 58 72 3 0 7 0.00 M M 3.3 9 310 M M 4 13 310
14 84 58 71 2 0 6 0.00 M M 4.6 12 310 M M 3 21 310
15 81 59 70 1 0 5 0.00 M M 5.4 14 260 M M 5 18 260
16 79 59 69 -1 0 4 0.00 M M 3.8 8 320 M M 4 14 320
17 84 61 73 3 0 8 0.00 M M 4.8 12 260 M M 2 17 310
18 89 55 72 2 0 7 0.00 M M 3.9 12 260 M M 0 16 260
19 89 58 74 4 0 9 0.00 M M 4.4 13 250 M M 0 18 320
20 80 61 71 1 0 6 0.00 M M 5.0 12 310 M M 4 20 320
21 76 53 65 -5 0 0 0.00 M M 4.3 10 320 M M 3 17 300
22 83 51 67 -3 0 2 0.00 M M 3.4 10 320 M M 1 17 310
23 87 53 70 0 0 5 0.00 M M 3.2 12 250 M M 0 14 260
24 92 57 75 5 0 10 0.00 M M 3.5 10 320 M M 0 17 320
25 91 60 76 6 0 11 0.00 M M 4.1 13 320 M M 0 18 330
26 90 59 75 4 0 10 0.00 M M 4.5 10 320 M M 0 17 280
27 89 61 75 4 0 10 0.00 M M 3.3 8 270 M M 1 12 250
28 95 58 77 6 0 12 0.00 M M 2.8 10 260 M M 0 15 270
29 100 60 80 9 0 15 0.00 M M 3.8 12 240 M M 0 16 240
30 90 65 78 7 0 13 0.00 M M 3.3 12 160 M M 0 15 170
31 83 70 77 6 0 12 T M M 2.5 8 130 M M 0 10 140
================================================================================
SM 2668 1828 0 242 T M 119.9 M 71
================================================================================
AV 86.1 59.0 3.9 FASTST M M 2 MAX(MPH)
MISC ----> # 14 210 25 220
================================================================================
NOTES:
# LAST OF SEVERAL OCCURRENCES
COLUMN 17 PEAK WIND IN M.P.H.
PRELIMINARY LOCAL CLIMATOLOGICAL DATA (WS FORM: F-6) , PAGE 2
STATION: TROUTDALE OR
MONTH: JULY
YEAR: 2021
LATITUDE: 45 33 N
LONGITUDE: 122 25 W
[TEMPERATURE DATA] [PRECIPITATION DATA] SYMBOLS USED IN COLUMN 16
AVERAGE MONTHLY: 72.5 TOTAL FOR MONTH: T 1 = FOG OR MIST
DPTR FM NORMAL: 3.3 DPTR FM NORMAL: -0.55 2 = FOG REDUCING VISIBILITY
HIGHEST: 100 ON 29 GRTST 24HR T ON 7- 7 TO 1/4 MILE OR LESS
LOWEST: 51 ON 22 3 = THUNDER
SNOW, ICE PELLETS, HAIL 4 = ICE PELLETS
TOTAL MONTH: M 5 = HAIL
GRTST 24HR M ON M 6 = FREEZING RAIN OR DRIZZLE
GRTST DEPTH: M ON M 7 = DUSTSTORM OR SANDSTORM:
VSBY 1/2 MILE OR LESS
8 = SMOKE OR HAZE
[NO. OF DAYS WITH] [WEATHER - DAYS WITH] 9 = BLOWING SNOW
X = TORNADO
MAX 32 OR BELOW: 0 0.01 INCH OR MORE: 0
MAX 90 OR ABOVE: 8 0.10 INCH OR MORE: 0
MIN 32 OR BELOW: 0 0.50 INCH OR MORE: 0
MIN 0 OR BELOW: 0 1.00 INCH OR MORE: 0
[HDD (BASE 65) ]
TOTAL THIS MO. 0 CLEAR (SCALE 0-3) 21
DPTR FM NORMAL -14 PTCLDY (SCALE 4-7) 9
TOTAL FM JUL 1 0 CLOUDY (SCALE 8-10) 1
DPTR FM NORMAL -9
[CDD (BASE 65) ]
TOTAL THIS MO. 242
DPTR FM NORMAL 98 [PRESSURE DATA]
TOTAL FM JAN 1 467 HIGHEST SLP 30.26 ON 23
DPTR FM NORMAL 255 LOWEST SLP 29.84 ON 6
[REMARKS]
#FINAL-07-21#