000
CXUS55 KTWC 011732
CF6TUS
PRELIMINARY LOCAL CLIMATOLOGICAL DATA (WS FORM: F-6)
STATION: TUCSON AZ
MONTH: MAY
YEAR: 2022
LATITUDE: 32 7 N
LONGITUDE: 110 56 W
TEMPERATURE IN F: :PCPN: SNOW: WIND :SUNSHINE: SKY :PK WND
================================================================================
1 2 3 4 5 6A 6B 7 8 9 10 11 12 13 14 15 16 17 18
12Z AVG MX 2MIN
DY MAX MIN AVG DEP HDD CDD WTR SNW DPTH SPD SPD DIR MIN PSBL S-S WX SPD DR
================================================================================
1 93 61 77 5 0 12 0.00 M M 10.7 23 240 M M 0 32 250
2 92 60 76 4 0 11 0.00 M M 6.4 18 260 M M 0 24 250
3 90 62 76 4 0 11 0.00 M M 9.1 22 210 M M 0 30 210
4 89 56 73 0 0 8 0.00 M M 7.0 18 340 M M 0 29 350
5 94 57 76 3 0 11 0.00 M M 6.7 14 310 M M 0 19 350
6 98 60 79 6 0 14 0.00 M M 6.6 15 290 M M 0 23 180
7 98 64 81 7 0 16 0.00 M M 9.0 22 220 M M 0 33 220
8 94 68 81 7 0 16 0.00 M M 13.1 28 250 M M 0 38 260
9 91 62 77 3 0 12 0.00 M M 9.5 22 260 M M 0 32 230
10 93 60 77 2 0 12 0.00 M M 7.2 18 250 M M 0 25 250
11 94 57 76 1 0 11 0.00 M M 8.2 21 240 M M 0 33 250
12 87 55 71 -4 0 6 0.00 M M 6.7 15 340 M M 0 21 280
13 95 50 73 -3 0 8 0.00 M M 6.3 15 340 M M 0 20 320
14 102 57 80 4 0 15 0.00 M M 6.0 15 340 M M 0 20 330
15 105 65 85 9 0 20 0.00 M M 6.9 21 270 M M 0 27 280
16 101 65 83 6 0 18 0.00 M M 5.2 17 250 M M 0 25 260
17 99 65 82 5 0 17 0.00 M M 7.6 21 250 M M 0 35 250
18 98 68 83 6 0 18 0.00 M M 8.3 17 270 M M 0 30 290
19 97 68 83 5 0 18 0.00 M M 7.7 21 270 M M 0 30 290
20 94 66 80 2 0 15 0.00 M M 13.9 25 240 M M 0 38 220
21 94 68 81 3 0 16 0.00 M M 8.7 22 170 M M 0 31 200
22 96 64 80 1 0 15 0.00 M M 5.9 17 280 M M 0 25 260
23 95 65 80 1 0 15 0.00 M M 8.8 21 290 M M M 34 240
24 94 64 79 -1 0 14 0.00 M M 7.4 20 330 M M M 28 320
25 99 64 82 2 0 17 0.00 M M 5.8 15 240 M M M 20 330
26 103 67 85 5 0 20 0.00 M M 6.8 18 280 M M M 28 270
27 104 71 88 7 0 23 0.00 M M 6.6 18 250 M M M 8 31 230
28 99 68 84 3 0 19 0.00 M M 11.1 21 250 M M M 34 220
29 94 69 82 1 0 17 0.00 M M 10.5 24 260 M M M 34 260
30 95 65 80 -2 0 15 0.00 M M 8.8 20 280 M M 0 27 270
31 98 62 80 -2 0 15 0.00 M M 6.9 16 270 M M 0 23 280
================================================================================
SM 2975 1953 0 455 0.00 M 249.4 M 0
================================================================================
AV 96.0 63.0 8.0 FASTST M M 0 MAX(MPH)
MISC ----> 28 250 # 38 260
================================================================================
NOTES:
# LAST OF SEVERAL OCCURRENCES
COLUMN 17 PEAK WIND IN M.P.H.
PRELIMINARY LOCAL CLIMATOLOGICAL DATA (WS FORM: F-6) , PAGE 2
STATION: TUCSON AZ
MONTH: MAY
YEAR: 2022
LATITUDE: 32 7 N
LONGITUDE: 110 56 W
[TEMPERATURE DATA] [PRECIPITATION DATA] SYMBOLS USED IN COLUMN 16
AVERAGE MONTHLY: 79.5 TOTAL FOR MONTH: 0.00 1 = FOG OR MIST
DPTR FM NORMAL: 2.7 DPTR FM NORMAL: -0.20 2 = FOG REDUCING VISIBILITY
HIGHEST: 105 ON 15 GRTST 24HR 0.00 ON 1- 1 TO 1/4 MILE OR LESS
LOWEST: 50 ON 13 3 = THUNDER
SNOW, ICE PELLETS, HAIL 4 = ICE PELLETS
TOTAL MONTH: M 5 = HAIL
GRTST 24HR M ON M 6 = FREEZING RAIN OR DRIZZLE
GRTST DEPTH: M ON M 7 = DUSTSTORM OR SANDSTORM:
VSBY 1/2 MILE OR LESS
8 = SMOKE OR HAZE
[NO. OF DAYS WITH] [WEATHER - DAYS WITH] 9 = BLOWING SNOW
X = TORNADO
MAX 32 OR BELOW: 0 0.01 INCH OR MORE: 0
MAX 90 OR ABOVE: 29 0.10 INCH OR MORE: 0
MIN 32 OR BELOW: 0 0.50 INCH OR MORE: 0
MIN 0 OR BELOW: 0 1.00 INCH OR MORE: 0
[HDD (BASE 65) ]
TOTAL THIS MO. 0 CLEAR (SCALE 0-3) 24
DPTR FM NORMAL -4 PTCLDY (SCALE 4-7) 0
TOTAL FM JUL 1 1044 CLOUDY (SCALE 8-10) 7
DPTR FM NORMAL -283
[CDD (BASE 65) ]
TOTAL THIS MO. 455
DPTR FM NORMAL 85 [PRESSURE DATA]
TOTAL FM JAN 1 718 HIGHEST SLP 30.05 ON 12
DPTR FM NORMAL 163 LOWEST SLP 29.50 ON 29
[REMARKS]
#FINAL-05-22#