000
CXUS53 KAPX 010730
CF6TVC
PRELIMINARY LOCAL CLIMATOLOGICAL DATA (WS FORM: F-6)
STATION: TRAVERSE CITY MI
MONTH: JUNE
YEAR: 2023
LATITUDE: 44 44 N
LONGITUDE: 85 34 W
TEMPERATURE IN F: :PCPN: SNOW: WIND :SUNSHINE: SKY :PK WND
================================================================================
1 2 3 4 5 6A 6B 7 8 9 10 11 12 13 14 15 16 17 18
12Z AVG MX 2MIN
DY MAX MIN AVG DEP HDD CDD WTR SNW DPTH SPD SPD DIR MIN PSBL S-S WX SPD DR
================================================================================
1 90 58 74 13 0 9 0.00 M M 3.5 13 20 M M 5 1 18 10
2 87 55 71 9 0 6 0.00 M M 2.9 10 20 M M 5 16 20
3 86 58 72 10 0 7 0.00 M M 4.4 14 80 M M 6 8 20 80
4 82 49 66 4 0 1 0.00 M M 3.7 14 30 M M 4 18 20 30
5 81 57 69 6 0 4 0.00 M M 5.0 14 30 M M 7 8 23 360
6 70 49 60 -3 5 0 0.00 M M 5.7 14 30 M M 5 1 22 20
7 70 46 58 -5 7 0 0.00 M M 6.8 18 10 M M 5 26 360
8 72 44 58 -6 7 0 0.00 M M 6.0 16 340 M M 1 26 20
9 77 45 61 -3 4 0 0.00 M M 3.7 14 30 M M 3 22 40
10 74 56 65 1 0 0 0.00 M M 6.1 15 40 M M 6 21 350
11 58 53 56 -8 9 0 0.37 M M 8.2 15 360 M M 10 1 25 350
12 63 52 58 -7 7 0 T M M 8.6 16 340 M M 9 22 360
13 61 52 57 -8 8 0 0.47 M M 5.5 18 260 M M 9 1 26 260
14 71 51 61 -4 4 0 0.00 M M 3.7 13 40 M M 8 1 18 30
15 57 52 55 -11 10 0 0.09 M M 6.4 13 310 M M 9 1 17 360
16 71 51 61 -5 4 0 0.00 M M 5.8 14 10 M M 6 20 10
17 75 43 59 -7 6 0 0.00 M M 2.8 9 20 M M 2 1 20 10
18 82 48 65 -1 0 0 0.00 M M 3.0 10 20 M M 4 20 30
19 83 54 69 2 0 4 0.00 M M 3.8 12 30 M M 6 19 360
20 91 53 72 5 0 7 0.00 M M 5.1 18 90 M M 1 26 80
21 88 62 75 8 0 10 0.00 M M 3.5 13 40 M M 1 20 20
22 86 58 72 4 0 7 0.00 M M 3.8 13 20 M M 2 8 20 20
23 84 63 74 6 0 9 0.00 M M 3.7 12 30 M M 6 8 18 10
24 88 58 73 5 0 8 0.00 M M 3.9 13 30 M M 3 19 60
25 84 64 74 6 0 9 2.29 M M 5.3 22 20 M M 7 138 31 20
26 75 60 68 0 0 3 T M M 6.7 17 310 M M 10 18 24 10
27 71 55 63 -5 2 0 0.01 M M 8.2 16 340 M M 8 18 25 350
28 75 52 64 -5 1 0 0.00 M M 3.1 9 30 M M 5 1 16 10
29 84 61 73 4 0 8 0.04 M M 5.3 15 170 M M 8 138 26 180
30 89 63 76 7 0 11 0.00 M M 6.0 22 280 M M 5 12 29 290
================================================================================
SM 2325 1622 74 103 3.27 M 150.2 M 166
================================================================================
AV 77.5 54.1 5.0 FASTST M M 6 MAX(MPH)
MISC ----> # 22 20 31 20
================================================================================
NOTES:
# LAST OF SEVERAL OCCURRENCES
COLUMN 17 PEAK WIND IN M.P.H.
PRELIMINARY LOCAL CLIMATOLOGICAL DATA (WS FORM: F-6) , PAGE 2
STATION: TRAVERSE CITY MI
MONTH: JUNE
YEAR: 2023
LATITUDE: 44 44 N
LONGITUDE: 85 34 W
[TEMPERATURE DATA] [PRECIPITATION DATA] SYMBOLS USED IN COLUMN 16
AVERAGE MONTHLY: 65.8 TOTAL FOR MONTH: 3.27 1 = FOG OR MIST
DPTR FM NORMAL: 0.2 DPTR FM NORMAL: 0.70 2 = FOG REDUCING VISIBILITY
HIGHEST: 91 ON 20 GRTST 24HR 2.29 ON 25-25 TO 1/4 MILE OR LESS
LOWEST: 43 ON 17 3 = THUNDER
SNOW, ICE PELLETS, HAIL 4 = ICE PELLETS
TOTAL MONTH: M 5 = HAIL
GRTST 24HR M ON M 6 = FREEZING RAIN OR DRIZZLE
GRTST DEPTH: M ON M 7 = DUSTSTORM OR SANDSTORM:
VSBY 1/2 MILE OR LESS
8 = SMOKE OR HAZE
[NO. OF DAYS WITH] [WEATHER - DAYS WITH] 9 = BLOWING SNOW
X = TORNADO
MAX 32 OR BELOW: 0 0.01 INCH OR MORE: 6
MAX 90 OR ABOVE: 2 0.10 INCH OR MORE: 3
MIN 32 OR BELOW: 0 0.50 INCH OR MORE: 1
MIN 0 OR BELOW: 0 1.00 INCH OR MORE: 1
[HDD (BASE 65) ]
TOTAL THIS MO. 74 CLEAR (SCALE 0-3) 6
DPTR FM NORMAL -9 PTCLDY (SCALE 4-7) 18
TOTAL FM JUL 1 6201 CLOUDY (SCALE 8-10) 6
DPTR FM NORMAL -903
[CDD (BASE 65) ]
TOTAL THIS MO. 103
DPTR FM NORMAL 2 [PRESSURE DATA]
TOTAL FM JAN 1 145 HIGHEST SLP 30.20 ON 21
DPTR FM NORMAL 14 LOWEST SLP 29.45 ON 26
[REMARKS]
#FINAL-06-23#