000
CXUS54 KJAN 011410
CF6TVR
PRELIMINARY LOCAL CLIMATOLOGICAL DATA (WS FORM: F-6)
STATION: VICKSBURG
MONTH: MARCH
YEAR: 2021
LATITUDE: 32 20 N
LONGITUDE: 91 2 W
TEMPERATURE IN F: :PCPN: SNOW: WIND :SUNSHINE: SKY :PK WND
================================================================================
1 2 3 4 5 6A 6B 7 8 9 10 11 12 13 14 15 16 17 18
12Z AVG MX 2MIN
DY MAX MIN AVG DEP HDD CDD WTR SNW DPTH SPD SPD DIR MIN PSBL S-S WX SPD DR
================================================================================
1 75 47 61 7 4 0 0.12 0.0 0 10.5 21 360 M M 8 1 27 360
2 49 36 43 -11 22 0 0.40 0.0 0 8.5 16 10 M M 8 1 25 10
3 63 33 48 -6 17 0 0.00 0.0 0 2.6 12 10 M M 0 1 16 360
4 73 35 54 0 11 0 0.00 0.0 0 1.1 7 10 M M 0 1 12 330
5 67 46 57 2 8 0 0.05 0.0 0 4.7 13 10 M M 3 16 20
6 62 45 54 -1 11 0 T 0.0 0 10.8 21 10 M M 2 29 10
7 68 37 53 -2 12 0 0.00 0.0 0 4.2 13 40 M M 0 18 30
8 75 35 55 0 10 0 0.00 0.0 0 3.0 13 150 M M 0 128 19 150
9 76 40 58 2 7 0 0.00 0.0 0 8.2 18 160 M M 0 26 170
10 81 57 69 13 0 4 0.00 0.0 0 13.3 22 160 M M 1 30 160
11 84 62 73 17 0 8 0.00 0.0 0 9.4 20 170 M M 1 30 160
12 85 63 74 18 0 9 0.00 0.0 0 6.7 16 170 M M 3 22 180
13 83 58 71 14 0 6 0.00 0.0 0 4.6 14 170 M M 1 12 18 160
14 84 57 71 14 0 6 T 0.0 0 9.6 21 160 M M 3 29 180
15 82 61 72 15 0 7 0.44 0.0 0 6.4 16 170 M M 3 13 24 330
16 84 66 75 18 0 10 0.14 0.0 0 3.8 13 120 M M 6 138 17 130
17 86 63 75 17 0 10 0.37 0.0 0 10.5 21 170 M M M 13 31 230
18 63 52 58 0 7 0 0.00 0.0 0 9.8 20 300 M M 8 33 300
19 54 49 52 -6 13 0 0.01 0.0 0 8.6 16 20 M M 10 21 360
20 66 45 56 -2 9 0 0.00 0.0 0 5.5 14 360 M M 5 19 10
21 72 41 57 -1 8 0 0.00 0.0 0 3.9 9 60 M M 0 128 17 50
22 75 47 61 2 4 0 T 0.0 0 8.3 21 140 M M 2 29 140
23 76 60 68 9 0 3 0.31 0.0 0 10.4 20 150 M M 5 13 27 150
24 78 62 70 11 0 5 0.18 0.0 0 7.2 18 150 M M 7 13 25 150
25 86 63 75 16 0 10 0.18 0.0 0 6.2 14 140 M M 5 138 25 280
26 83 53 68 8 0 3 0.00 0.0 0 5.4 13 140 M M 1 18 140
27 87 68 78 18 0 13 0.00 0.0 0 9.5 17 180 M M 4 1 28 180
28 77 49 63 3 2 0 0.86 0.0 0 9.0 22 10 M M 3 13 30 180
29 74 42 58 -2 7 0 0.00 0.0 0 5.2 13 90 M M 0 21 100
30 81 51 66 5 0 1 0.22 0.0 0 7.7 16 180 M M 6 1 25 180
31 72 49 61 0 4 0 0.88 0.0 0 13.2 31 10 M M 5 13 45 360
================================================================================
SM 2321 1572 156 95 4.16 0.0 227.8 M 100
================================================================================
AV 74.9 50.7 7.3 FASTST M M 3 MAX(MPH)
MISC ----> 31 10 45 360
================================================================================
NOTES:
# LAST OF SEVERAL OCCURRENCES
COLUMN 17 PEAK WIND IN M.P.H.
PRELIMINARY LOCAL CLIMATOLOGICAL DATA (WS FORM: F-6) , PAGE 2
STATION: VICKSBURG
MONTH: MARCH
YEAR: 2021
LATITUDE: 32 20 N
LONGITUDE: 91 2 W
[TEMPERATURE DATA] [PRECIPITATION DATA] SYMBOLS USED IN COLUMN 16
AVERAGE MONTHLY: 62.8 TOTAL FOR MONTH: 4.16 1 = FOG OR MIST
DPTR FM NORMAL: 5.6 DPTR FM NORMAL: -0.87 2 = FOG REDUCING VISIBILITY
HIGHEST: 87 ON 27 GRTST 24HR 1.10 ON 30-31 TO 1/4 MILE OR LESS
LOWEST: 33 ON 3 3 = THUNDER
SNOW, ICE PELLETS, HAIL 4 = ICE PELLETS
TOTAL MONTH: 0.0 INCH 5 = HAIL
GRTST 24HR 0.0 6 = FREEZING RAIN OR DRIZZLE
GRTST DEPTH: 0 7 = DUSTSTORM OR SANDSTORM:
VSBY 1/2 MILE OR LESS
8 = SMOKE OR HAZE
[NO. OF DAYS WITH] [WEATHER - DAYS WITH] 9 = BLOWING SNOW
X = TORNADO
MAX 32 OR BELOW: 0 0.01 INCH OR MORE: 13
MAX 90 OR ABOVE: 0 0.10 INCH OR MORE: 11
MIN 32 OR BELOW: 0 0.50 INCH OR MORE: 2
MIN 0 OR BELOW: 0 1.00 INCH OR MORE: 0
[HDD (BASE 65) ]
TOTAL THIS MO. 156 CLEAR (SCALE 0-3) 16
DPTR FM NORMAL -109 PTCLDY (SCALE 4-7) 12
TOTAL FM JUL 1 1791 CLOUDY (SCALE 8-10) 3
DPTR FM NORMAL -450
[CDD (BASE 65) ]
TOTAL THIS MO. 95
DPTR FM NORMAL 72 [PRESSURE DATA]
TOTAL FM JAN 1 119 HIGHEST SLP 30.57 ON 8
DPTR FM NORMAL 87 LOWEST SLP 29.58 ON 17
[REMARKS]
#FINAL-03-21#