000
CXUS55 KBOI 011002
CF6TWF
PRELIMINARY LOCAL CLIMATOLOGICAL DATA (WS FORM: F-6)
STATION: TWIN FALLS ID
MONTH: MARCH
YEAR: 2022
LATITUDE: 42 28 N
LONGITUDE: 114 29 W
TEMPERATURE IN F: :PCPN: SNOW: WIND :SUNSHINE: SKY :PK WND
================================================================================
1 2 3 4 5 6A 6B 7 8 9 10 11 12 13 14 15 16 17 18
12Z AVG MX 2MIN
DY MAX MIN AVG DEP HDD CDD WTR SNW DPTH SPD SPD DIR MIN PSBL S-S WX SPD DR
================================================================================
1 58 33 46 9 19 0 0.00 M M 5.4 16 190 M M 1 21 200
2 60 32 46 9 19 0 0.00 M M 7.3 17 190 M M 0 23 210
3 61 32 47 9 18 0 0.00 M M 7.4 17 230 M M 0 26 240
4 43 33 38 0 27 0 0.00 M M 12.0 21 250 M M 5 27 240
5 35 28 32 -6 33 0 0.03 M M 8.1 15 210 M M 10 18 20 200
6 37 21 29 -10 36 0 0.03 M M 6.9 16 290 M M 9 128 22 280
7 41 22 32 -7 33 0 T M M 13.0 23 280 M M 5 31 280
8 43 32 38 -1 27 0 0.02 M M 16.8 25 280 M M 7 1 34 270
9 33 11 22 -18 43 0 0.03 M M 12.1 25 90 M M 9 12 37 270
10 29 9 19 -21 46 0 0.00 M M 11.5 20 240 M M 4 25 240
11 46 22 34 -6 31 0 0.00 M M 11.6 17 280 M M 7 8 22 280
12 60 34 47 7 18 0 0.00 M M 12.8 23 180 M M 0 32 200
13 50 31 41 0 24 0 0.01 M M 16.6 33 280 M M 6 1 47 260
14 54 32 43 2 22 0 0.00 M M 9.0 18 210 M M 0 8 24 200
15 51 36 44 3 21 0 0.17 M M 11.4 25 210 M M 6 1 32 210
16 45 32 39 -2 26 0 0.00 M M 17.5 32 280 M M 7 12 43 270
17 51 27 39 -3 26 0 0.00 M M 7.1 14 210 M M 0 27 160
18 57 36 47 5 18 0 0.00 M M 9.8 17 210 M M 2 8 22 210
19 60 40 50 8 15 0 0.03 M M 15.7 29 190 M M 4 18 40 180
20 42 29 36 -6 29 0 0.06 M M 27.9 41 280 M M 4 1 56 270
21 49 29 39 -3 26 0 0.00 M M 15.6 24 290 M M 2 31 340
22 56 33 45 3 20 0 0.00 M M 11.9 22 290 M M 0 27 300
23 67 37 52 9 13 0 0.00 M M 8.7 15 200 M M 0 8 20 200
24 65 42 54 11 11 0 0.00 M M 11.7 23 260 M M 1 31 240
25 73 37 55 12 10 0 0.00 M M 7.0 15 320 M M 0 19 350
26 70 46 58 15 7 0 0.00 M M 7.8 16 210 M M 0 21 220
27 71 37 54 11 11 0 0.00 M M 8.2 18 210 M M 0 8 25 210
28 62 43 53 10 12 0 0.00 M M 13.0 24 190 M M 1 34 190
29 61 41 51 8 14 0 T M M 16.8 29 290 M M 5 39 290
30 59 35 47 3 18 0 0.00 M M 15.0 24 310 M M 2 33 300
31 49 30 40 -4 25 0 0.00 M M 21.3 31 290 M M 0 8 43 280
================================================================================
SM 1638 982 698 0 0.38 M 376.9 M 97
================================================================================
AV 52.8 31.7 12.2 FASTST M M 3 MAX(MPH)
MISC ----> 41 280 56 270
================================================================================
NOTES:
# LAST OF SEVERAL OCCURRENCES
COLUMN 17 PEAK WIND IN M.P.H.
PRELIMINARY LOCAL CLIMATOLOGICAL DATA (WS FORM: F-6) , PAGE 2
STATION: TWIN FALLS ID
MONTH: MARCH
YEAR: 2022
LATITUDE: 42 28 N
LONGITUDE: 114 29 W
[TEMPERATURE DATA] [PRECIPITATION DATA] SYMBOLS USED IN COLUMN 16
AVERAGE MONTHLY: 42.3 TOTAL FOR MONTH: 0.38 1 = FOG OR MIST
DPTR FM NORMAL: 1.4 DPTR FM NORMAL: -0.60 2 = FOG REDUCING VISIBILITY
HIGHEST: 73 ON 25 GRTST 24HR 0.17 ON 15-15 TO 1/4 MILE OR LESS
LOWEST: 9 ON 10 3 = THUNDER
SNOW, ICE PELLETS, HAIL 4 = ICE PELLETS
TOTAL MONTH: M 5 = HAIL
GRTST 24HR M ON M 6 = FREEZING RAIN OR DRIZZLE
GRTST DEPTH: M ON M 7 = DUSTSTORM OR SANDSTORM:
VSBY 1/2 MILE OR LESS
8 = SMOKE OR HAZE
[NO. OF DAYS WITH] [WEATHER - DAYS WITH] 9 = BLOWING SNOW
X = TORNADO
MAX 32 OR BELOW: 1 0.01 INCH OR MORE: 8
MAX 90 OR ABOVE: 0 0.10 INCH OR MORE: 1
MIN 32 OR BELOW: 16 0.50 INCH OR MORE: 0
MIN 0 OR BELOW: 0 1.00 INCH OR MORE: 0
[HDD (BASE 65) ]
TOTAL THIS MO. 698 CLEAR (SCALE 0-3) 17
DPTR FM NORMAL -48 PTCLDY (SCALE 4-7) 11
TOTAL FM JUL 1 5273 CLOUDY (SCALE 8-10) 3
DPTR FM NORMAL -138
[CDD (BASE 65) ]
TOTAL THIS MO. 0
DPTR FM NORMAL 0 [PRESSURE DATA]
TOTAL FM JAN 1 0 HIGHEST SLP 30.42 ON 7
DPTR FM NORMAL 0 LOWEST SLP 29.44 ON 28
[REMARKS]
#FINAL-03-22#