000
CXUS55 KBOI 011002
CF6TWF
PRELIMINARY LOCAL CLIMATOLOGICAL DATA (WS FORM: F-6)
STATION: TWIN FALLS ID
MONTH: NOVEMBER
YEAR: 2020
LATITUDE: 42 28 N
LONGITUDE: 114 29 W
TEMPERATURE IN F: :PCPN: SNOW: WIND :SUNSHINE: SKY :PK WND
================================================================================
1 2 3 4 5 6A 6B 7 8 9 10 11 12 13 14 15 16 17 18
12Z AVG MX 2MIN
DY MAX MIN AVG DEP HDD CDD WTR SNW DPTH SPD SPD DIR MIN PSBL S-S WX SPD DR
================================================================================
1 65 23 44 0 21 0 0.00 M M 6.1 14 210 M M 0 8 17 220
2 70 27 49 5 16 0 0.00 M M 6.5 14 200 M M 0 8 17 210
3 72 32 52 9 13 0 0.00 M M 6.4 14 210 M M 0 16 210
4 69 40 55 12 10 0 0.00 M M 8.7 15 220 M M 0 8 21 220
5 72 44 58 16 7 0 0.00 M M 9.7 15 200 M M 0 20 190
6 71 46 59 17 6 0 0.00 M M 12.3 24 180 M M 0 8 30 180
7 47 31 39 -3 26 0 T M M 10.2 23 290 M M 5 1 30 270
8 33 22 28 -13 37 0 0.07 M M 9.4 20 280 M M 8 1 25 270
9 30 26 28 -13 37 0 T M M 10.8 17 270 M M 10 21 280
10 36 26 31 -9 34 0 0.01 M M 10.3 16 190 M M 9 128 25 190
11 37 23 30 -10 35 0 0.05 M M 14.2 26 300 M M 6 18 31 300
12 39 20 30 -9 35 0 0.00 M M 9.5 17 220 M M 0 21 220
13 46 20 33 -6 32 0 0.23 M M 18.3 37 250 M M 7 1 48 250
14 41 32 37 -1 28 0 T M M 16.1 30 280 M M 7 40 280
15 46 33 40 2 25 0 0.28 M M 6.8 23 240 M M 10 1 31 240
16 59 34 47 10 18 0 T M M 5.4 10 130 M M 3 13 130
17 63 30 47 10 18 0 0.00 M M 12.0 33 250 M M 0 45 270
18 49 38 44 8 21 0 0.13 M M 7.9 22 290 M M 7 1 29 290
19 47 31 39 3 26 0 0.01 M M 11.9 25 290 M M 7 32 280
20 41 23 32 -4 33 0 0.00 M M 7.2 10 60 M M 0 13 210
21 40 20 30 -5 35 0 0.00 M M 5.3 10 230 M M 0 1 M M
22 38 16 27 -8 38 0 0.00 M M 8.8 18 90 M M 0 21 90
23 38 24 31 -3 34 0 0.00 M M 8.5 15 280 M M 5 18 19 230
24 40 22 31 -3 34 0 0.00 M M 7.0 13 220 M M 2 8 17 220
25 41 24 33 0 32 0 0.01 M M 11.7 26 280 M M 5 18 33 280
26 37 25 31 -2 34 0 0.00 M M 14.6 23 290 M M 2 31 270
27 38 19 29 -3 36 0 0.00 M M 7.3 15 200 M M 0 19 190
28 39 14 27 -5 38 0 0.00 M M 5.8 12 90 M M 1 12 14 90
29 39 13 26 -6 39 0 0.00 M M 8.3 18 90 M M 0 21 90
30 48 15 32 1 33 0 T M M 11.1 24 260 M M 3 18 32 250
================================================================================
SM 1431 793 831 0 0.79 M 288.1 M 97
================================================================================
AV 47.7 26.4 9.6 FASTST M M 3 MAX(MPH)
MISC ----> 37 250 48 250
================================================================================
NOTES:
# LAST OF SEVERAL OCCURRENCES
COLUMN 17 PEAK WIND IN M.P.H.
PRELIMINARY LOCAL CLIMATOLOGICAL DATA (WS FORM: F-6) , PAGE 2
STATION: TWIN FALLS ID
MONTH: NOVEMBER
YEAR: 2020
LATITUDE: 42 28 N
LONGITUDE: 114 29 W
[TEMPERATURE DATA] [PRECIPITATION DATA] SYMBOLS USED IN COLUMN 16
AVERAGE MONTHLY: 37.1 TOTAL FOR MONTH: 0.79 1 = FOG OR MIST
DPTR FM NORMAL: -0.6 DPTR FM NORMAL: -0.39 2 = FOG REDUCING VISIBILITY
HIGHEST: 72 ON 5, 3 GRTST 24HR 0.28 ON 14-15 TO 1/4 MILE OR LESS
LOWEST: 13 ON 29 3 = THUNDER
SNOW, ICE PELLETS, HAIL 4 = ICE PELLETS
TOTAL MONTH: M 5 = HAIL
GRTST 24HR M ON M 6 = FREEZING RAIN OR DRIZZLE
GRTST DEPTH: M ON M 7 = DUSTSTORM OR SANDSTORM:
VSBY 1/2 MILE OR LESS
8 = SMOKE OR HAZE
[NO. OF DAYS WITH] [WEATHER - DAYS WITH] 9 = BLOWING SNOW
X = TORNADO
MAX 32 OR BELOW: 1 0.01 INCH OR MORE: 8
MAX 90 OR ABOVE: 0 0.10 INCH OR MORE: 3
MIN 32 OR BELOW: 24 0.50 INCH OR MORE: 0
MIN 0 OR BELOW: 0 1.00 INCH OR MORE: 0
[HDD (BASE 65) ]
TOTAL THIS MO. 831 CLEAR (SCALE 0-3) 18
DPTR FM NORMAL 12 PTCLDY (SCALE 4-7) 9
TOTAL FM JUL 1 1347 CLOUDY (SCALE 8-10) 3
DPTR FM NORMAL -92
[CDD (BASE 65) ]
TOTAL THIS MO. 0
DPTR FM NORMAL 0 [PRESSURE DATA]
TOTAL FM JAN 1 757 HIGHEST SLP 30.56 ON 29
DPTR FM NORMAL 77 LOWEST SLP 29.28 ON 7
[REMARKS]
#FINAL-11-20#