000
CXUS54 KMRX 191833 CCA
CLMTYS
CLIMATE REPORT...CORRECTED FOR PRECIPITATION
NATIONAL WEATHER SERVICE MORRISTOWN, TN
233 PM EDT WED JUL 19 2023
...................................
...THE KNOXVILLE MCGHEE TYSON AIRPORT CLIMATE SUMMARY FOR THE MONTH OF JUNE 2023...
CLIMATE NORMAL PERIOD: 1991 TO 2020
CLIMATE RECORD PERIOD: 1871 TO 2023
WEATHER OBSERVED NORMAL DEPART
VALUE DATE(S) VALUE FROM
NORMAL
................................................
TEMPERATURE (F)
HIGHEST 90 06/03
LOWEST 51 06/09
AVG. MAXIMUM 83.0 85.7 -2.7
AVG. MINIMUM 62.6 64.9 -2.3
MEAN 72.8 75.3 -2.5
DAYS MAX >= 90 1
DAYS MAX <= 32 0
DAYS MIN <= 32 0
DAYS MIN <= 0 0
PRECIPITATION (INCHES)
RECORD
MAXIMUM 11.83 1928
MINIMUM 0.20 1944
TOTALS 6.19 4.24 1.95
DAYS >= .01 10
DAYS >= .10 8
DAYS >= .50 4
DAYS >= 1.00 1
GREATEST
24 HR. TOTAL 2.84 06/19 TO 06/19
SNOWFALL (INCHES)
TOTALS 0.0 0.0 0.0
SINCE 7/1 1.6
SNOWDEPTH AVG. 0
DAYS >= TRACE 0
GREATEST
SNOW DEPTH 0
DEGREE DAYS
HEATING TOTAL 0 2 -2
SINCE 7/1 3078 3527 -449
COOLING TOTAL 242 311 -69
SINCE 1/1 416 495 -79
................................................
WEATHER CONDITIONS. NUMBER OF DAYS WITH
THUNDERSTORM 9 RAIN 8
SNOW 0 FOG 12
FOG W/VIS <= 1/4 MILE 0
- INDICATES NEGATIVE NUMBERS.
R INDICATES RECORD WAS SET OR TIED.
MM INDICATES DATA IS MISSING.
T INDICATES TRACE AMOUNT.
$$