000
CXUS53 KLOT 011640
CLMUGN
CLIMATE REPORT
NATIONAL WEATHER SERVICE CHICAGO IL
1040 AM CST THU FEB 01 2024
...................................
...THE WAUKEGAN IL CLIMATE SUMMARY FOR THE MONTH OF JANUARY 2024...
CLIMATE NORMAL PERIOD: 1991 TO 2020
CLIMATE RECORD PERIOD: 2000 TO 2024
WEATHER OBSERVED NORMAL DEPART LAST YEAR`S
VALUE DATE(S) VALUE FROM VALUE DATE(S)
NORMAL
................................................................
TEMPERATURE (F)
RECORD
HIGH 64 01/07/2008
LOW -23 01/30/2019
HIGHEST 42 01/29 49 01/16
01/17
LOWEST -11 01/15 -10 01/31
AVG. MAXIMUM 30.0 30.9 -0.9 36.0
AVG. MINIMUM 21.3 16.0 5.3 25.1
MEAN 25.6 23.4 2.2 30.5
DAYS MAX >= 90 0 0.0 0.0 MM
DAYS MAX <= 32 10 17.0 -7.0 MM
DAYS MIN <= 32 23 28.2 -5.2 23
DAYS MIN <= 0 4 3.6 0.4 2
PRECIPITATION (INCHES)
RECORD
MAXIMUM 2.52 2020
MINIMUM 0.20 2004
TOTALS 3.50 1.41 2.09 1.98
DAILY AVG. 0.11 0.05 0.06 0.06
DAYS >= .01 12 8.1 3.9 13
DAYS >= .10 6 3.8 2.2 7
DAYS >= .50 3 0.6 2.4 0
DAYS >= 1.00 1 0.1 0.9 0
GREATEST
24 HR. TOTAL 1.12 01/12 TO 01/12 0.43
DEGREE DAYS
HEATING TOTAL 1210 1288 -78 1062
SINCE 7/1 3131 3738 -607 MM
COOLING TOTAL 0 0 0 0
SINCE 1/1 0 0 0 MM
................................................................
WIND (MPH)
AVERAGE WIND SPEED 9.6
HIGHEST WIND SPEED/DIRECTION 33/080 DATE 01/12
HIGHEST GUST SPEED/DIRECTION 48/090 DATE 01/12
AVERAGE RH (PERCENT) 79
WEATHER CONDITIONS. NUMBER OF DAYS WITH
THUNDERSTORM 0 MIXED PRECIP 0
HEAVY RAIN 0 RAIN 2
LIGHT RAIN 8 FREEZING RAIN 0
LT FREEZING RAIN 1 HAIL 0
HEAVY SNOW 0 SNOW 2
LIGHT SNOW 10 SLEET 0
FOG 17 FOG W/VIS <= 1/4 MILE 6
HAZE 5
- INDICATES NEGATIVE NUMBERS.
R INDICATES RECORD WAS SET OR TIED.
MM INDICATES DATA IS MISSING.
T INDICATES TRACE AMOUNT.
$$