000
CXUS53 KSGF 010810
CF6UNO
PRELIMINARY LOCAL CLIMATOLOGICAL DATA (WS FORM: F-6)
STATION: WEST PLAINS MO
MONTH: FEBRUARY
YEAR: 2021
LATITUDE: 36 52 N
LONGITUDE: 91 55 W
TEMPERATURE IN F: :PCPN: SNOW: WIND :SUNSHINE: SKY :PK WND
================================================================================
1 2 3 4 5 6A 6B 7 8 9 10 11 12 13 14 15 16 17 18
12Z AVG MX 2MIN
DY MAX MIN AVG DEP HDD CDD WTR SNW DPTH SPD SPD DIR MIN PSBL S-S WX SPD DR
================================================================================
1 34 29 32 -3 33 0 0.00 M M 10.0 20 320 M M 10 8 29 320
2 45 24 35 0 30 0 0.00 M M 2.6 16 30 M M 5 20 40
3 51 22 37 2 28 0 0.00 M M 6.7 15 160 M M 0 21 170
4 48 29 39 4 26 0 0.07 M M 12.3 24 310 M M 7 1 36 320
5 51 22 37 1 28 0 0.00 M M 6.1 18 250 M M 1 28 250
6 40 25 33 -3 32 0 0.10 M M 6.4 17 20 M M 7 1 26 350
7 25 20 23 -13 42 0 0.00 M M 7.9 13 50 M M 10 1 17 10
8 33 22 28 -8 37 0 0.22 M M 5.7 10 150 M M 10 168 15 160
9 32 22 27 -9 38 0 0.00 M M 8.7 15 30 M M 10 1 20 10
10 26 17 22 -14 43 0 0.19 M M 7.9 15 30 M M 10 16 21 350
11 21 17 19 -18 46 0 T M M 10.4 15 30 M M 10 18 21 10
12 20 14 17 -20 48 0 T M M 9.7 16 10 M M 10 24 20
13 21 7 14 -23 51 0 T M M 10.4 15 20 M M 6 23 350
14 11 2 7 -30 58 0 0.01 M M 12.4 18 20 M M 9 8 27 10
15 4 -4 0 -38 65 0 T M M 12.5 21 20 M M 9 8 30 20
16 19 -8 6 -32 59 0 0.00 M M 4.6 10 120 M M 1 15 170
17 20 11 16 -22 49 0 T M M 5.3 10 120 M M 10 18 15 110
18 29 12 21 -17 44 0 0.00 M M 7.5 15 350 M M 3 1 21 340
19 34 2 18 -21 47 0 0.00 M M 3.1 8 210 M M 0 13 180
20 41 8 25 -14 40 0 0.00 M M 4.5 13 120 M M 0 18 17 120
21 45 26 36 -3 29 0 0.02 M M 9.7 22 170 M M 5 18 33 170
22 56 29 43 3 22 0 0.00 M M 8.6 20 280 M M 0 29 290
23 71 37 54 14 11 0 0.00 M M 7.7 15 190 M M 0 25 200
24 67 39 53 13 12 0 0.00 M M 8.3 15 350 M M 2 23 340
25 55 30 43 2 22 0 0.00 M M 7.9 13 40 M M 1 18 70
26 42 37 40 -1 25 0 0.13 M M 5.9 13 100 M M 9 12 20 90
27 50 41 46 5 19 0 0.74 M M 6.7 13 120 M M 10 123 20 310
28 69 41 55 13 10 0 0.51 M M 8.0 18 340 M M 9 123 30 350
================================================================================
SM 1060 573 994 0 1.99 M 217.5 M 164
================================================================================
AV 37.9 20.5 7.8 FASTST M M 6 MAX(MPH)
MISC ----> 24 310 36 320
================================================================================
NOTES:
# LAST OF SEVERAL OCCURRENCES
COLUMN 17 PEAK WIND IN M.P.H.
PRELIMINARY LOCAL CLIMATOLOGICAL DATA (WS FORM: F-6) , PAGE 2
STATION: WEST PLAINS MO
MONTH: FEBRUARY
YEAR: 2021
LATITUDE: 36 52 N
LONGITUDE: 91 55 W
[TEMPERATURE DATA] [PRECIPITATION DATA] SYMBOLS USED IN COLUMN 16
AVERAGE MONTHLY: 29.2 TOTAL FOR MONTH: 1.99 1 = FOG OR MIST
DPTR FM NORMAL: -8.7 DPTR FM NORMAL: -0.85 2 = FOG REDUCING VISIBILITY
HIGHEST: 71 ON 23 GRTST 24HR 1.25 ON 27-28 TO 1/4 MILE OR LESS
LOWEST: -8 ON 16 3 = THUNDER
SNOW, ICE PELLETS, HAIL 4 = ICE PELLETS
TOTAL MONTH: M 5 = HAIL
GRTST 24HR M ON M 6 = FREEZING RAIN OR DRIZZLE
GRTST DEPTH: M ON M 7 = DUSTSTORM OR SANDSTORM:
VSBY 1/2 MILE OR LESS
8 = SMOKE OR HAZE
[NO. OF DAYS WITH] [WEATHER - DAYS WITH] 9 = BLOWING SNOW
X = TORNADO
MAX 32 OR BELOW: 11 0.01 INCH OR MORE: 9
MAX 90 OR ABOVE: 0 0.10 INCH OR MORE: 6
MIN 32 OR BELOW: 23 0.50 INCH OR MORE: 2
MIN 0 OR BELOW: 2 1.00 INCH OR MORE: 0
[HDD (BASE 65) ]
TOTAL THIS MO. 994 CLEAR (SCALE 0-3) 9
DPTR FM NORMAL 234 PTCLDY (SCALE 4-7) 6
TOTAL FM JUL 1 3392 CLOUDY (SCALE 8-10) 13
DPTR FM NORMAL -72
[CDD (BASE 65) ]
TOTAL THIS MO. 0
DPTR FM NORMAL 0 [PRESSURE DATA]
TOTAL FM JAN 1 0 HIGHEST SLP M ON M
DPTR FM NORMAL 0 LOWEST SLP 29.52 ON 4
[REMARKS]
#FINAL-02-21#