000
CXUS53 KUNR 010930
CF6UNR
PRELIMINARY LOCAL CLIMATOLOGICAL DATA (WS FORM: F-6)
STATION: EAST RAPID CITY SD
MONTH: APRIL
YEAR: 2023
LATITUDE: 44 4 N
LONGITUDE: 103 13 W
TEMPERATURE IN F: :PCPN: SNOW: WIND :SUNSHINE: SKY :PK WND
================================================================================
1 2 3 4 5 6A 6B 7 8 9 10 11 12 13 14 15 16 17 18
12Z AVG MX 2MIN
DY MAX MIN AVG DEP HDD CDD WTR SNW DPTH SPD SPD DIR MIN PSBL S-S WX SPD DR
================================================================================
1 51 15 33 -8 32 0 0.00 0.0 4 5.7 17 250 M M M 41 240
2 53 37 45 4 20 0 0.00 0.0 0 11.3 25 300 M M M 37 310
3 39 26 33 -8 32 0 0.39 4.9 4 4.3 12 110 M M M 20 80
4 26 19 23 -19 42 0 0.49 7.9 8 15.4 28 350 M M M 40 360
5 29 17 23 -19 42 0 0.00 0.0 9 8.6 23 330 M M M 33 330
6 41 12 27 -15 38 0 0.00 0.0 7 5.0 16 150 M M M 20 150
7 47 27 37 -5 28 0 0.00 0.0 6 5.2 12 140 M M M 15 140
8 62 26 44 2 21 0 0.00 0.0 2 5.9 13 30 M M M 17 120
9 66 44 55 12 10 0 0.00 0.0 T 6.9 18 20 M M M 23 20
10 76 45 61 18 4 0 0.00 0.0 0 6.1 16 140 M M M 22 160
11 87 47 67 24 0 2 0.00 0.0 0 9.1 21 230 M M M 37 230
12 72 44 58 15 7 0 0.00 0.0 0 7.9 22 330 M M M 31 340
13 55 35 45 1 20 0 0.00 0.0 0 8.0 26 360 M M M 37 360
14 43 36 40 -4 25 0 0.00 0.0 0 16.8 32 350 M M M 46 10
15 44 33 39 -5 26 0 0.00 0.0 0 13.4 30 340 M M M 43 330
16 57 32 45 1 20 0 0.00 0.0 0 7.5 17 140 M M M 28 160
17 64 31 48 3 17 0 0.00 0.0 0 6.3 16 120 M M M 22 120
18 63 35 49 4 16 0 0.02 0.0 0 8.8 21 270 M M M 39 270
19 57 36 47 2 18 0 0.00 0.0 0 8.5 25 10 M M M 35 10
20 43 28 36 -10 29 0 T T 0 14.3 31 320 M M M 47 320
21 36 25 31 -15 34 0 T T 0 19.2 31 330 M M M 45 350
22 40 26 33 -13 32 0 0.00 0.0 0 11.0 22 10 M M M 30 330
23 52 29 41 -5 24 0 0.00 0.0 0 4.8 13 140 M M M 20 130
24 62 32 47 0 18 0 0.00 0.0 0 8.7 23 120 M M M 30 110
25 55 31 43 -4 22 0 0.00 0.0 0 6.0 16 140 M M M 21 150
26 68 35 52 4 13 0 T 0.0 0 5.5 20 10 M M M 29 20
27 62 41 52 4 13 0 0.06 0.0 0 15.0 38 330 M M M 54 330
28 60 39 50 2 15 0 T 0.0 0 11.5 24 340 M M M 36 10
29 61 43 52 3 13 0 0.00 0.0 0 16.5 33 360 M M M 47 340
30 56 35 46 -3 19 0 0.00 0.0 0 7.3 18 20 M M M 25 30
================================================================================
SM 1627 961 650 2 0.96 12.8 280.5 M M
================================================================================
AV 54.2 32.0 9.4 FASTST M M M MAX(MPH)
MISC ----> 38 330 54 330
================================================================================
NOTES:
# LAST OF SEVERAL OCCURRENCES
COLUMN 17 PEAK WIND IN M.P.H.
PRELIMINARY LOCAL CLIMATOLOGICAL DATA (WS FORM: F-6) , PAGE 2
STATION: EAST RAPID CITY SD
MONTH: APRIL
YEAR: 2023
LATITUDE: 44 4 N
LONGITUDE: 103 13 W
[TEMPERATURE DATA] [PRECIPITATION DATA] SYMBOLS USED IN COLUMN 16
AVERAGE MONTHLY: 43.1 TOTAL FOR MONTH: 0.96 1 = FOG OR MIST
DPTR FM NORMAL: -1.4 DPTR FM NORMAL: -1.30 2 = FOG REDUCING VISIBILITY
HIGHEST: 87 ON 11 GRTST 24HR 0.49 ON 4- 4 TO 1/4 MILE OR LESS
LOWEST: 12 ON 6 3 = THUNDER
SNOW, ICE PELLETS, HAIL 4 = ICE PELLETS
TOTAL MONTH: 19.0 INCHES 5 = HAIL
GRTST 24HR 7.9 ON 4- 4 6 = FREEZING RAIN OR DRIZZLE
GRTST DEPTH: 9 ON 5 7 = DUSTSTORM OR SANDSTORM:
VSBY 1/2 MILE OR LESS
8 = SMOKE OR HAZE
[NO. OF DAYS WITH] [WEATHER - DAYS WITH] 9 = BLOWING SNOW
X = TORNADO
MAX 32 OR BELOW: 2 0.01 INCH OR MORE: 4
MAX 90 OR ABOVE: 0 0.10 INCH OR MORE: 2
MIN 32 OR BELOW: 15 0.50 INCH OR MORE: 0
MIN 0 OR BELOW: 0 1.00 INCH OR MORE: 0
[HDD (BASE 65) ]
TOTAL THIS MO. 650 CLEAR (SCALE 0-3) 0
DPTR FM NORMAL 34 PTCLDY (SCALE 4-7) 0
TOTAL FM JUL 1 6578 CLOUDY (SCALE 8-10) 30
DPTR FM NORMAL 144
[CDD (BASE 65) ]
TOTAL THIS MO. 2
DPTR FM NORMAL 1 [PRESSURE DATA]
TOTAL FM JAN 1 2 HIGHEST SLP M ON M
DPTR FM NORMAL 1 LOWEST SLP 26.30 ON 18
[REMARKS]
#FINAL-04-23#