000
CXUS53 KUNR 011030
CF6UNR
PRELIMINARY LOCAL CLIMATOLOGICAL DATA (WS FORM: F-6)
STATION: EAST RAPID CITY SD
MONTH: FEBRUARY
YEAR: 2024
LATITUDE: 44 4 N
LONGITUDE: 103 13 W
TEMPERATURE IN F: :PCPN: SNOW: WIND :SUNSHINE: SKY :PK WND
================================================================================
1 2 3 4 5 6A 6B 7 8 9 10 11 12 13 14 15 16 17 18
12Z AVG MX 2MIN
DY MAX MIN AVG DEP HDD CDD WTR SNW DPTH SPD SPD DIR MIN PSBL S-S WX SPD DR
================================================================================
1 56 30 43 17 22 0 0.00 0.0 0 6.3 15 140 M M M 12 21 130
2 39 21 30 4 35 0 T 0.0 0 6.3 14 160 M M M 12 20 160
3 37 32 35 9 30 0 0.40 0.0 0 5.2 15 140 M M M 12 20 140
4 42 30 36 10 29 0 0.11 0.0 0 5.0 14 150 M M M 126 17 150
5 62 24 43 17 22 0 0.00 0.0 0 4.2 14 200 M M M 23 270
6 54 36 45 19 20 0 0.00 0.0 0 4.5 12 300 M M M 12 14 20
7 36 30 33 7 32 0 0.00 0.0 0 4.6 12 10 M M M 12 22 360
8 39 26 33 7 32 0 0.00 0.0 0 6.8 21 330 M M M 30 300
9 39 22 31 4 34 0 0.00 0.0 0 6.0 16 360 M M M 22 360
10 29 23 26 -1 39 0 T T 0 6.4 14 10 M M M 21 10
11 47 26 37 10 28 0 0.00 0.0 0 6.0 17 330 M M M 24 340
12 46 31 39 12 26 0 0.00 0.0 0 4.1 10 120 M M M 14 120
13 45 30 38 11 27 0 T T 0 4.0 16 340 M M M 25 340
14 30 22 26 -1 39 0 0.19 2.4 2 6.0 15 360 M M M 20 360
15 23 14 19 -9 46 0 0.19 2.9 2 7.3 16 360 M M M 22 360
16 14 -1 7 -21 58 0 0.03 0.7 5 9.4 21 360 M M M 26 360
17 34 0 17 -11 48 0 0.00 0.0 5 3.6 8 130 M M M 10 130
18 40 26 33 5 32 0 0.00 0.0 2 5.1 15 140 M M M 20 150
19 49 29 39 11 26 0 0.00 0.0 2 5.9 21 330 M M M 29 330
20 58 31 45 16 20 0 0.00 0.0 T 4.0 14 20 M M M 17 20
21 53 40 47 18 18 0 0.00 0.0 0 7.8 18 10 M M M 26 360
22 55 34 45 16 20 0 0.00 0.0 0 8.5 22 330 M M M 31 340
23 53 35 44 14 21 0 0.00 0.0 0 10.0 26 330 M M M 40 310
24 58 36 47 17 18 0 0.00 0.0 0 7.0 26 300 M M M 37 290
25 57 31 44 14 21 0 0.00 0.0 0 5.6 16 20 M M M 23 260
26 67 26 47 16 18 0 T T 0 9.8 29 340 M M M 48 340
27 26 5 16 -15 49 0 0.04 0.6 1 15.1 31 10 M M M 44 360
28 44 1 23 -8 42 0 0.00 0.0 T 5.3 14 140 M M M 20 100
29 65 33 49 18 16 0 0.00 0.0 0 6.0 15 260 M M M 30 260
================================================================================
SM 1297 723 868 0 0.96 6.6 185.8 M M
================================================================================
AV 44.7 24.9 6.4 FASTST M M M MAX(MPH)
MISC ----> 31 10 48 340
================================================================================
NOTES:
# LAST OF SEVERAL OCCURRENCES
COLUMN 17 PEAK WIND IN M.P.H.
PRELIMINARY LOCAL CLIMATOLOGICAL DATA (WS FORM: F-6) , PAGE 2
STATION: EAST RAPID CITY SD
MONTH: FEBRUARY
YEAR: 2024
LATITUDE: 44 4 N
LONGITUDE: 103 13 W
[TEMPERATURE DATA] [PRECIPITATION DATA] SYMBOLS USED IN COLUMN 16
AVERAGE MONTHLY: 34.8 TOTAL FOR MONTH: 0.96 1 = FOG OR MIST
DPTR FM NORMAL: 6.9 DPTR FM NORMAL: 0.43 2 = FOG REDUCING VISIBILITY
HIGHEST: 67 ON 26 GRTST 24HR 0.40 ON 3- 3 TO 1/4 MILE OR LESS
LOWEST: -1 ON 16 3 = THUNDER
SNOW, ICE PELLETS, HAIL 4 = ICE PELLETS
TOTAL MONTH: 6.6 INCHES 5 = HAIL
GRTST 24HR 2.9 ON 15-15 6 = FREEZING RAIN OR DRIZZLE
GRTST DEPTH: 5 ON 17,16 7 = DUSTSTORM OR SANDSTORM:
VSBY 1/2 MILE OR LESS
8 = SMOKE OR HAZE
[NO. OF DAYS WITH] [WEATHER - DAYS WITH] 9 = BLOWING SNOW
X = TORNADO
MAX 32 OR BELOW: 5 0.01 INCH OR MORE: 6
MAX 90 OR ABOVE: 0 0.10 INCH OR MORE: 4
MIN 32 OR BELOW: 23 0.50 INCH OR MORE: 0
MIN 0 OR BELOW: 2 1.00 INCH OR MORE: 0
[HDD (BASE 65) ]
TOTAL THIS MO. 868 CLEAR (SCALE 0-3) 0
DPTR FM NORMAL -171 PTCLDY (SCALE 4-7) 0
TOTAL FM JUL 1 4314 CLOUDY (SCALE 8-10) 29
DPTR FM NORMAL -687
[CDD (BASE 65) ]
TOTAL THIS MO. 0
DPTR FM NORMAL 0 [PRESSURE DATA]
TOTAL FM JAN 1 0 HIGHEST SLP M ON M
DPTR FM NORMAL 0 LOWEST SLP 29.05 ON 26
[REMARKS]
#FINAL-02-24#