147
CXUS55 KGJT 011010
CF6VEL
PRELIMINARY LOCAL CLIMATOLOGICAL DATA (WS FORM: F-6)
STATION: VERNAL UT
MONTH: FEBRUARY
YEAR: 2021
LATITUDE: 40 27 N
LONGITUDE: 109 31 W
TEMPERATURE IN F: :PCPN: SNOW: WIND :SUNSHINE: SKY :PK WND
================================================================================
1 2 3 4 5 6A 6B 7 8 9 10 11 12 13 14 15 16 17 18
12Z AVG MX 2MIN
DY MAX MIN AVG DEP HDD CDD WTR SNW DPTH SPD SPD DIR MIN PSBL S-S WX SPD DR
================================================================================
1 28 5 17 -4 48 0 0.00 M M 1.8 7 80 M M 2 1 9 100
2 37 7 22 1 43 0 0.00 M M 1.2 7 150 M M 7 18 9 150
3 42 14 28 7 37 0 0.01 M M 5.2 24 230 M M 3 1 32 250
4 33 10 22 0 43 0 0.00 M M 3.5 9 280 M M 0 11 280
5 34 10 22 0 43 0 0.00 M M 3.5 12 300 M M 3 18 360
6 40 9 25 3 40 0 0.00 M M 4.5 12 10 M M 0 15 10
7 47 14 31 8 34 0 0.00 M M 8.1 31 230 M M 0 43 220
8 48 14 31 8 34 0 0.00 M M 8.6 29 250 M M 0 40 250
9 41 21 31 8 34 0 0.00 M M 3.3 9 310 M M 4 11 240
10 45 20 33 9 32 0 0.00 M M 4.2 16 270 M M 1 22 260
11 47 21 34 10 31 0 0.00 M M 5.2 21 240 M M 1 26 250
12 45 28 37 13 28 0 0.05 M M 3.6 12 210 M M 8 1 16 240
13 34 18 26 1 39 0 0.23 M M 7.9 29 60 M M 7 1 40 50
14 18 10 14 -11 51 0 T M M 8.0 29 60 M M 6 46 60
15 22 7 15 -11 50 0 T M M 2.1 9 290 M M 5 8 12 290
16 32 16 24 -2 41 0 T M M 2.4 10 230 M M 5 1 12 260
17 31 17 24 -3 41 0 0.02 M M 4.3 12 30 M M 6 1 16 20
18 32 12 22 -5 43 0 0.00 M M 4.0 10 290 M M 0 13 180
19 40 17 29 1 36 0 0.00 M M 2.4 8 330 M M 4 9 330
20 42 20 31 3 34 0 0.00 M M 6.5 17 10 M M 2 23 20
21 40 20 30 2 35 0 0.00 M M 3.8 10 80 M M 0 14 70
22 44 20 32 3 33 0 0.00 M M 3.9 8 290 M M 1 11 210
23 46 23 35 5 30 0 0.00 M M 3.5 12 50 M M 0 14 40
24 43 19 31 1 34 0 0.00 M M 9.3 23 30 M M 3 31 10
25 37 17 27 -3 38 0 0.00 M M 5.3 14 220 M M 0 18 210
26 46 14 30 -1 35 0 0.00 M M 9.1 35 230 M M 2 52 230
27 35 18 27 -4 38 0 0.00 M M 5.5 16 350 M M 4 22 250
28 35 12 24 -8 41 0 0.00 M M 5.4 12 220 M M 0 20 220
================================================================================
SM 1064 433 1066 0 0.31 M 136.1 M 74
================================================================================
AV 38.0 15.5 4.9 FASTST M M 3 MAX(MPH)
MISC ----> 35 230 52 230
================================================================================
NOTES:
# LAST OF SEVERAL OCCURRENCES
COLUMN 17 PEAK WIND IN M.P.H.
PRELIMINARY LOCAL CLIMATOLOGICAL DATA (WS FORM: F-6) , PAGE 2
STATION: VERNAL UT
MONTH: FEBRUARY
YEAR: 2021
LATITUDE: 40 27 N
LONGITUDE: 109 31 W
[TEMPERATURE DATA] [PRECIPITATION DATA] SYMBOLS USED IN COLUMN 16
AVERAGE MONTHLY: 26.7 TOTAL FOR MONTH: 0.31 1 = FOG OR MIST
DPTR FM NORMAL: 0.9 DPTR FM NORMAL: -0.21 2 = FOG REDUCING VISIBILITY
HIGHEST: 48 ON 8 GRTST 24HR 0.23 ON 13-13 TO 1/4 MILE OR LESS
LOWEST: 5 ON 1 3 = THUNDER
SNOW, ICE PELLETS, HAIL 4 = ICE PELLETS
TOTAL MONTH: M 5 = HAIL
GRTST 24HR M ON M 6 = FREEZING RAIN OR DRIZZLE
GRTST DEPTH: M ON M 7 = DUSTSTORM OR SANDSTORM:
VSBY 1/2 MILE OR LESS
8 = SMOKE OR HAZE
[NO. OF DAYS WITH] [WEATHER - DAYS WITH] 9 = BLOWING SNOW
X = TORNADO
MAX 32 OR BELOW: 6 0.01 INCH OR MORE: 4
MAX 90 OR ABOVE: 0 0.10 INCH OR MORE: 1
MIN 32 OR BELOW: 28 0.50 INCH OR MORE: 0
MIN 0 OR BELOW: 0 1.00 INCH OR MORE: 0
[HDD (BASE 65) ]
TOTAL THIS MO. 1066 CLEAR (SCALE 0-3) 18
DPTR FM NORMAL -30 PTCLDY (SCALE 4-7) 10
TOTAL FM JUL 1 5599 CLOUDY (SCALE 8-10) 0
DPTR FM NORMAL 108
[CDD (BASE 65) ]
TOTAL THIS MO. 0
DPTR FM NORMAL 0 [PRESSURE DATA]
TOTAL FM JAN 1 0 HIGHEST SLP 30.63 ON 1
DPTR FM NORMAL 0 LOWEST SLP 29.47 ON 13
[REMARKS]
#FINAL-02-21#