000
CXUS55 KVEF 010910
CF6VGT
PRELIMINARY LOCAL CLIMATOLOGICAL DATA (WS FORM: F-6)
STATION: NORTH_LAS_VEGAS NV
MONTH: SEPTEMBER
YEAR: 2021
LATITUDE: 36 12 N
LONGITUDE: 115 12 W
TEMPERATURE IN F: :PCPN: SNOW: WIND :SUNSHINE: SKY :PK WND
================================================================================
1 2 3 4 5 6A 6B 7 8 9 10 11 12 13 14 15 16 17 18
12Z AVG MX 2MIN
DY MAX MIN AVG DEP HDD CDD WTR SNW DPTH SPD SPD DIR MIN PSBL S-S WX SPD DR
================================================================================
1 91 77 84 -3 0 19 T M M 10.6 20 90 M M 1 33 130
2 100 76 88 1 0 23 0.00 M M 10.6 25 200 M M 0 31 180
3 98 75 87 0 0 22 0.00 M M 5.7 21 190 M M 0 27 180
4 101 74 88 2 0 23 0.00 M M 4.7 12 140 M M 0 17 110
5 106 78 92 6 0 27 0.00 M M 4.7 15 310 M M 0 20 320
6 108 84 96 10 0 31 0.00 M M 6.4 17 330 M M 0 22 320
7 110 82 96 10 0 31 0.00 M M 4.6 10 320 M M 0 12 330
8 108 80 94 9 0 29 0.00 M M 4.0 14 340 M M 0 17 130
9 107 83 95 10 0 30 0.00 M M 6.7 22 150 M M 0 26 150
10 102 82 92 7 0 27 0.11 M M 5.9 39 140 M M 1 3 49 140
11 104 77 91 7 0 26 0.00 M M 8.4 25 220 M M 0 32 220
12 106 78 92 8 0 27 0.00 M M 7.3 22 170 M M 0 31 150
13 106 76 91 7 0 26 0.00 M M 8.2 25 220 M M 0 32 210
14 103 74 89 6 0 24 0.00 M M 4.7 13 130 M M 0 20 100
15 102 74 88 5 0 23 0.00 M M 6.4 16 120 M M 0 24 130
16 101 70 86 4 0 21 0.00 M M 8.3 21 260 M M 0 29 270
17 93 70 82 0 0 17 T M M 5.3 21 240 M M 2 29 240
18 96 75 86 4 0 21 T M M 8.3 24 210 M M 1 32 210
19 95 67 81 0 0 16 0.00 M M 12.8 30 200 M M 1 35 210
20 90 71 81 0 0 16 0.00 M M 7.1 22 30 M M 0 30 30
21 93 66 80 0 0 15 0.00 M M 4.8 12 310 M M 0 14 310
22 99 67 83 3 0 18 0.00 M M 3.9 16 200 M M 0 20 200
23 97 72 85 6 0 20 0.00 M M 4.9 9 160 M M 0 13 30
24 96 71 84 5 0 19 0.00 M M 3.8 10 130 M M 0 16 140
25 94 71 83 5 0 18 0.00 M M 5.7 14 130 M M 0 17 130
26 95 72 84 6 0 19 0.00 M M 6.3 14 100 M M 0 17 100
27 92 72 82 4 0 17 0.00 M M 6.9 16 110 M M 0 19 110
28 89 74 82 5 0 17 0.00 M M 10.0 23 180 M M 0 8 30 180
29 84 65 75 -2 0 10 0.00 M M 11.5 22 340 M M 0 8 28 320
30 85 64 75 -1 0 10 0.00 M M 8.9 21 330 M M 0 27 340
================================================================================
SM 2951 2217 0 642 0.11 M 207.4 M 6
================================================================================
AV 98.4 73.9 6.9 FASTST M M 0 MAX(MPH)
MISC ----> 39 140 49 140
================================================================================
NOTES:
# LAST OF SEVERAL OCCURRENCES
COLUMN 17 PEAK WIND IN M.P.H.
PRELIMINARY LOCAL CLIMATOLOGICAL DATA (WS FORM: F-6) , PAGE 2
STATION: NORTH_LAS_VEGAS NV
MONTH: SEPTEMBER
YEAR: 2021
LATITUDE: 36 12 N
LONGITUDE: 115 12 W
[TEMPERATURE DATA] [PRECIPITATION DATA] SYMBOLS USED IN COLUMN 16
AVERAGE MONTHLY: 86.1 TOTAL FOR MONTH: 0.11 1 = FOG OR MIST
DPTR FM NORMAL: 3.9 DPTR FM NORMAL: -0.13 2 = FOG REDUCING VISIBILITY
HIGHEST: 110 ON 7 GRTST 24HR 0.11 ON 10-10 TO 1/4 MILE OR LESS
LOWEST: 64 ON 30 3 = THUNDER
SNOW, ICE PELLETS, HAIL 4 = ICE PELLETS
TOTAL MONTH: M 5 = HAIL
GRTST 24HR M ON M 6 = FREEZING RAIN OR DRIZZLE
GRTST DEPTH: M ON M 7 = DUSTSTORM OR SANDSTORM:
VSBY 1/2 MILE OR LESS
8 = SMOKE OR HAZE
[NO. OF DAYS WITH] [WEATHER - DAYS WITH] 9 = BLOWING SNOW
X = TORNADO
MAX 32 OR BELOW: 0 0.01 INCH OR MORE: 1
MAX 90 OR ABOVE: 27 0.10 INCH OR MORE: 1
MIN 32 OR BELOW: 0 0.50 INCH OR MORE: 0
MIN 0 OR BELOW: 0 1.00 INCH OR MORE: 0
[HDD (BASE 65) ]
TOTAL THIS MO. 0 CLEAR (SCALE 0-3) 30
DPTR FM NORMAL -1 PTCLDY (SCALE 4-7) 0
TOTAL FM JUL 1 0 CLOUDY (SCALE 8-10) 0
DPTR FM NORMAL 0
[CDD (BASE 65) ]
TOTAL THIS MO. 642
DPTR FM NORMAL 125 [PRESSURE DATA]
TOTAL FM JAN 1 4023 HIGHEST SLP M ON M
DPTR FM NORMAL 790 LOWEST SLP 29.63 ON 28
[REMARKS]
#FINAL-09-21#