000
CXUS52 KTAE 010900
CF6VLD
PRELIMINARY LOCAL CLIMATOLOGICAL DATA (WS FORM: F-6)
STATION: VALDOSTA
MONTH: FEBRUARY
YEAR: 2022
LATITUDE: 30 46 N
LONGITUDE: 83 17 W
TEMPERATURE IN F: :PCPN: SNOW: WIND :SUNSHINE: SKY :PK WND
================================================================================
1 2 3 4 5 6A 6B 7 8 9 10 11 12 13 14 15 16 17 18
12Z AVG MX 2MIN
DY MAX MIN AVG DEP HDD CDD WTR SNW DPTH SPD SPD DIR MIN PSBL S-S WX SPD DR
================================================================================
1 71 35 53 1 12 0 0.00 0.0 0 4.2 14 120 M M 3 12 19 100
2 77 48 63 11 2 0 0.00 0.0 0 5.7 17 180 M M 0 23 180
3 81 56 69 17 0 4 0.00 0.0 0 8.9 23 170 M M 5 32 170
4 73 51 62 10 3 0 0.73 0.0 0 5.4 16 190 M M 8 1 21 170
5 54 41 48 -5 17 0 0.03 0.0 0 6.5 16 360 M M 5 24 360
6 49 43 46 -7 19 0 0.07 0.0 0 9.2 16 40 M M 10 1 21 40
7 52 43 48 -5 17 0 0.16 0.0 0 3.6 12 360 M M 10 1 15 10
8 56 38 47 -6 18 0 0.04 0.0 0 1.1 10 360 M M 3 1 14 360
9 64 31 48 -6 17 0 0.00 0.0 0 1.3 12 10 M M 0 1 15 10
10 70 32 51 -3 14 0 0.00 0.0 0 0.6 8 360 M M 0 12 10
11 70 34 52 -2 13 0 0.00 0.0 0 0.7 9 170 M M 0 12 170
12 67 41 54 0 11 0 T 0.0 0 0.6 7 10 M M 5 8 9 10
13 66 36 51 -3 14 0 0.00 0.0 0 1.8 12 350 M M 4 19 20
14 61 28 45 -9 20 0 0.00 0.0 0 2.0 15 360 M M 0 21 360
15 68 32 50 -5 15 0 0.00 0.0 M 3.8 13 60 M M 0 1 15 110
16 77 48 63 8 2 0 0.00 0.0 M 6.8 18 160 M M 1 24 140
17 84 51 68 13 0 3 0.00 0.0 M 8.0 23 180 M M 4 1 28 170
18 76 51 64 9 1 0 0.23 0.0 0 2.9 13 220 M M 8 1 20 210
19 62 37 50 -6 15 0 0.00 0.0 M 4.9 20 10 M M 1 24 10
20 72 34 53 -3 12 0 0.00 0.0 M 4.1 14 160 M M 0 1 21 120
21 80 49 65 9 0 0 0.00 0.0 0 4.1 15 150 M M 3 1 21 150
22 85 54 70 14 0 5 0.00 0.0 0 4.5 17 180 M M 0 21 180
23 85 54 70 14 0 5 0.00 0.0 0 2.3 8 190 M M 1 12 13 230
24 86 56 71 15 0 6 0.00 0.0 0 2.4 13 170 M M 4 1 16 170
25 86 54 70 13 0 5 0.00 0.0 0 1.8 8 200 M M 2 12 16 200
26 83 56 70 13 0 5 0.00 0.0 0 3.0 14 10 M M 0 1 16 360
27 85 57 71 14 0 6 0.00 0.0 0 3.6 14 360 M M 5 12 17 360
28 67 55 61 4 4 0 0.02 0.0 0 6.3 15 10 M M 10 1 18 10
================================================================================
SM 2007 1245 226 39 1.28 0.0 110.1 M 92
================================================================================
AV 71.7 44.5 3.9 FASTST M M 3 MAX(MPH)
MISC ----> # 23 170 32 170
================================================================================
NOTES:
# LAST OF SEVERAL OCCURRENCES
COLUMN 17 PEAK WIND IN M.P.H.
PRELIMINARY LOCAL CLIMATOLOGICAL DATA (WS FORM: F-6) , PAGE 2
STATION: VALDOSTA
MONTH: FEBRUARY
YEAR: 2022
LATITUDE: 30 46 N
LONGITUDE: 83 17 W
[TEMPERATURE DATA] [PRECIPITATION DATA] SYMBOLS USED IN COLUMN 16
AVERAGE MONTHLY: 58.1 TOTAL FOR MONTH: 1.28 1 = FOG OR MIST
DPTR FM NORMAL: 3.5 DPTR FM NORMAL: -2.03 2 = FOG REDUCING VISIBILITY
HIGHEST: 86 ON 25,24 GRTST 24HR 0.76 ON 4- 5 TO 1/4 MILE OR LESS
LOWEST: 28 ON 14 3 = THUNDER
SNOW, ICE PELLETS, HAIL 4 = ICE PELLETS
TOTAL MONTH: 0.0 INCH 5 = HAIL
GRTST 24HR 0.0 6 = FREEZING RAIN OR DRIZZLE
GRTST DEPTH: 0 7 = DUSTSTORM OR SANDSTORM:
VSBY 1/2 MILE OR LESS
8 = SMOKE OR HAZE
[NO. OF DAYS WITH] [WEATHER - DAYS WITH] 9 = BLOWING SNOW
X = TORNADO
MAX 32 OR BELOW: 0 0.01 INCH OR MORE: 7
MAX 90 OR ABOVE: 0 0.10 INCH OR MORE: 3
MIN 32 OR BELOW: 4 0.50 INCH OR MORE: 1
MIN 0 OR BELOW: 0 1.00 INCH OR MORE: 0
[HDD (BASE 65) ]
TOTAL THIS MO. 226 CLEAR (SCALE 0-3) 16
DPTR FM NORMAL -77 PTCLDY (SCALE 4-7) 8
TOTAL FM JUL 1 1068 CLOUDY (SCALE 8-10) 4
DPTR FM NORMAL -323
[CDD (BASE 65) ]
TOTAL THIS MO. 39
DPTR FM NORMAL 27 [PRESSURE DATA]
TOTAL FM JAN 1 62 HIGHEST SLP 30.57 ON 15
DPTR FM NORMAL 49 LOWEST SLP 29.98 ON 18
[REMARKS]
#FINAL-02-22#