000
CXUS56 KLOX 011255
CF6VNY
PRELIMINARY LOCAL CLIMATOLOGICAL DATA (WS FORM: F-6)
STATION: VAN NUYS AIRPORT CA
MONTH: DECEMBER
YEAR: 2023
LATITUDE: 34 13 N
LONGITUDE: 118 29 W
TEMPERATURE IN F: :PCPN: SNOW: WIND :SUNSHINE: SKY :PK WND
================================================================================
1 2 3 4 5 6A 6B 7 8 9 10 11 12 13 14 15 16 17 18
12Z AVG MX 2MIN
DY MAX MIN AVG DEP HDD CDD WTR SNW DPTH SPD SPD DIR MIN PSBL S-S WX SPD DR
================================================================================
1 68 53 61 3 4 0 0.00 M M 18.1 36 350 M M 0 49 360
2 70 45 58 1 7 0 0.00 M M 3.6 24 340 M M 0 28 350
3 74 44 59 2 6 0 0.00 M M 2.1 10 130 M M 0 12 140
4 82 49 66 9 0 1 0.00 M M 4.5 14 350 M M 0 18 350
5 86 53 70 13 0 5 0.00 M M 3.5 14 10 M M 0 17 20
6 79 52 66 10 0 1 0.00 M M 3.0 12 140 M M 0 17 150
7 69 48 59 3 6 0 0.00 M M 9.8 30 360 M M 2 12 42 330
8 72 51 62 6 3 0 0.00 M M 10.6 25 340 M M 0 39 340
9 69 58 64 8 1 0 0.00 M M 20.0 28 360 M M 0 40 10
10 73 52 63 7 2 0 0.00 M M 13.9 25 360 M M 0 39 340
11 76 46 61 5 4 0 0.00 M M 0.9 9 160 M M 0 13 130
12 71 42 57 1 8 0 0.00 M M 1.4 9 160 M M 0 14 110
13 73 43 58 2 7 0 0.00 M M 4.1 22 360 M M 3 128 27 10
14 74 43 59 3 6 0 0.00 M M 3.7 14 340 M M 0 18 340
15 75 47 61 5 4 0 0.00 M M 5.2 15 360 M M 0 22 350
16 78 47 63 7 2 0 0.00 M M 5.8 20 350 M M 0 26 340
17 78 54 66 10 0 1 0.00 M M 5.3 15 10 M M 0 21 340
18 69 55 62 6 3 0 T M M 3.0 14 360 M M 7 20 350
19 64 56 60 4 5 0 0.57 M M 3.5 14 150 M M 10 1 19 160
20 62 58 60 4 5 0 1.21 M M 7.8 15 150 M M 10 1 22 100
21 63 57 60 4 5 0 2.19 M M 5.7 17 160 M M 9 138 24 140
22 65 51 58 2 7 0 0.34 M M 5.2 20 20 M M 7 1 26 20
23 65 45 55 -1 10 0 0.00 M M 1.4 8 170 M M 6 12 200
24 67 49 58 2 7 0 0.00 M M 1.8 12 150 M M 3 128 13 160
25 70 43 57 1 8 0 0.00 M M 1.2 10 160 M M 0 1 14 130
26 71 47 59 3 6 0 0.00 M M 1.6 6 140 M M 0 1 11 90
27 67 M M M M M 0.00 M M 1.0 4 110 M M 0 M M
28 68 47 58 2 7 0 0.00 M M 0.8 7 170 M M 1 128 9 120
29 67 48 58 2 7 0 0.00 M M 2.3 9 160 M M 2 18 13 80
30 62 48 55 -1 10 0 0.47 M M 3.2 12 100 M M 10 1 18 80
31 59 45 52 -5 13 0 T M M 2.1 8 140 M M M 8 14 90
================================================================================
SM 2186 1476 153 8 4.78 M 156.1 M 70
================================================================================
AV 70.5 49.2 5.0 FASTST M M 2 MAX(MPH)
MISC ----> 36 350 49 360
================================================================================
NOTES:
# LAST OF SEVERAL OCCURRENCES
COLUMN 17 PEAK WIND IN M.P.H.
PRELIMINARY LOCAL CLIMATOLOGICAL DATA (WS FORM: F-6) , PAGE 2
STATION: VAN NUYS AIRPORT CA
MONTH: DECEMBER
YEAR: 2023
LATITUDE: 34 13 N
LONGITUDE: 118 29 W
[TEMPERATURE DATA] [PRECIPITATION DATA] SYMBOLS USED IN COLUMN 16
AVERAGE MONTHLY: 59.9 TOTAL FOR MONTH: 4.78 1 = FOG OR MIST
DPTR FM NORMAL: 3.8 DPTR FM NORMAL: 2.83 2 = FOG REDUCING VISIBILITY
HIGHEST: 86 ON 5 GRTST 24HR 2.40 ON 21-22 TO 1/4 MILE OR LESS
LOWEST: 42 ON 12 3 = THUNDER
SNOW, ICE PELLETS, HAIL 4 = ICE PELLETS
TOTAL MONTH: M 5 = HAIL
GRTST 24HR M ON M 6 = FREEZING RAIN OR DRIZZLE
GRTST DEPTH: M ON M 7 = DUSTSTORM OR SANDSTORM:
VSBY 1/2 MILE OR LESS
8 = SMOKE OR HAZE
[NO. OF DAYS WITH] [WEATHER - DAYS WITH] 9 = BLOWING SNOW
X = TORNADO
MAX 32 OR BELOW: 0 0.01 INCH OR MORE: 5
MAX 90 OR ABOVE: 0 0.10 INCH OR MORE: 5
MIN 32 OR BELOW: 0 0.50 INCH OR MORE: 3
MIN 0 OR BELOW: 0 1.00 INCH OR MORE: 2
[HDD (BASE 65) ]
TOTAL THIS MO. 153 CLEAR (SCALE 0-3) 23
DPTR FM NORMAL -127 PTCLDY (SCALE 4-7) 3
TOTAL FM JUL 1 198 CLOUDY (SCALE 8-10) 5
DPTR FM NORMAL -239
[CDD (BASE 65) ]
TOTAL THIS MO. 8
DPTR FM NORMAL 3 [PRESSURE DATA]
TOTAL FM JAN 1 1950 HIGHEST SLP M ON M
DPTR FM NORMAL 113 LOWEST SLP 29.80 ON 20
[REMARKS]
#FINAL-12-23#