000
CXUS56 KLOX 221155
CF6VNY
PRELIMINARY LOCAL CLIMATOLOGICAL DATA (WS FORM: F-6)
STATION: VAN NUYS AIRPORT CA
MONTH: APRIL
YEAR: 2024
LATITUDE: 34 13 N
LONGITUDE: 118 29 W
TEMPERATURE IN F: :PCPN: SNOW: WIND :SUNSHINE: SKY :PK WND
================================================================================
1 2 3 4 5 6A 6B 7 8 9 10 11 12 13 14 15 16 17 18
12Z AVG MX 2MIN
DY MAX MIN AVG DEP HDD CDD WTR SNW DPTH SPD SPD DIR MIN PSBL S-S WX SPD DR
================================================================================
1 72 50 61 -1 4 0 T M M 5.0 18 160 M M 3 26 160
2 78 49 64 2 1 0 0.00 M M 4.5 16 150 M M 0 21 150
3 79 51 65 3 0 0 0.00 M M 3.9 16 140 M M 0 29 110
4 63 45 54 -8 11 0 T M M 7.9 18 170 M M 8 30 160
5 58 43 51 -11 14 0 0.03 M M 7.0 20 240 M M 6 29 270
6 66 38 52 -10 13 0 0.00 M M 3.2 15 160 M M 0 20 180
7 67 43 55 -7 10 0 0.00 M M 6.1 22 360 M M 0 33 340
8 77 49 63 1 2 0 0.00 M M 8.4 22 20 M M 0 34 30
9 82 56 69 7 0 4 0.00 M M 9.0 21 10 M M 0 30 20
10 85 53 69 6 0 4 0.00 M M 2.9 12 160 M M 0 17 150
11 88 52 70 7 0 5 0.00 M M 2.8 9 120 M M 0 M M
12 61 53 57 -6 8 0 0.00 M M 7.4 12 130 M M 10 18 M M
13 61 46 54 -9 11 0 0.40 M M 8.8 17 150 M M 9 1 25 130
14 56 45 51 -12 14 0 0.42 M M 4.6 15 160 M M 8 18 20 120
15 70 43 57 -6 8 0 0.00 M M 2.6 13 160 M M 1 12 19 160
16 84 49 67 4 0 2 0.00 M M 2.7 10 180 M M 0 M M
17 80 53 67 4 0 2 0.00 M M 3.4 14 170 M M 0 18 180
18 76 54 65 1 0 0 0.00 M M 5.1 16 170 M M 0 21 170
19 71 54 63 -1 2 0 0.00 M M 4.8 13 170 M M 5 18 19 140
20 76 53 65 1 0 0 0.00 M M 4.1 12 150 M M 4 18 16 120
21 83 53 68 4 0 3 0.00 M M 3.3 12 120 M M 2 18 21 70
================================================================================
SM 1533 1032 98 20 0.85 M 107.5 M 56
================================================================================
AV 73.0 49.1 5.1 FASTST M M 3 MAX(MPH)
MISC ----> # 22 360 34 30
================================================================================
NOTES:
# LAST OF SEVERAL OCCURRENCES
COLUMN 17 PEAK WIND IN M.P.H.
PRELIMINARY LOCAL CLIMATOLOGICAL DATA (WS FORM: F-6) , PAGE 2
STATION: VAN NUYS AIRPORT CA
MONTH: APRIL
YEAR: 2024
LATITUDE: 34 13 N
LONGITUDE: 118 29 W
[TEMPERATURE DATA] [PRECIPITATION DATA] SYMBOLS USED IN COLUMN 16
AVERAGE MONTHLY: 61.1 TOTAL FOR MONTH: 0.85 1 = FOG OR MIST
DPTR FM NORMAL: -1.7 DPTR FM NORMAL: 0.26 2 = FOG REDUCING VISIBILITY
HIGHEST: 88 ON 11 GRTST 24HR 0.68 ON 13-14 TO 1/4 MILE OR LESS
LOWEST: 38 ON 6 3 = THUNDER
SNOW, ICE PELLETS, HAIL 4 = ICE PELLETS
TOTAL MONTH: M 5 = HAIL
GRTST 24HR M ON M 6 = FREEZING RAIN OR DRIZZLE
GRTST DEPTH: M ON M 7 = DUSTSTORM OR SANDSTORM:
VSBY 1/2 MILE OR LESS
8 = SMOKE OR HAZE
[NO. OF DAYS WITH] [WEATHER - DAYS WITH] 9 = BLOWING SNOW
X = TORNADO
MAX 32 OR BELOW: 0 0.01 INCH OR MORE: 3
MAX 90 OR ABOVE: 0 0.10 INCH OR MORE: 2
MIN 32 OR BELOW: 0 0.50 INCH OR MORE: 0
MIN 0 OR BELOW: 0 1.00 INCH OR MORE: 0
[HDD (BASE 65) ]
TOTAL THIS MO. 98 CLEAR (SCALE 0-3) 14
DPTR FM NORMAL 18 PTCLDY (SCALE 4-7) 5
TOTAL FM JUL 1 1052 CLOUDY (SCALE 8-10) 2
DPTR FM NORMAL -106
[CDD (BASE 65) ]
TOTAL THIS MO. 20
DPTR FM NORMAL -12 [PRESSURE DATA]
TOTAL FM JAN 1 28 HIGHEST SLP M ON M
DPTR FM NORMAL -54 LOWEST SLP 29.80 ON 1
[REMARKS]