000
CXUS52 KFFC 011010
CF6VPC
PRELIMINARY LOCAL CLIMATOLOGICAL DATA (WS FORM: F-6)
STATION: CARTERSVILLE
MONTH: JUNE
YEAR: 2023
LATITUDE: 34 7 N
LONGITUDE: 84 51 W
TEMPERATURE IN F: :PCPN: SNOW: WIND :SUNSHINE: SKY :PK WND
================================================================================
1 2 3 4 5 6A 6B 7 8 9 10 11 12 13 14 15 16 17 18
12Z AVG MX 2MIN
DY MAX MIN AVG DEP HDD CDD WTR SNW DPTH SPD SPD DIR MIN PSBL S-S WX SPD DR
================================================================================
1 84 61 73 0 0 8 0.00 M M 1.6 9 100 M M 5 15 0
2 86 64 75 2 0 10 0.00 M M 1.2 8 90 M M 3 16 0
3 90 61 76 3 0 11 0.00 M M 2.9 13 50 M M 1 15 50
4 84 63 74 1 0 9 0.00 M M 2.1 10 30 M M 3 8 28 0
5 86 63 75 1 0 10 0.00 M M 0.4 7 90 M M 3 M M
6 88 64 76 2 0 11 0.00 M M 3.0 12 280 M M 3 21 290
7 90 63 77 3 0 12 0.00 M M 3.2 14 20 M M 4 1 20 270
8 82 63 73 -1 0 8 0.00 M M 2.7 10 280 M M 5 17 280
9 82 59 71 -3 0 6 0.00 M M 0.4 10 10 M M 4 1 13 0
10 86 55 71 -4 0 6 0.00 M M 1.3 8 190 M M 4 13 160
11 90 66 78 3 0 13 0.00 M M 4.0 10 210 M M 7 18 17 210
12 79 64 72 -3 0 7 0.00 M M 3.2 13 270 M M 8 29 270
13 79 61 70 -5 0 5 0.00 M M 2.6 12 270 M M 5 15 270
14 77 64 71 -5 0 6 M M M 1.0 9 170 M M 5 1 14 170
15 82 64 73 -3 0 8 0.00 M M 0.8 6 99 M M 8 12 99
16 88 70 79 3 0 14 0.00 M M 3.0 10 270 M M 5 128 15 99
17 88 66 77 1 0 12 0.00 M M 1.8 10 270 M M 4 128 12 270
18 86 63 75 -1 0 10 0.00 M M 1.7 7 200 M M 3 18 14 170
19 86 68 77 1 0 12 0.00 M M 2.9 9 250 M M 7 1 22 0
20 82 66 74 -2 0 9 M M M 0.4 6 110 M M 6 1 M M
21 75 68 72 -5 0 7 0.00 M M 5.1 12 90 M M 10 1 23 80
22 79 64 72 -5 0 7 0.00 M M 1.5 15 110 M M 8 1 16 100
23 81 64 73 -4 0 8 0.00 M M 2.2 12 270 M M 6 128 14 270
24 88 63 76 -1 0 11 0.00 M M 3.0 14 280 M M 3 17 280
25 91 66 79 2 0 14 0.00 M M 3.5 27 20 M M 4 1 35 20
26 90 64 77 0 0 12 0.00 M M 3.9 13 280 M M 5 21 270
27 88 68 78 0 0 13 0.00 M M 3.6 14 270 M M 2 17 300
28 90 64 77 -1 0 12 0.00 M M 1.2 6 290 M M 2 8 14 99
29 91 64 78 0 0 13 0.00 M M 1.2 13 10 M M 3 18 24 10
30 84 68 76 -2 0 11 0.00 M M 0.9 9 60 M M 2 138 15 60
================================================================================
SM 2552 1921 0 295 0.00 M 66.2 M 138
================================================================================
AV 85.1 64.0 2.2 FASTST M M 5 MAX(MPH)
MISC ----> 27 20 35 20
================================================================================
NOTES:
# LAST OF SEVERAL OCCURRENCES
COLUMN 17 PEAK WIND IN M.P.H.
PRELIMINARY LOCAL CLIMATOLOGICAL DATA (WS FORM: F-6) , PAGE 2
STATION: CARTERSVILLE
MONTH: JUNE
YEAR: 2023
LATITUDE: 34 7 N
LONGITUDE: 84 51 W
[TEMPERATURE DATA] [PRECIPITATION DATA] SYMBOLS USED IN COLUMN 16
AVERAGE MONTHLY: 74.6 TOTAL FOR MONTH: 0.00 1 = FOG OR MIST
DPTR FM NORMAL: -1.0 DPTR FM NORMAL: -3.79 2 = FOG REDUCING VISIBILITY
HIGHEST: 91 ON 29,25 GRTST 24HR 0.00 ON 1- 1 TO 1/4 MILE OR LESS
LOWEST: 55 ON 10 3 = THUNDER
SNOW, ICE PELLETS, HAIL 4 = ICE PELLETS
TOTAL MONTH: M 5 = HAIL
GRTST 24HR M ON M 6 = FREEZING RAIN OR DRIZZLE
GRTST DEPTH: M ON M 7 = DUSTSTORM OR SANDSTORM:
VSBY 1/2 MILE OR LESS
8 = SMOKE OR HAZE
[NO. OF DAYS WITH] [WEATHER - DAYS WITH] 9 = BLOWING SNOW
X = TORNADO
MAX 32 OR BELOW: 0 0.01 INCH OR MORE: 0
MAX 90 OR ABOVE: 7 0.10 INCH OR MORE: 0
MIN 32 OR BELOW: 0 0.50 INCH OR MORE: 0
MIN 0 OR BELOW: 0 1.00 INCH OR MORE: 0
[HDD (BASE 65) ]
TOTAL THIS MO. 0 CLEAR (SCALE 0-3) 6
DPTR FM NORMAL -1 PTCLDY (SCALE 4-7) 21
TOTAL FM JUL 1 2406 CLOUDY (SCALE 8-10) 3
DPTR FM NORMAL -710
[CDD (BASE 65) ]
TOTAL THIS MO. 295
DPTR FM NORMAL -22 [PRESSURE DATA]
TOTAL FM JAN 1 543 HIGHEST SLP M ON M
DPTR FM NORMAL 42 LOWEST SLP M ON M
[REMARKS]
#FINAL-06-23#