000
CXUS52 KMLB 010717
CF6VRB
PRELIMINARY LOCAL CLIMATOLOGICAL DATA (WS FORM: F-6)
STATION: VERO BEACH
MONTH: DECEMBER
YEAR: 2021
LATITUDE: 27 39 N
LONGITUDE: 80 25 W
TEMPERATURE IN F: :PCPN: SNOW: WIND :SUNSHINE: SKY :PK WND
================================================================================
1 2 3 4 5 6A 6B 7 8 9 10 11 12 13 14 15 16 17 18
12Z AVG MX 2MIN
DY MAX MIN AVG DEP HDD CDD WTR SNW DPTH SPD SPD DIR MIN PSBL S-S WX SPD DR
================================================================================
1 80 52 66 -2 0 1 0.00 0.0 0 3.1 10 70 M M 1 12 13 100
2 76 48 62 -6 3 0 0.00 0.0 0 4.8 14 360 M M 1 12 19 10
3 78 47 63 -5 2 0 0.00 0.0 0 3.6 14 20 M M 0 12 20 360
4 80 50 65 -3 0 0 0.00 0.0 0 2.9 9 70 M M 2 18 13 70
5 79 54 67 0 0 2 0.04 0.0 0 4.1 13 20 M M 5 128 15 20
6 79 58 69 2 0 4 0.05 0.0 0 2.3 9 120 M M 7 12 10 120
7 81 56 69 2 0 4 0.00 0.0 0 3.4 12 40 M M 2 12 15 60
8 87 58 73 6 0 8 0.00 0.0 0 5.3 15 220 M M 2 128 19 220
9 84 65 75 8 0 10 0.00 0.0 0 2.4 9 90 M M 3 128 12 100
10 85 62 74 7 0 9 0.00 0.0 0 2.8 10 70 M M 5 128 16 110
11 81 61 71 5 0 6 0.01 0.0 0 5.7 15 130 M M 4 128 19 140
12 88 63 76 10 0 11 0.00 0.0 0 5.5 12 50 M M 2 128 16 330
13 85 67 76 10 0 11 0.05 0.0 0 6.3 14 10 M M 2 12 18 40
14 78 71 75 9 0 10 0.02 0.0 0 7.1 16 60 M M 7 18 22 100
15 84 66 75 9 0 10 0.02 0.0 0 9.4 21 110 M M 5 18 26 110
16 85 74 80 14 0 15 0.00 0.0 0 10.0 18 120 M M 2 23 120
17 84 61 73 7 0 8 0.00 0.0 0 5.8 14 140 M M 1 1 18 110
18 85 66 76 10 0 11 0.04 0.0 0 8.1 18 130 M M 3 18 23 130
19 85 69 77 12 0 12 0.00 0.0 0 7.4 20 200 M M 4 12 24 210
20 85 70 78 13 0 13 0.05 0.0 0 7.8 17 60 M M 5 18 21 50
21 82 67 75 10 0 10 0.08 0.0 0 9.9 32 210 M M 7 12 43 200
22 68 48 58 -7 7 0 0.00 0.0 0 9.9 20 300 M M 3 27 290
23 75 50 63 -2 2 0 0.00 0.0 0 7.2 14 350 M M 0 16 350
24 80 52 66 1 0 1 0.00 0.0 0 3.6 12 80 M M 1 17 60
25 84 51 68 4 0 3 0.00 0.0 0 3.7 15 240 M M 1 1 19 240
26 82 53 68 4 0 3 0.00 0.0 0 3.2 13 280 M M 0 1 20 290
27 80 56 68 4 0 3 0.00 0.0 0 2.9 9 60 M M 0 12 12 40
28 81 55 68 4 0 3 0.00 0.0 0 3.2 14 190 M M 4 12 19 240
29 83 58 71 7 0 6 0.00 0.0 0 6.1 17 200 M M 3 1 21 210
30 84 56 70 6 0 5 0.00 0.0 0 4.0 13 190 M M 3 12 16 210
31 85 57 71 7 0 6 0.00 0.0 0 4.4 10 120 M M 1 12 14 210
================================================================================
SM 2533 1821 14 185 0.36 0.0 165.9 M 86
================================================================================
AV 81.7 58.7 5.4 FASTST M M 3 MAX(MPH)
MISC ----> 32 210 43 200
================================================================================
NOTES:
# LAST OF SEVERAL OCCURRENCES
COLUMN 17 PEAK WIND IN M.P.H.
PRELIMINARY LOCAL CLIMATOLOGICAL DATA (WS FORM: F-6) , PAGE 2
STATION: VERO BEACH
MONTH: DECEMBER
YEAR: 2021
LATITUDE: 27 39 N
LONGITUDE: 80 25 W
[TEMPERATURE DATA] [PRECIPITATION DATA] SYMBOLS USED IN COLUMN 16
AVERAGE MONTHLY: 70.2 TOTAL FOR MONTH: 0.36 1 = FOG OR MIST
DPTR FM NORMAL: 4.5 DPTR FM NORMAL: -2.18 2 = FOG REDUCING VISIBILITY
HIGHEST: 88 ON 12 GRTST 24HR 0.13 ON 20-21 TO 1/4 MILE OR LESS
LOWEST: 47 ON 3 3 = THUNDER
SNOW, ICE PELLETS, HAIL 4 = ICE PELLETS
TOTAL MONTH: 0.0 INCH 5 = HAIL
GRTST 24HR 0.0 6 = FREEZING RAIN OR DRIZZLE
GRTST DEPTH: 0 7 = DUSTSTORM OR SANDSTORM:
VSBY 1/2 MILE OR LESS
8 = SMOKE OR HAZE
[NO. OF DAYS WITH] [WEATHER - DAYS WITH] 9 = BLOWING SNOW
X = TORNADO
MAX 32 OR BELOW: 0 0.01 INCH OR MORE: 9
MAX 90 OR ABOVE: 0 0.10 INCH OR MORE: 0
MIN 32 OR BELOW: 0 0.50 INCH OR MORE: 0
MIN 0 OR BELOW: 0 1.00 INCH OR MORE: 0
[HDD (BASE 65) ]
TOTAL THIS MO. 14 CLEAR (SCALE 0-3) 20
DPTR FM NORMAL -75 PTCLDY (SCALE 4-7) 11
TOTAL FM JUL 1 23 CLOUDY (SCALE 8-10) 0
DPTR FM NORMAL -96
[CDD (BASE 65) ]
TOTAL THIS MO. 185
DPTR FM NORMAL 73 [PRESSURE DATA]
TOTAL FM JAN 1 3962 HIGHEST SLP 30.32 ON 14
DPTR FM NORMAL 407 LOWEST SLP 29.61 ON 21
[REMARKS]
#FINAL-12-21#
USED VRBF1 FOR MAX TEMP ON 12/11 AND 12/19 DUE TO ASOS ISSUES.