000
CXUS52 KMLB 011644
CF6VRB
PRELIMINARY LOCAL CLIMATOLOGICAL DATA (WS FORM: F-6)
STATION: VERO BEACH
MONTH: NOVEMBER
YEAR: 2020
LATITUDE: 27 39 N
LONGITUDE: 80 25 W
TEMPERATURE IN F: :PCPN: SNOW: WIND :SUNSHINE: SKY :PK WND
================================================================================
1 2 3 4 5 6A 6B 7 8 9 10 11 12 13 14 15 16 17 18
12Z AVG MX 2MIN
DY MAX MIN AVG DEP HDD CDD WTR SNW DPTH SPD SPD DIR MIN PSBL S-S WX SPD DR
================================================================================
1 83 73 78 5 0 13 0.49 0.0 0 7.5 18 90 M M 8 18 25 100
2 78 69 74 1 0 9 0.16 0.0 0 16.6 29 20 M M 7 1 38 30
3 78 69 74 1 0 9 0.00 0.0 0 13.3 20 60 M M 8 28 40
4 81 72 77 5 0 12 T 0.0 0 15.3 23 70 M M 8 29 60
5 84 75 80 8 0 15 0.03 0.0 0 13.9 21 70 M M 6 27 70
6 85 75 80 8 0 15 T 0.0 0 11.3 20 80 M M 4 25 70
7 82 73 78 6 0 13 0.21 0.0 0 17.3 26 80 M M 7 18 38 70
8 80 73 77 5 0 12 0.80 0.0 0 20.9 33 70 M M 9 18 45 60
9 84 76 80 9 0 15 0.24 0.0 0 19.5 31 90 M M 9 18 47 70
10 84 72 78 7 0 13 0.23 0.0 0 13.9 26 190 M M 7 1 33 190
11 85 75 80 9 0 15 0.26 0.0 0 16.6 28 130 M M 4 13 38 150
12 87 75 81 10 0 16 0.04 0.0 0 10.6 24 220 M M 6 1 31 220
13 83 73 78 7 0 13 T 0.0 0 6.5 14 20 M M 6 23 30
14 84 69 77 7 0 12 T 0.0 0 8.1 15 80 M M 3 1 20 60
15 81 70 76 6 0 11 1.74 0.0 0 5.4 15 130 M M 8 1 20 110
16 83 70 77 7 0 12 0.00 0.0 0 6.8 17 360 M M 5 1 22 360
17 79 70 75 5 0 10 0.00 0.0 0 12.6 25 10 M M 2 31 10
18 79 70 75 5 0 10 0.00 0.0 0 16.7 24 50 M M 6 34 30
19 79 68 74 4 0 9 T 0.0 0 15.8 25 80 M M 8 31 80
20 80 69 75 6 0 10 0.02 0.0 0 14.0 24 80 M M 6 8 30 80
21 78 71 75 6 0 10 0.60 0.0 0 11.2 23 60 M M 7 18 27 60
22 78 69 74 5 0 9 0.85 0.0 0 5.8 15 110 M M 6 18 20 100
23 77 64 71 2 0 6 0.00 0.0 0 10.4 24 350 M M 6 1 31 350
24 80 60 70 1 0 5 T 0.0 0 8.6 18 100 M M 3 26 100
25 81 62 72 4 0 7 0.00 0.0 0 7.9 17 120 M M 4 22 130
26 82 61 72 4 0 7 0.00 0.0 0 3.6 15 140 M M 1 18 140
27 82 60 71 3 0 6 0.00 0.0 0 2.6 12 50 M M 1 1 16 50
28 83 63 73 5 0 8 0.00 0.0 0 3.6 10 120 M M 1 12 120
29 82 64 73 5 0 8 0.00 0.0 0 6.1 13 140 M M 1 1 16 190
30 79 59 69 1 0 4 0.23 0.0 0 10.1 20 290 M M 4 13 25 230
================================================================================
SM 2441 2069 0 314 5.90 0.0 332.5 M 161
================================================================================
AV 81.4 69.0 11.1 FASTST M M 5 MAX(MPH)
MISC ----> 33 70 47 70
================================================================================
NOTES:
# LAST OF SEVERAL OCCURRENCES
COLUMN 17 PEAK WIND IN M.P.H.
PRELIMINARY LOCAL CLIMATOLOGICAL DATA (WS FORM: F-6) , PAGE 2
STATION: VERO BEACH
MONTH: NOVEMBER
YEAR: 2020
LATITUDE: 27 39 N
LONGITUDE: 80 25 W
[TEMPERATURE DATA] [PRECIPITATION DATA] SYMBOLS USED IN COLUMN 16
AVERAGE MONTHLY: 75.2 TOTAL FOR MONTH: 5.90 1 = FOG OR MIST
DPTR FM NORMAL: 5.0 DPTR FM NORMAL: 2.62 2 = FOG REDUCING VISIBILITY
HIGHEST: 87 ON 12 GRTST 24HR 1.74 ON 15-15 TO 1/4 MILE OR LESS
LOWEST: 59 ON 30 3 = THUNDER
SNOW, ICE PELLETS, HAIL 4 = ICE PELLETS
TOTAL MONTH: 0.0 INCH 5 = HAIL
GRTST 24HR 0.0 6 = FREEZING RAIN OR DRIZZLE
GRTST DEPTH: 0 7 = DUSTSTORM OR SANDSTORM:
VSBY 1/2 MILE OR LESS
8 = SMOKE OR HAZE
[NO. OF DAYS WITH] [WEATHER - DAYS WITH] 9 = BLOWING SNOW
X = TORNADO
MAX 32 OR BELOW: 0 0.01 INCH OR MORE: 14
MAX 90 OR ABOVE: 0 0.10 INCH OR MORE: 11
MIN 32 OR BELOW: 0 0.50 INCH OR MORE: 4
MIN 0 OR BELOW: 0 1.00 INCH OR MORE: 1
[HDD (BASE 65) ]
TOTAL THIS MO. 0 CLEAR (SCALE 0-3) 5
DPTR FM NORMAL -27 PTCLDY (SCALE 4-7) 20
TOTAL FM JUL 1 0 CLOUDY (SCALE 8-10) 5
DPTR FM NORMAL -30
[CDD (BASE 65) ]
TOTAL THIS MO. 314
DPTR FM NORMAL 131 [PRESSURE DATA]
TOTAL FM JAN 1 4192 HIGHEST SLP 30.35 ON 19
DPTR FM NORMAL 881 LOWEST SLP 29.77 ON 9
[REMARKS]
#FINAL-11-20#