000
CXUS51 KBTV 010700
CF6VSF
PRELIMINARY LOCAL CLIMATOLOGICAL DATA (WS FORM: F-6)
STATION: SPRINGFIELD VT
MONTH: JULY
YEAR: 2022
LATITUDE: 43 19 N
LONGITUDE: 72 31 W
TEMPERATURE IN F: :PCPN: SNOW: WIND :SUNSHINE: SKY :PK WND
================================================================================
1 2 3 4 5 6A 6B 7 8 9 10 11 12 13 14 15 16 17 18
12Z AVG MX 2MIN
DY MAX MIN AVG DEP HDD CDD WTR SNW DPTH SPD SPD DIR MIN PSBL S-S WX SPD DR
================================================================================
1 91 56 74 6 0 9 T M M 3.4 18 250 M M 0 26 260
2 86 58 72 4 0 7 0.03 M M 5.0 21 270 M M 4 26 280
3 83 55 69 1 0 4 0.00 M M 4.8 18 250 M M 0 24 250
4 80 50 65 -4 0 0 0.00 M M 2.7 20 270 M M 1 24 260
5 67 57 62 -7 3 0 0.52 M M 0.8 6 130 M M 8 1 8 180
6 76 56 66 -3 0 1 0.01 M M 3.6 13 30 M M 6 1 21 340
7 81 53 67 -2 0 2 T M M 1.0 9 160 M M 6 12 12 210
8 84 56 70 1 0 5 0.00 M M 3.8 16 290 M M 3 12 22 290
9 79 52 66 -3 0 1 0.00 M M 3.2 14 270 M M 1 18 280
10 81 44 63 -6 2 0 0.00 M M 1.9 10 170 M M 0 16 60
11 87 47 67 -2 0 2 0.00 M M 3.8 17 260 M M 0 1 24 260
12 88 64 76 6 0 11 0.34 M M 4.3 21 280 M M 4 123 28 280
13 83 59 71 1 0 6 T M M 3.1 15 260 M M 4 12 20 260
14 81 57 69 -1 0 4 T M M 2.7 16 280 M M 4 3 24 310
15 83 51 67 -3 0 2 0.00 M M 2.3 14 270 M M 2 1 18 300
16 85 55 70 0 0 5 0.00 M M 3.1 14 170 M M 2 17 190
17 89 60 75 5 0 10 0.00 0.0 0 2.5 12 180 M M 4 12 14 170
18 76 62 69 -1 0 4 0.27 M M 2.3 15 180 M M 7 1 23 170
19 91 68 80 10 0 15 0.01 M M 8.0 21 270 M M 3 1 29 280
20 95 66 81 11 0 16 0.00 M M 3.0 13 260 M M 1 17 250
21 90 65 78 8 0 13 0.04 M M 4.6 15 160 M M 1 3 22 160
22 92 63 78 8 0 13 0.01 M M 4.2 21 250 M M 4 123 26 250
23 95 60 78 8 0 13 0.00 M M 3.6 16 240 M M 1 12 21 180
24 95 63 79 9 0 14 T M M 4.9 21 250 M M 1 27 270
25 85 58 72 2 0 7 1.36 M M 4.6 17 270 M M 4 13 23 250
26 77 54 66 -4 0 1 0.00 M M 3.4 13 250 M M 2 12 18 250
27 81 52 67 -3 0 2 0.00 M M 1.6 9 270 M M 3 12 13 250
28 85 59 72 3 0 7 1.06 M M 1.6 22 280 M M 6 1238 30 330
29 85 62 74 5 0 9 T M M 4.4 18 260 M M 4 12 23 260
30 80 58 69 0 0 4 T M M 5.2 17 270 M M 4 22 270
31 83 55 69 0 0 4 0.00 M M 2.7 12 290 M M 1 12 15 240
================================================================================
SM 2614 1775 5 191 3.65 0.0 106.1 M 91
================================================================================
AV 84.3 57.3 3.4 FASTST M M 3 MAX(MPH)
MISC ----> 22 280 30 330
================================================================================
NOTES:
# LAST OF SEVERAL OCCURRENCES
COLUMN 17 PEAK WIND IN M.P.H.
PRELIMINARY LOCAL CLIMATOLOGICAL DATA (WS FORM: F-6) , PAGE 2
STATION: SPRINGFIELD VT
MONTH: JULY
YEAR: 2022
LATITUDE: 43 19 N
LONGITUDE: 72 31 W
[TEMPERATURE DATA] [PRECIPITATION DATA] SYMBOLS USED IN COLUMN 16
AVERAGE MONTHLY: 70.8 TOTAL FOR MONTH: 3.65 1 = FOG OR MIST
DPTR FM NORMAL: 1.5 DPTR FM NORMAL: -0.21 2 = FOG REDUCING VISIBILITY
HIGHEST: 95 ON 24,23 GRTST 24HR 1.36 ON 24-25 TO 1/4 MILE OR LESS
LOWEST: 44 ON 10 3 = THUNDER
SNOW, ICE PELLETS, HAIL 4 = ICE PELLETS
TOTAL MONTH: 0.0 INCH 5 = HAIL
GRTST 24HR 0.0 6 = FREEZING RAIN OR DRIZZLE
GRTST DEPTH: 0 7 = DUSTSTORM OR SANDSTORM:
VSBY 1/2 MILE OR LESS
8 = SMOKE OR HAZE
[NO. OF DAYS WITH] [WEATHER - DAYS WITH] 9 = BLOWING SNOW
X = TORNADO
MAX 32 OR BELOW: 0 0.01 INCH OR MORE: 10
MAX 90 OR ABOVE: 7 0.10 INCH OR MORE: 5
MIN 32 OR BELOW: 0 0.50 INCH OR MORE: 3
MIN 0 OR BELOW: 0 1.00 INCH OR MORE: 2
[HDD (BASE 65) ]
TOTAL THIS MO. 5 CLEAR (SCALE 0-3) 15
DPTR FM NORMAL -12 PTCLDY (SCALE 4-7) 16
TOTAL FM JUL 1 5 CLOUDY (SCALE 8-10) 0
DPTR FM NORMAL -4
[CDD (BASE 65) ]
TOTAL THIS MO. 191
DPTR FM NORMAL 41 [PRESSURE DATA]
TOTAL FM JAN 1 311 HIGHEST SLP M ON M
DPTR FM NORMAL 80 LOWEST SLP 29.56 ON 21
[REMARKS]
#FINAL-07-22#