000
CXUS56 KPQR 130717
CF6VUO
PRELIMINARY LOCAL CLIMATOLOGICAL DATA (WS FORM: F-6)
STATION: VANCOUVER WA
MONTH: APRIL
YEAR: 2023
LATITUDE: 45 37 N
LONGITUDE: 122 39 W
TEMPERATURE IN F: :PCPN: SNOW: WIND :SUNSHINE: SKY :PK WND
================================================================================
1 2 3 4 5 6A 6B 7 8 9 10 11 12 13 14 15 16 17 18
12Z AVG MX 2MIN
DY MAX MIN AVG DEP HDD CDD WTR SNW DPTH SPD SPD DIR MIN PSBL S-S WX SPD DR
================================================================================
1 51 42 47 -2 18 0 0.12 M M 7.0 21 280 M M 9 1 27 270
2 45 35 40 -9 25 0 0.23 M M 3.8 14 300 M M 9 1 17 300
3 48 37 43 -7 22 0 0.06 M M 4.6 16 250 M M 8 1 22 250
4 50 39 45 -5 20 0 0.18 M M 3.7 13 290 M M 8 1 16 270
5 53 40 47 -3 18 0 0.05 M M 5.8 12 110 M M 9 16 160
6 51 45 48 -2 17 0 0.72 M M 9.6 15 120 M M 10 1 18 120
7 58 44 51 1 14 0 0.22 M M 5.3 16 270 M M 9 18 20 290
8 57 46 52 2 13 0 T M M 6.9 12 120 M M 10 15 120
9 56 48 52 2 13 0 0.56 M M 6.3 13 120 M M 10 1 17 130
10 51 43 47 -3 18 0 1.04 M M 4.0 14 310 M M 10 1 20 330
11 54 42 48 -3 17 0 0.08 M M 6.1 16 110 M M 7 1 20 120
12 53 37 45 -6 20 0 0.23 M M 6.3 12 240 M M 10 1 21 190
13 55 34 45 -6 20 0 0.00 M M M M M M M M M M
14 61 35 48 -3 17 0 0.00 M M M M M M M M M M
15 59 39 49 -2 16 0 0.00 M M M M M M M M M M
16 54 44 49 -3 16 0 0.16 M M M M M M M M M M
17 52 42 47 -5 18 0 0.17 M M M M M M M M M M
18 50 39 45 -7 20 0 0.24 M M M M M M M M M M
19 50 41 46 -6 19 0 0.12 M M M M M M M M M M
20 50 35 43 -9 22 0 0.56 M M M M M M M M M M
21 58 43 51 -2 14 0 T M M M M M M M M M M
22 66 49 58 5 7 0 0.17 M M M M M M M M M M
23 56 48 52 -1 13 0 0.27 M M M M M M M M M M
24 59 46 53 0 12 0 T M M M M M M M M M M
25 67 37 52 -2 13 0 0.00 M M M M M M M M M M
26 77 43 60 6 5 0 0.00 M M M M M M M M M M
27 80 51 66 12 0 1 0.00 M M M M M M M M M M
28 88 47 68 14 0 3 0.00 M M M M M M M M M M
29 83 55 69 15 0 4 0.00 M M M M M M M M M M
30 64 50 57 2 8 0 0.00 M M M M M M M M M M
================================================================================
SM 1756 1276 435 8 5.18 M 69.4 M 109
================================================================================
AV 58.5 42.5 5.8 FASTST M M 9 MAX(MPH)
MISC ----> 21 280 27 270
================================================================================
NOTES:
# LAST OF SEVERAL OCCURRENCES
COLUMN 17 PEAK WIND IN M.P.H.
PRELIMINARY LOCAL CLIMATOLOGICAL DATA (WS FORM: F-6) , PAGE 2
STATION: VANCOUVER WA
MONTH: APRIL
YEAR: 2023
LATITUDE: 45 37 N
LONGITUDE: 122 39 W
[TEMPERATURE DATA] [PRECIPITATION DATA] SYMBOLS USED IN COLUMN 16
AVERAGE MONTHLY: 50.5 TOTAL FOR MONTH: 5.18 1 = FOG OR MIST
DPTR FM NORMAL: -1.2 DPTR FM NORMAL: 2.25 2 = FOG REDUCING VISIBILITY
HIGHEST: 88 ON 28 GRTST 24HR 1.07 ON 9-10 TO 1/4 MILE OR LESS
LOWEST: 34 ON 13 3 = THUNDER
SNOW, ICE PELLETS, HAIL 4 = ICE PELLETS
TOTAL MONTH: M 5 = HAIL
GRTST 24HR M ON M 6 = FREEZING RAIN OR DRIZZLE
GRTST DEPTH: M ON M 7 = DUSTSTORM OR SANDSTORM:
VSBY 1/2 MILE OR LESS
8 = SMOKE OR HAZE
[NO. OF DAYS WITH] [WEATHER - DAYS WITH] 9 = BLOWING SNOW
X = TORNADO
MAX 32 OR BELOW: 0 0.01 INCH OR MORE: 18
MAX 90 OR ABOVE: 0 0.10 INCH OR MORE: 15
MIN 32 OR BELOW: 0 0.50 INCH OR MORE: 4
MIN 0 OR BELOW: 0 1.00 INCH OR MORE: 1
[HDD (BASE 65) ]
TOTAL THIS MO. 435 CLEAR (SCALE 0-3) 0
DPTR FM NORMAL 35 PTCLDY (SCALE 4-7) 2
TOTAL FM JUL 1 4148 CLOUDY (SCALE 8-10) 28
DPTR FM NORMAL 65
[CDD (BASE 65) ]
TOTAL THIS MO. 8
DPTR FM NORMAL 7 [PRESSURE DATA]
TOTAL FM JAN 1 8 HIGHEST SLP M ON M
DPTR FM NORMAL 7 LOWEST SLP 29.79 ON 6
[REMARKS]
#FINAL-04-23#