000
CXUS56 KPQR 011730
CLMVUO
CLIMATE REPORT
NATIONAL WEATHER SERVICE PORTLAND OREGON
930 AM PST THU FEB 01 2024
...................................
...THE VANCOUVER WA CLIMATE SUMMARY FOR THE MONTH OF JANUARY 2024...
CLIMATE NORMAL PERIOD 1991 TO 2020
CLIMATE RECORD PERIOD 1891 TO 2024
WEATHER OBSERVED NORMAL DEPART LAST YEAR`S
VALUE DATE(S) VALUE FROM VALUE DATE(S)
NORMAL
................................................................
TEMPERATURE (F)
HIGHEST 57 53 01/08
01/09
LOWEST 16 17 01/30
AVG. MAXIMUM 44.2 47.0 -2.8 47.9
AVG. MINIMUM 34.0 34.4 -0.4 36.0
MEAN 39.1 40.7 -1.6 42.0
DAYS MAX >= 90 0 0.0 0.0 0
DAYS MAX <= 32 4 0.6 3.4 0
DAYS MIN <= 32 9 10.9 -1.9 9
DAYS MIN <= 0 0 0.0 0.0 0
PRECIPITATION (INCHES)
TOTALS 9.15 3.31
DAYS >= .01 25 20
DAYS >= .10 21 12
DAYS >= .50 8 1
DAYS >= 1.00 0 0
GREATEST
24 HR. TOTAL MM
DEGREE DAYS
HEATING TOTAL 795 708
SINCE 7/1 2303 MM
COOLING TOTAL 0 0
SINCE 1/1 0 MM
................................................................
WIND (MPH)
AVERAGE WIND SPEED 5.7
RESULTANT WIND SPEED/DIRECTION 4/130
HIGHEST WIND SPEED/DIRECTION 26/260 DATE 01/09
HIGHEST GUST SPEED/DIRECTION 42/260 DATE 01/09
SKY COVER
POSSIBLE SUNSHINE (PERCENT) MM
AVERAGE SKY COVER 0.78
AVERAGE RH (PERCENT) 80
WEATHER CONDITIONS. NUMBER OF DAYS WITH
THUNDERSTORM 0 MIXED PRECIP 0
HEAVY RAIN 4 RAIN 12
LIGHT RAIN 24 FREEZING RAIN 0
LT FREEZING RAIN 0 HAIL 0
HEAVY SNOW 0 SNOW 0
LIGHT SNOW 3 SLEET 0
FOG 23 FOG W/VIS <= 1/4 MILE 1
HAZE 4
- INDICATES NEGATIVE NUMBERS.
R INDICATES RECORD WAS SET OR TIED.
MM INDICATES DATA IS MISSING.
T INDICATES TRACE AMOUNT.
$$