000
CXUS51 KAKQ 011152
CF6WAL
PRELIMINARY LOCAL CLIMATOLOGICAL DATA (WS FORM: F-6)
STATION: WALLOPS ISLAND VA
MONTH: JUNE
YEAR: 2022
LATITUDE: 37 55 N
LONGITUDE: 75 28 W
TEMPERATURE IN F: :PCPN: SNOW: WIND :SUNSHINE: SKY :PK WND
================================================================================
1 2 3 4 5 6A 6B 7 8 9 10 11 12 13 14 15 16 17 18
12Z AVG MX 2MIN
DY MAX MIN AVG DEP HDD CDD WTR SNW DPTH SPD SPD DIR MIN PSBL S-S WX SPD DR
================================================================================
1 90 68 79 10 0 14 0.00 0.0 0 7.8 17 60 M M 3 1 20 60
2 92 70 81 12 0 16 0.32 0.0 0 7.7 35 310 M M 3 13 48 320
3 81 63 72 3 0 7 T 0.0 0 7.1 15 300 M M 3 21 360
4 80 62 71 1 0 6 0.00 0.0 0 7.0 13 140 M M 0 16 70
5 73 57 65 -5 0 0 0.00 0.0 0 11.1 28 60 M M 0 35 50
6 76 52 64 -6 1 0 0.00 0.0 0 7.0 15 140 M M 0 18 140
7 79 67 73 2 0 8 0.00 0.0 0 13.3 21 170 M M 2 27 160
8 88 71 80 9 0 15 T 0.0 0 11.1 18 190 M M 4 1 24 200
9 88 66 77 6 0 12 0.15 0.0 0 10.3 21 200 M M 5 1 27 190
10 78 60 69 -3 0 4 0.00 0.0 0 7.8 17 190 M M 1 22 180
11 81 63 72 0 0 7 0.00 0.0 0 7.2 14 170 M M 3 18 190
12 78 66 72 0 0 7 1.78 0.0 0 7.8 21 160 M M 3 123 24 160
13 86 69 78 5 0 13 0.00 0.0 0 7.1 18 190 M M 1 18 21 190
14 86 66 76 3 0 11 T 0.0 0 5.4 18 360 M M 3 138 23 360
15 83 63 73 0 0 8 0.00 0.0 0 6.0 13 140 M M 1 16 140
16 78 71 75 1 0 10 0.01 0.0 0 11.1 20 190 M M 5 3 26 190
17 96 73 85 11 0 20 0.04 0.0 0 8.0 21 230 M M 1 3 32 220
18 79 60 70 -4 0 5 0.00 0.0 0 10.1 24 310 M M 3 36 320
19 76 55 66 -8 0 1 0.00 0.0 0 9.7 22 300 M M 0 30 320
20 79 54 67 -8 0 2 0.00 0.0 0 7.4 16 320 M M 1 20 290
21 81 59 70 -5 0 5 0.00 0.0 0 8.9 16 190 M M 3 20 200
22 80 67 74 -1 0 9 0.05 0.0 0 12.7 23 130 M M 5 13 33 150
23 74 63 69 -7 0 4 0.02 0.0 0 8.9 17 50 M M 7 22 50
24 77 59 68 -8 0 3 0.00 0.0 0 6.3 13 140 M M 3 12 16 140
25 86 63 75 -1 0 10 0.00 0.0 0 7.3 15 180 M M 0 18 170
26 84 63 74 -2 0 9 0.00 0.0 0 10.8 20 180 M M 0 25 180
27 83 72 78 2 0 13 0.60 0.0 0 10.6 23 190 M M 7 13 28 200
28 78 65 72 -5 0 7 0.00 0.0 0 9.6 16 60 M M 3 23 330
29 81 63 72 -5 0 7 0.00 0.0 0 8.8 20 190 M M 1 24 180
30 86 68 77 0 0 12 0.00 0.0 0 10.4 21 180 M M 2 26 190
================================================================================
SM 2457 1918 1 245 2.97 0.0 264.3 M 73
================================================================================
AV 81.9 63.9 8.8 FASTST M M 2 MAX(MPH)
MISC ----> 35 310 48 320
================================================================================
NOTES:
# LAST OF SEVERAL OCCURRENCES
COLUMN 17 PEAK WIND IN M.P.H.
PRELIMINARY LOCAL CLIMATOLOGICAL DATA (WS FORM: F-6) , PAGE 2
STATION: WALLOPS ISLAND VA
MONTH: JUNE
YEAR: 2022
LATITUDE: 37 55 N
LONGITUDE: 75 28 W
[TEMPERATURE DATA] [PRECIPITATION DATA] SYMBOLS USED IN COLUMN 16
AVERAGE MONTHLY: 72.9 TOTAL FOR MONTH: 2.97 1 = FOG OR MIST
DPTR FM NORMAL: -0.3 DPTR FM NORMAL: -0.42 2 = FOG REDUCING VISIBILITY
HIGHEST: 96 ON 17 GRTST 24HR 1.78 ON 12-12 TO 1/4 MILE OR LESS
LOWEST: 52 ON 6 3 = THUNDER
SNOW, ICE PELLETS, HAIL 4 = ICE PELLETS
TOTAL MONTH: 0.0 INCH 5 = HAIL
GRTST 24HR 0.0 6 = FREEZING RAIN OR DRIZZLE
GRTST DEPTH: 0 7 = DUSTSTORM OR SANDSTORM:
VSBY 1/2 MILE OR LESS
8 = SMOKE OR HAZE
[NO. OF DAYS WITH] [WEATHER - DAYS WITH] 9 = BLOWING SNOW
X = TORNADO
MAX 32 OR BELOW: 0 0.01 INCH OR MORE: 8
MAX 90 OR ABOVE: 3 0.10 INCH OR MORE: 4
MIN 32 OR BELOW: 0 0.50 INCH OR MORE: 2
MIN 0 OR BELOW: 0 1.00 INCH OR MORE: 1
[HDD (BASE 65) ]
TOTAL THIS MO. 1 CLEAR (SCALE 0-3) 22
DPTR FM NORMAL -10 PTCLDY (SCALE 4-7) 8
TOTAL FM JUL 1 3610 CLOUDY (SCALE 8-10) 0
DPTR FM NORMAL -346
[CDD (BASE 65) ]
TOTAL THIS MO. 245
DPTR FM NORMAL -12 [PRESSURE DATA]
TOTAL FM JAN 1 355 HIGHEST SLP 30.27 ON 29
DPTR FM NORMAL 1 LOWEST SLP 29.64 ON 2
[REMARKS]
#FINAL-06-22#