901
CXUS56 KLKN 302310
CF6WMC
PRELIMINARY LOCAL CLIMATOLOGICAL DATA (WS FORM: F-6)
STATION: WINNEMUCCA AIRPORT NV
MONTH: APRIL
YEAR: 2020
LATITUDE: 40 54 N
LONGITUDE: 117 48 W
TEMPERATURE IN F: :PCPN: SNOW: WIND :SUNSHINE: SKY :PK WND
================================================================================
1 2 3 4 5 6A 6B 7 8 9 10 11 12 13 14 15 16 17 18
12Z AVG MX 2MIN
DY MAX MIN AVG DEP HDD CDD WTR SNW DPTH SPD SPD DIR MIN PSBL S-S WX SPD DR
================================================================================
1 47 20 34 -10 31 0 0.07 T 0 9.4 23 10 M M 9 1 31 350
2 49 9 29 -15 36 0 0.01 T 0 5.1 17 70 M M 2 22 50
3 55 19 37 -7 28 0 0.00 0.0 0 7.8 18 270 M M 2 24 270
4 58 13 36 -8 29 0 0.00 0.0 0 7.7 29 280 M M 3 37 280
5 64 27 46 2 19 0 T 0.0 0 10.4 24 210 M M 5 36 230
6 53 40 47 3 18 0 0.11 0.0 0 5.4 18 250 M M 4 1 24 250
7 66 30 48 4 17 0 0.00 0.0 0 4.9 20 80 M M 2 22 80
8 71 30 51 6 14 0 0.00 0.0 0 14.6 30 40 M M 1 38 40
9 70 44 57 12 8 0 0.00 0.0 0 12.6 31 160 M M 2 8 39 160
10 67 29 48 3 17 0 0.00 0.0 0 6.7 15 160 M M 1 21 160
11 67 28 48 3 17 0 0.00 0.0 0 9.3 21 360 M M 1 28 330
12 57 28 43 -3 22 0 0.00 0.0 0 8.0 16 360 M M 0 22 30
13 53 19 36 -10 29 0 0.00 0.0 0 9.0 18 340 M M 2 23 350
14 62 11 37 -9 28 0 0.00 0.0 0 6.9 16 330 M M 0 24 290
15 69 28 49 3 16 0 0.00 0.0 0 9.3 21 350 M M 4 30 340
16 59 34 47 1 18 0 0.00 0.0 0 10.2 20 60 M M 2 25 60
17 65 32 49 2 16 0 0.00 0.0 0 8.9 20 40 M M 0 27 50
18 70 22 46 -1 19 0 0.00 0.0 0 7.4 26 280 M M 2 8 33 280
19 58 31 45 -2 20 0 0.05 0.0 0 6.6 24 290 M M 4 31 290
20 70 26 48 0 17 0 0.00 0.0 0 4.4 10 20 M M 4 14 30
21 74 40 57 9 8 0 0.00 0.0 0 4.8 18 310 M M 4 25 350
22 75 36 56 8 9 0 T 0.0 0 8.0 23 290 M M 3 31 280
23 70 38 54 6 11 0 0.00 0.0 0 12.0 24 310 M M 2 33 310
24 74 28 51 2 14 0 0.00 0.0 0 7.5 17 280 M M 3 23 320
25 75 37 56 7 9 0 0.00 0.0 0 6.5 20 260 M M 0 25 260
26 79 39 59 10 6 0 0.00 0.0 0 4.4 17 260 M M 1 22 260
27 77 45 61 11 4 0 0.00 0.0 0 7.8 23 300 M M 2 30 300
28 82 37 60 10 5 0 0.00 0.0 0 5.4 15 40 M M 0 24 340
29 90 51 71 21 0 6 0.00 0.0 0 9.3 24 260 M M 0 31 260
30 81 51 66 16 0 1 0.00 0.0 0 13.0 35 250 M M 0 44 240
================================================================================
SM 2007 922 485 7 0.24 T 243.3 M 65
================================================================================
AV 66.9 30.7 8.1 FASTST M M 2 MAX(MPH)
MISC ----> # 35 250 # 44 240
================================================================================
NOTES:
# LAST OF SEVERAL OCCURRENCES
COLUMN 17 PEAK WIND IN M.P.H.
PRELIMINARY LOCAL CLIMATOLOGICAL DATA (WS FORM: F-6) , PAGE 2
STATION: WINNEMUCCA AIRPORT NV
MONTH: APRIL
YEAR: 2020
LATITUDE: 40 54 N
LONGITUDE: 117 48 W
[TEMPERATURE DATA] [PRECIPITATION DATA] SYMBOLS USED IN COLUMN 16
AVERAGE MONTHLY: 48.8 TOTAL FOR MONTH: 0.24 1 = FOG OR MIST
DPTR FM NORMAL: 2.2 DPTR FM NORMAL: -0.65 2 = FOG REDUCING VISIBILITY
HIGHEST: 90 ON 29 GRTST 24HR 0.11 ON 6- 6 TO 1/4 MILE OR LESS
LOWEST: 9 ON 2 3 = THUNDER
SNOW, ICE PELLETS, HAIL 4 = ICE PELLETS
TOTAL MONTH: T 5 = HAIL
GRTST 24HR T ON 2- 2 6 = FREEZING RAIN OR DRIZZLE
GRTST DEPTH: 0 7 = DUSTSTORM OR SANDSTORM:
VSBY 1/2 MILE OR LESS
8 = SMOKE OR HAZE
[NO. OF DAYS WITH] [WEATHER - DAYS WITH] 9 = BLOWING SNOW
X = TORNADO
MAX 32 OR BELOW: 0 0.01 INCH OR MORE: 4
MAX 90 OR ABOVE: 1 0.10 INCH OR MORE: 1
MIN 32 OR BELOW: 18 0.50 INCH OR MORE: 0
MIN 0 OR BELOW: 0 1.00 INCH OR MORE: 0
[HDD (BASE 65) ]
TOTAL THIS MO. 485 CLEAR (SCALE 0-3) 21
DPTR FM NORMAL -67 PTCLDY (SCALE 4-7) 8
TOTAL FM JUL 1 5638 CLOUDY (SCALE 8-10) 1
DPTR FM NORMAL -242
[CDD (BASE 65) ]
TOTAL THIS MO. 7
DPTR FM NORMAL 7 [PRESSURE DATA]
TOTAL FM JAN 1 7 HIGHEST SLP 30.39 ON 14
DPTR FM NORMAL 7 LOWEST SLP 29.49 ON 5
[REMARKS]
#FINAL-04-20#