000
CXUS55 KLKN 021822
CLSWMC
CLIMATE REPORT
NATIONAL WEATHER SERVICE ELKO, NV
1022 AM PST SAT DEC 02 2023
...................................
...THE WINNEMUCCA AIRPORT NV CLIMATE SUMMARY FOR THE SEASON, FROM
9/1/2023 TO 11/30/2023...
CLIMATE NORMAL PERIOD 1991 TO 2020
CLIMATE RECORD PERIOD 1877 TO 2023
WEATHER OBSERVED NORMAL DEPART LAST YEAR`S
VALUE DATE(S) VALUE FROM VALUE
NORMAL
..............................................................
TEMPERATURE (F)
RECORD
HIGH 106 09/06/2022
LOW -10 11/25/2010
HIGHEST 89 09/09 95 -6 106
09/17
09/18
LOWEST 7 10/29 6 1 -1
AVG. MAXIMUM 68.0 68.6 -0.6 69.0
AVG. MINIMUM 32.3 31.5 0.8 30.5
MEAN 50.1 50.0 0.1 49.8
DAYS MAX >= 90 0 7.0 -7.0 12
DAYS MAX <= 32 0 0.9 -0.9 1
DAYS MIN <= 32 39 50.6 -11.6 52
DAYS MIN <= 0 0 0.5 -0.5 1
PRECIPITATION (INCHES)
RECORD
MAXIMUM 4.79 1998
MINIMUM 0.07 1929
TOTALS 2.91 1.81 1.10 1.08
DAILY AVG. 0.03 0.02 0.01 0.01
DAYS >= .01 14 13.5 0.5 13
DAYS >= .10 6 5.7 0.3 5
DAYS >= .50 2 0.4 1.6 0
DAYS >= 1.00 1 0.1 0.9 0
SNOWFALL (INCHES)
RECORDS
TOTAL 19.6 1985
TOTALS T 3.1 -3.1 2.5
DAYS >= 1.0 0 1.0 -1.0 1
GREATEST
SNOW DEPTH 0 0
DEGREE DAYS
HEATING TOTAL 1356 1410 -54 1501
COOLING TOTAL 27 49 -22 136
..............................................................
WIND (MPH)
AVERAGE WIND SPEED 5.5
HIGHEST WIND SPEED/DIRECTION 38/240 DATE 09/03
HIGHEST GUST SPEED/DIRECTION 55/240 DATE 09/03
AVERAGE RH (PERCENT) 51
WEATHER CONDITIONS. NUMBER OF DAYS WITH
THUNDERSTORM 5 MIXED PRECIP 0
HEAVY RAIN 3 RAIN 4
LIGHT RAIN 19 FREEZING RAIN 0
LT FREEZING RAIN 0 HAIL 0
HEAVY SNOW 0 SNOW 0
LIGHT SNOW 5 SLEET 0
FOG 8 FOG W/VIS <= 1/4 MILE 0
HAZE 3
- INDICATES NEGATIVE NUMBERS.
R INDICATES RECORD WAS SET OR TIED.
MM INDICATES DATA IS MISSING.
T INDICATES TRACE AMOUNT.
=====================================================================
...WARMER THAN NORMAL METEOROLOGICAL FALL IN WINNEMUCCA...
...WETTER THAN NORMAL METEOROLOGICAL FALL IN WINNEMUCCA...
$$