000
CXUS55 KRIW 012030
CF6WRL
PRELIMINARY LOCAL CLIMATOLOGICAL DATA (WS FORM: F-6)
STATION: WORLAND WY
MONTH: AUGUST
YEAR: 2022
LATITUDE: 43 58 N
LONGITUDE: 107 57 W
TEMPERATURE IN F: :PCPN: SNOW: WIND :SUNSHINE: SKY :PK WND
================================================================================
1 2 3 4 5 6A 6B 7 8 9 10 11 12 13 14 15 16 17 18
12Z AVG MX 2MIN
DY MAX MIN AVG DEP HDD CDD WTR SNW DPTH SPD SPD DIR MIN PSBL S-S WX SPD DR
================================================================================
1 98 56 77 4 0 12 0.00 M M 6.4 15 30 M M 0 23 360
2 82 62 72 -1 0 7 T M M 6.6 17 320 M M 2 3 28 10
3 93 53 73 0 0 8 0.00 M M 4.7 12 230 M M 0 18 220
4 98 56 77 4 0 12 0.00 M M 5.7 23 310 M M 0 32 310
5 91 62 77 5 0 12 0.13 M M 7.8 29 340 M M 3 1 38 340
6 65 54 60 -12 5 0 0.11 M M 5.8 20 340 M M 9 13 26 350
7 81 51 66 -6 0 1 0.00 M M 3.3 10 40 M M 5 1 14 50
8 91 50 71 -1 0 6 0.00 M M 3.3 12 150 M M 0 14 310
9 97 51 74 2 0 9 0.00 M M 4.9 10 100 M M 0 15 360
10 103 57 80 8 0 15 0.00 M M 5.2 14 120 M M 0 18 130
11 94 62 78 7 0 13 0.02 M M 7.9 33 300 M M 1 3 43 320
12 93 61 77 6 0 12 T M M 8.0 23 140 M M 3 3 31 160
13 92 54 73 2 0 8 T M M 6.0 26 340 M M 2 37 340
14 85 63 74 3 0 9 T M M 6.2 21 100 M M 3 25 100
15 91 55 73 3 0 8 0.00 M M 6.6 20 120 M M 0 27 130
16 95 57 76 6 0 11 0.00 M M 5.9 14 120 M M 0 21 120
17 96 58 77 7 0 12 0.00 M M 6.2 16 350 M M 0 21 350
18 91 53 72 2 0 7 0.00 M M 4.7 10 360 M M 0 15 70
19 89 54 72 3 0 7 0.00 M M 5.4 18 130 M M 0 25 130
20 91 54 73 4 0 8 0.00 M M 5.1 15 130 M M 0 20 230
21 94 51 73 4 0 8 0.00 M M 4.6 12 130 M M 0 15 320
22 92 58 75 7 0 10 0.00 M M 5.0 28 170 M M 0 18 180
23 90 56 73 5 0 8 T M M 5.3 22 310 M M M 30 320
24 86 54 70 2 0 5 T M M 6.0 21 250 M M M 26 250
25 78 59 69 2 0 4 T M M 4.4 14 90 M M M 20 80
26 88 52 70 3 0 5 0.00 M M 5.4 29 360 M M M 41 340
27 90 48 69 2 0 4 0.00 M M 5.8 23 330 M M M 33 310
28 79 54 67 1 0 2 0.00 M M 6.0 15 310 M M M 18 300
29 87 46 67 1 0 2 0.00 M M M M M M M M M M
30 92 47 70 4 0 5 0.00 M M 3.9 13 130 M M M 16 120
31 95 50 73 8 0 8 0.00 M M 5.5 10 120 M M M 12 170
================================================================================
SM 2787 1698 5 238 0.26 M 167.6 M 28
================================================================================
AV 89.9 54.8 5.6 FASTST M M 1 MAX(MPH)
MISC ----> 33 300 43 320
================================================================================
NOTES:
# LAST OF SEVERAL OCCURRENCES
COLUMN 17 PEAK WIND IN M.P.H.
PRELIMINARY LOCAL CLIMATOLOGICAL DATA (WS FORM: F-6) , PAGE 2
STATION: WORLAND WY
MONTH: AUGUST
YEAR: 2022
LATITUDE: 43 58 N
LONGITUDE: 107 57 W
[TEMPERATURE DATA] [PRECIPITATION DATA] SYMBOLS USED IN COLUMN 16
AVERAGE MONTHLY: 72.3 TOTAL FOR MONTH: 0.26 1 = FOG OR MIST
DPTR FM NORMAL: 2.5 DPTR FM NORMAL: -0.14 2 = FOG REDUCING VISIBILITY
HIGHEST: 103 ON 10 GRTST 24HR 0.21 ON 5- 6 TO 1/4 MILE OR LESS
LOWEST: 46 ON 29 3 = THUNDER
SNOW, ICE PELLETS, HAIL 4 = ICE PELLETS
TOTAL MONTH: M 5 = HAIL
GRTST 24HR M ON M 6 = FREEZING RAIN OR DRIZZLE
GRTST DEPTH: M ON M 7 = DUSTSTORM OR SANDSTORM:
VSBY 1/2 MILE OR LESS
8 = SMOKE OR HAZE
[NO. OF DAYS WITH] [WEATHER - DAYS WITH] 9 = BLOWING SNOW
X = TORNADO
MAX 32 OR BELOW: 0 0.01 INCH OR MORE: 3
MAX 90 OR ABOVE: 21 0.10 INCH OR MORE: 2
MIN 32 OR BELOW: 0 0.50 INCH OR MORE: 0
MIN 0 OR BELOW: 0 1.00 INCH OR MORE: 0
[HDD (BASE 65) ]
TOTAL THIS MO. 5 CLEAR (SCALE 0-3) 20
DPTR FM NORMAL -22 PTCLDY (SCALE 4-7) 1
TOTAL FM JUL 1 5 CLOUDY (SCALE 8-10) 10
DPTR FM NORMAL -29
[CDD (BASE 65) ]
TOTAL THIS MO. 238
DPTR FM NORMAL 63 [PRESSURE DATA]
TOTAL FM JAN 1 615 HIGHEST SLP M ON M
DPTR FM NORMAL 118 LOWEST SLP 29.50 ON 27
[REMARKS]
#FINAL-08-22#