000
CXUS54 KFWD 010731
CF6XBP
PRELIMINARY LOCAL CLIMATOLOGICAL DATA (WS FORM: F-6)
STATION: BRIDGEPORT
MONTH: OCTOBER
YEAR: 2020
LATITUDE: 33 10 N
LONGITUDE: 96 30 W
TEMPERATURE IN F: :PCPN: SNOW: WIND :SUNSHINE: SKY :PK WND
================================================================================
1 2 3 4 5 6A 6B 7 8 9 10 11 12 13 14 15 16 17 18
12Z AVG MX 2MIN
DY MAX MIN AVG DEP HDD CDD WTR SNW DPTH SPD SPD DIR MIN PSBL S-S WX SPD DR
================================================================================
1 79 49 64 -5 1 0 0.00 0.0 0 3.8 13 60 M M 0 18 70
2 76 42 59 -9 6 0 0.00 0.0 0 3.7 8 140 M M 0 M M
3 83 48 66 -2 0 1 0.00 0.0 0 4.7 13 200 M M 1 22 210
4 79 49 64 -4 1 0 0.00 0.0 0 5.4 13 50 M M 1 16 60
5 80 44 62 -5 3 0 0.00 0.0 0 4.7 13 130 M M 0 17 140
6 87 52 70 3 0 5 0.00 0.0 0 2.6 7 170 M M 0 M M
7 89 56 73 6 0 8 0.00 0.0 0 4.7 9 150 M M 0 1 M M
8 87 53 70 4 0 5 0.00 0.0 0 2.4 8 130 M M 0 M M
9 87 58 73 7 0 8 0.00 0.0 0 2.9 7 160 M M 4 1 M M
10 89 58 74 8 0 9 0.00 0.0 0 2.9 9 150 M M 3 12 M M
11 96 60 78 13 0 13 0.00 0.0 0 6.4 18 200 M M 0 1 24 200
12 81 44 63 -2 2 0 0.00 0.0 0 8.1 16 350 M M 0 8 27 350
13 83 38 61 -4 4 0 0.00 0.0 0 2.7 9 160 M M 0 M M
14 93 50 72 8 0 7 0.00 0.0 0 7.4 18 200 M M 0 23 200
15 79 59 69 5 0 4 0.00 0.0 0 11.1 23 50 M M 6 35 40
16 71 42 57 -7 8 0 0.00 0.0 0 5.4 10 60 M M 0 M M
17 81 51 66 2 0 1 0.00 0.0 0 11.3 17 170 M M 0 24 170
18 88 52 70 7 0 5 0.00 0.0 0 11.0 16 180 M M 4 23 180
19 60 49 55 -8 10 0 0.00 0.0 0 3.2 8 330 M M 8 1 M M
20 88 56 72 9 0 7 0.00 0.0 0 5.9 15 170 M M 5 23 170
21 86 63 75 13 0 10 0.00 0.0 0 6.8 14 160 M M 1 21 160
22 86 67 77 15 0 12 0.00 0.0 0 9.1 16 170 M M 1 3 23 160
23 74 47 61 -1 4 0 0.10 0.0 M 11.1 16 350 M M 9 3 27 350
24 59 40 50 -12 15 0 0.00 0.0 0 4.8 10 10 M M 4 16 10
25 62 46 54 -7 11 0 0.01 0.0 0 6.8 13 60 M M 8 1 M M
26 51 34 43 -18 22 0 0.01 0.0 0 10.2 14 350 M M 10 22 360
27 37 33 35 -26 30 0 M 0.0 0 8.6 13 10 M M 10 1 17 20
28 45 36 41 -19 24 0 0.01 M 0 9.1 16 280 M M 9 22 330
29 61 36 49 -11 16 0 0.00 0.0 0 9.2 15 330 M M 6 24 330
30 68 31 50 -10 15 0 0.01 M 0 1.6 6 170 M M 0 M M
31 74 35 55 -4 10 0 0.00 0.0 0 3.1 13 200 M M 0 17 200
================================================================================
SM 2359 1478 182 95 0.14 0.0 190.7 M 90
================================================================================
AV 76.1 47.7 6.2 FASTST M M 3 MAX(MPH)
MISC ----> # 23 50 # 35 40
================================================================================
NOTES:
# LAST OF SEVERAL OCCURRENCES
COLUMN 17 PEAK WIND IN M.P.H.
PRELIMINARY LOCAL CLIMATOLOGICAL DATA (WS FORM: F-6) , PAGE 2
STATION: BRIDGEPORT
MONTH: OCTOBER
YEAR: 2020
LATITUDE: 33 10 N
LONGITUDE: 96 30 W
[TEMPERATURE DATA] [PRECIPITATION DATA] SYMBOLS USED IN COLUMN 16
AVERAGE MONTHLY: 61.9 TOTAL FOR MONTH: 0.14 1 = FOG OR MIST
DPTR FM NORMAL: -2.0 DPTR FM NORMAL: -3.87 2 = FOG REDUCING VISIBILITY
HIGHEST: 96 ON 11 GRTST 24HR 0.10 ON 23-23 TO 1/4 MILE OR LESS
LOWEST: 31 ON 30 3 = THUNDER
SNOW, ICE PELLETS, HAIL 4 = ICE PELLETS
TOTAL MONTH: 0.0 INCH 5 = HAIL
GRTST 24HR 0.0 6 = FREEZING RAIN OR DRIZZLE
GRTST DEPTH: 0 7 = DUSTSTORM OR SANDSTORM:
VSBY 1/2 MILE OR LESS
8 = SMOKE OR HAZE
[NO. OF DAYS WITH] [WEATHER - DAYS WITH] 9 = BLOWING SNOW
X = TORNADO
MAX 32 OR BELOW: 0 0.01 INCH OR MORE: 5
MAX 90 OR ABOVE: 2 0.10 INCH OR MORE: 1
MIN 32 OR BELOW: 1 0.50 INCH OR MORE: 0
MIN 0 OR BELOW: 0 1.00 INCH OR MORE: 0
[HDD (BASE 65) ]
TOTAL THIS MO. 182 CLEAR (SCALE 0-3) 19
DPTR FM NORMAL 62 PTCLDY (SCALE 4-7) 7
TOTAL FM JUL 1 193 CLOUDY (SCALE 8-10) 5
DPTR FM NORMAL 57
[CDD (BASE 65) ]
TOTAL THIS MO. 95
DPTR FM NORMAL 9 [PRESSURE DATA]
TOTAL FM JAN 1 2269 HIGHEST SLP M ON M
DPTR FM NORMAL 116 LOWEST SLP M ON M
[REMARKS]
#FINAL-10-20#