000
CXUS54 KFWD 010730
CF6XBP
PRELIMINARY LOCAL CLIMATOLOGICAL DATA (WS FORM: F-6)
STATION: BRIDGEPORT
MONTH: AUGUST
YEAR: 2023
LATITUDE: 33 10 N
LONGITUDE: 96 30 W
TEMPERATURE IN F: :PCPN: SNOW: WIND :SUNSHINE: SKY :PK WND
================================================================================
1 2 3 4 5 6A 6B 7 8 9 10 11 12 13 14 15 16 17 18
12Z AVG MX 2MIN
DY MAX MIN AVG DEP HDD CDD WTR SNW DPTH SPD SPD DIR MIN PSBL S-S WX SPD DR
================================================================================
1 107 74 91 8 0 26 0.00 M M 4.8 10 140 M M 0 18 140
2 107 75 91 8 0 26 0.00 M M 7.1 14 170 M M 0 21 200
3 107 83 95 12 0 30 0.00 M M 8.7 14 150 M M 0 18 150
4 107 84 96 13 0 31 0.00 M M 7.8 13 200 M M 1 22 220
5 108 85 97 14 0 32 0.00 M M 8.2 14 30 M M 0 18 30
6 106 82 94 11 0 29 0.00 M M 7.7 14 160 M M 0 17 180
7 103 78 91 8 0 26 0.00 M M 7.4 13 70 M M 0 20 110
8 104 82 93 10 0 28 0.00 M M 10.5 16 150 M M 0 24 140
9 109 76 93 10 0 28 0.17 M M 10.3 17 220 M M 0 28 210
10 107 73 90 7 0 25 0.00 M M 3.8 12 170 M M 0 16 160
11 109 85 97 14 0 32 0.00 M M 8.6 16 180 M M 0 22 210
12 108 83 96 13 0 31 0.00 M M 9.3 14 160 M M 0 21 210
13 108 79 94 11 0 29 0.00 M M 8.8 15 200 M M 0 20 200
14 96 73 85 2 0 20 0.00 M M 7.5 14 20 M M 0 22 10
15 96 69 83 0 0 18 0.00 M M 4.1 10 20 M M 0 25 330
16 99 62 81 -2 0 16 0.00 M M 3.7 9 130 M M 0 8 M M
17 111 68 90 7 0 25 0.00 M M 4.7 12 150 M M 0 8 M M
18 111 72 92 9 0 27 0.00 M M 5.3 13 190 M M 1 8 17 260
19 108 80 94 11 0 29 0.00 M M 6.2 10 130 M M 0 20 220
20 109 74 92 10 0 27 0.00 M M 4.1 13 110 M M 0 22 110
21 106 74 90 8 0 25 0.00 M M 5.5 13 90 M M 0 21 70
22 104 76 90 8 0 25 0.00 M M 4.0 10 120 M M 0 21 120
23 103 75 89 7 0 24 0.00 M M 3.8 12 160 M M 0 18 140
24 105 74 90 8 0 25 0.00 M M 2.9 7 170 M M 0 M M
25 109 76 93 11 0 28 0.00 M M 3.2 9 120 M M 1 M M
26 109 79 94 12 0 29 0.00 M M 2.6 16 360 M M 1 24 360
27 96 76 86 5 0 21 0.09 M M 4.3 10 230 M M 1 25 360
28 95 69 82 1 0 17 0.00 M M 5.8 16 20 M M 0 22 20
29 98 64 81 0 0 16 0.00 M M 2.7 8 50 M M 1 17 320
30 98 67 83 3 0 18 0.00 M M 2.4 10 360 M M 1 18 40
31 100 65 83 3 0 18 0.00 M M 2.5 7 110 M M 0 M M
================================================================================
SM 3243 2332 0 781 0.26 M 178.2 M 7
================================================================================
AV104.6 75.2 5.7 FASTST M M 0 MAX(MPH)
MISC ----> 17 220 28 210
================================================================================
NOTES:
# LAST OF SEVERAL OCCURRENCES
COLUMN 17 PEAK WIND IN M.P.H.
PRELIMINARY LOCAL CLIMATOLOGICAL DATA (WS FORM: F-6) , PAGE 2
STATION: BRIDGEPORT
MONTH: AUGUST
YEAR: 2023
LATITUDE: 33 10 N
LONGITUDE: 96 30 W
[TEMPERATURE DATA] [PRECIPITATION DATA] SYMBOLS USED IN COLUMN 16
AVERAGE MONTHLY: 89.9 TOTAL FOR MONTH: 0.26 1 = FOG OR MIST
DPTR FM NORMAL: 7.4 DPTR FM NORMAL: -1.72 2 = FOG REDUCING VISIBILITY
HIGHEST: 111 ON 18,17 GRTST 24HR 0.17 ON 9- 9 TO 1/4 MILE OR LESS
LOWEST: 62 ON 16 3 = THUNDER
SNOW, ICE PELLETS, HAIL 4 = ICE PELLETS
TOTAL MONTH: M 5 = HAIL
GRTST 24HR M ON M 6 = FREEZING RAIN OR DRIZZLE
GRTST DEPTH: M ON M 7 = DUSTSTORM OR SANDSTORM:
VSBY 1/2 MILE OR LESS
8 = SMOKE OR HAZE
[NO. OF DAYS WITH] [WEATHER - DAYS WITH] 9 = BLOWING SNOW
X = TORNADO
MAX 32 OR BELOW: 0 0.01 INCH OR MORE: 2
MAX 90 OR ABOVE: 31 0.10 INCH OR MORE: 1
MIN 32 OR BELOW: 0 0.50 INCH OR MORE: 0
MIN 0 OR BELOW: 0 1.00 INCH OR MORE: 0
[HDD (BASE 65) ]
TOTAL THIS MO. 0 CLEAR (SCALE 0-3) 31
DPTR FM NORMAL 0 PTCLDY (SCALE 4-7) 0
TOTAL FM JUL 1 0 CLOUDY (SCALE 8-10) 0
DPTR FM NORMAL 0
[CDD (BASE 65) ]
TOTAL THIS MO. 781
DPTR FM NORMAL 239 [PRESSURE DATA]
TOTAL FM JAN 1 2325 HIGHEST SLP M ON M
DPTR FM NORMAL 565 LOWEST SLP M ON M
[REMARKS]
#FINAL-08-23#