000
CXUS54 KTSA 011331
CF6XNA
PRELIMINARY LOCAL CLIMATOLOGICAL DATA (WS FORM: F-6)
STATION: HIGHFILL ARKANSAS
MONTH: DECEMBER
YEAR: 2023
LATITUDE: 36 16 N
LONGITUDE: 94 19 W
TEMPERATURE IN F: :PCPN: SNOW: WIND :SUNSHINE: SKY :PK WND
================================================================================
1 2 3 4 5 6A 6B 7 8 9 10 11 12 13 14 15 16 17 18
12Z AVG MX 2MIN
DY MAX MIN AVG DEP HDD CDD WTR SNW DPTH SPD SPD DIR MIN PSBL S-S WX SPD DR
================================================================================
1 52 41 47 4 18 0 0.01 0.0 M 8.0 15 280 M M 10 1 21 280
2 52 40 46 3 19 0 0.03 0.0 M 5.8 20 270 M M 8 1 25 270
3 59 29 44 2 21 0 T 0.0 M 8.0 24 280 M M 2 12 36 290
4 51 35 43 1 22 0 T 0.0 M 8.1 25 280 M M 2 42 260
5 53 32 43 1 22 0 0.00 0.0 M 9.3 20 340 M M 0 29 310
6 58 25 42 0 23 0 0.00 0.0 M 5.1 13 180 M M 0 17 190
7 64 41 53 12 12 0 T 0.0 M 15.5 29 190 M M 0 39 180
8 64 50 57 16 8 0 T 0.0 M 15.0 25 190 M M 9 38 200
9 55 36 46 5 19 0 0.00 0.0 M 9.0 17 300 M M 1 26 330
10 47 27 37 -4 28 0 0.00 0.0 M 6.0 17 340 M M 0 21 340
11 55 24 40 0 25 0 0.00 0.0 M 4.6 15 230 M M 0 21 220
12 60 28 44 4 21 0 0.00 0.0 M 1.5 8 170 M M 0 10 130
13 61 33 47 7 18 0 0.00 0.0 M 4.3 17 150 M M 0 22 160
14 63 36 50 10 15 0 0.00 0.0 M 7.3 16 140 M M 2 23 140
15 58 46 52 12 13 0 0.37 0.0 M 8.4 20 130 M M 7 1 28 130
16 47 33 40 1 25 0 0.01 0.0 M 7.5 16 260 M M 8 1 23 260
17 58 26 42 3 23 0 0.00 0.0 M 4.6 14 340 M M 2 12 18 340
18 46 26 36 -3 29 0 0.00 0.0 M 8.6 21 360 M M 0 28 360
19 53 22 38 -1 27 0 0.00 0.0 M 7.6 16 180 M M 0 24 170
20 58 40 49 10 16 0 0.00 0.0 M 10.0 20 180 M M 2 24 180
21 58 42 50 12 15 0 0.13 0.0 M 8.3 16 190 M M 9 1 23 210
22 54 49 52 14 13 0 0.45 0.0 M 7.1 15 190 M M 10 1 22 190
23 65 53 59 21 6 0 0.00 0.0 M 8.5 16 170 M M 9 12 22 180
24 61 54 58 20 7 0 1.20 0.0 M 13.1 28 160 M M 10 1 41 160
25 54 29 42 4 23 0 0.04 M M 12.3 23 260 M M 9 1 31 250
26 45 27 36 -2 29 0 T 0.0 M 10.2 23 170 M M 5 30 200
27 42 32 37 -1 28 0 0.01 M M 10.0 17 320 M M 10 26 290
28 36 31 34 -4 31 0 T M M 8.6 13 310 M M 8 1 19 320
29 41 28 35 -3 30 0 0.00 0.0 M 7.7 15 290 M M 6 23 310
30 53 22 38 1 27 0 0.00 0.0 M 6.2 14 260 M M 0 18 260
31 43 28 36 -1 29 0 0.00 0.0 M 9.5 17 360 M M 5 21 360
================================================================================
SM 1666 1065 642 0 2.25 0.0 255.7 M 134
================================================================================
AV 53.7 34.4 8.2 FASTST M M 4 MAX(MPH)
MISC ----> 29 190 42 260
================================================================================
NOTES:
# LAST OF SEVERAL OCCURRENCES
COLUMN 17 PEAK WIND IN M.P.H.
PRELIMINARY LOCAL CLIMATOLOGICAL DATA (WS FORM: F-6) , PAGE 2
STATION: HIGHFILL ARKANSAS
MONTH: DECEMBER
YEAR: 2023
LATITUDE: 36 16 N
LONGITUDE: 94 19 W
[TEMPERATURE DATA] [PRECIPITATION DATA] SYMBOLS USED IN COLUMN 16
AVERAGE MONTHLY: 44.0 TOTAL FOR MONTH: 2.25 1 = FOG OR MIST
DPTR FM NORMAL: 4.4 DPTR FM NORMAL: -0.60 2 = FOG REDUCING VISIBILITY
HIGHEST: 65 ON 23 GRTST 24HR 1.24 ON 24-25 TO 1/4 MILE OR LESS
LOWEST: 22 ON 30,19 3 = THUNDER
SNOW, ICE PELLETS, HAIL 4 = ICE PELLETS
TOTAL MONTH: 0.0 INCH 5 = HAIL
GRTST 24HR 0.0 6 = FREEZING RAIN OR DRIZZLE
GRTST DEPTH: M ON M 7 = DUSTSTORM OR SANDSTORM:
VSBY 1/2 MILE OR LESS
8 = SMOKE OR HAZE
[NO. OF DAYS WITH] [WEATHER - DAYS WITH] 9 = BLOWING SNOW
X = TORNADO
MAX 32 OR BELOW: 0 0.01 INCH OR MORE: 9
MAX 90 OR ABOVE: 0 0.10 INCH OR MORE: 4
MIN 32 OR BELOW: 16 0.50 INCH OR MORE: 1
MIN 0 OR BELOW: 0 1.00 INCH OR MORE: 1
[HDD (BASE 65) ]
TOTAL THIS MO. 642 CLEAR (SCALE 0-3) 16
DPTR FM NORMAL -146 PTCLDY (SCALE 4-7) 7
TOTAL FM JUL 1 1293 CLOUDY (SCALE 8-10) 8
DPTR FM NORMAL -236
[CDD (BASE 65) ]
TOTAL THIS MO. 0
DPTR FM NORMAL 0 [PRESSURE DATA]
TOTAL FM JAN 1 1788 HIGHEST SLP M ON M
DPTR FM NORMAL 229 LOWEST SLP 29.61 ON 8
[REMARKS]
#FINAL-12-23#