000
CXUS54 KTSA 010850
CF6XNA
PRELIMINARY LOCAL CLIMATOLOGICAL DATA (WS FORM: F-6)
STATION: HIGHFILL ARKANSAS
MONTH: AUGUST
YEAR: 2023
LATITUDE: 36 16 N
LONGITUDE: 94 19 W
TEMPERATURE IN F: :PCPN: SNOW: WIND :SUNSHINE: SKY :PK WND
================================================================================
1 2 3 4 5 6A 6B 7 8 9 10 11 12 13 14 15 16 17 18
12Z AVG MX 2MIN
DY MAX MIN AVG DEP HDD CDD WTR SNW DPTH SPD SPD DIR MIN PSBL S-S WX SPD DR
================================================================================
1 94 75 85 5 0 20 0.00 0.0 M 6.3 13 220 M M 0 18 190
2 98 74 86 6 0 21 0.00 0.0 M 7.9 16 210 M M 0 23 210
3 101 78 90 10 0 25 0.00 0.0 M 8.7 20 240 M M 0 28 250
4 101 77 89 9 0 24 0.00 0.0 M 6.7 16 250 M M 1 21 240
5 84 69 77 -3 0 12 1.02 0.0 M 6.1 30 310 M M 3 1238 49 300
6 86 69 78 -2 0 13 0.35 0.0 M 9.0 20 220 M M 2 13 30 290
7 86 67 77 -3 0 12 T 0.0 M 5.9 16 310 M M 2 3 22 300
8 86 67 77 -3 0 12 0.10 0.0 M 6.6 32 150 M M 1 3 40 150
9 85 69 77 -3 0 12 0.74 0.0 M 7.6 22 160 M M 6 13 27 140
10 91 68 80 0 0 15 0.00 0.0 M 3.5 13 70 M M 2 22 70
11 93 71 82 2 0 17 T 0.0 M 7.0 17 170 M M 0 3 24 200
12 90 75 83 4 0 18 0.04 0.0 M 6.5 21 160 M M 1 3 26 160
13 90 71 81 2 0 16 2.53 0.0 M 7.5 35 340 M M 3 13 51 340
14 82 65 74 -5 0 9 1.16 0.0 M 8.1 21 260 M M 4 13 29 270
15 80 61 71 -8 0 6 0.00 0.0 M 7.3 17 340 M M 1 24 340
16 82 57 70 -9 0 5 0.00 0.0 M 3.3 9 210 M M 0 13 170
17 89 62 76 -3 0 11 0.00 0.0 M 5.4 14 220 M M 0 22 200
18 91 65 78 -1 0 13 0.00 0.0 M 5.9 13 110 M M 0 23 70
19 96 72 84 5 0 19 0.00 0.0 M 5.8 14 200 M M 0 18 220
20 100 70 85 7 0 20 0.00 0.0 M 2.6 9 310 M M 0 14 300
21 100 73 87 9 0 22 0.00 0.0 M 3.2 12 10 M M 0 1 17 10
22 99 76 88 10 0 23 0.00 0.0 M 3.5 10 50 M M 0 17 60
23 97 77 87 9 0 22 0.00 0.0 M 2.8 9 200 M M 0 14 180
24 98 75 87 9 0 22 0.00 0.0 M 3.9 13 260 M M 0 8 17 260
25 99 73 86 8 0 21 0.00 0.0 M 1.6 10 200 M M 0 15 200
26 94 74 84 7 0 19 T 0.0 M 6.2 14 10 M M 1 27 30
27 87 68 78 1 0 13 0.00 0.0 M 8.5 16 10 M M 3 26 20
28 87 62 75 -2 0 10 0.00 0.0 M 5.4 13 10 M M 3 22 50
29 88 62 75 -1 0 10 0.00 0.0 M 3.9 14 360 M M 0 19 20
30 88 65 77 1 0 12 0.00 0.0 M 6.7 16 360 M M 1 28 20
31 88 65 77 1 0 12 0.00 0.0 M 6.2 13 10 M M 0 8 21 60
================================================================================
SM 2830 2152 0 486 5.94 0.0 179.6 M 34
================================================================================
AV 91.3 69.4 5.8 FASTST M M 1 MAX(MPH)
MISC ----> 35 340 51 340
================================================================================
NOTES:
# LAST OF SEVERAL OCCURRENCES
COLUMN 17 PEAK WIND IN M.P.H.
PRELIMINARY LOCAL CLIMATOLOGICAL DATA (WS FORM: F-6) , PAGE 2
STATION: HIGHFILL ARKANSAS
MONTH: AUGUST
YEAR: 2023
LATITUDE: 36 16 N
LONGITUDE: 94 19 W
[TEMPERATURE DATA] [PRECIPITATION DATA] SYMBOLS USED IN COLUMN 16
AVERAGE MONTHLY: 80.4 TOTAL FOR MONTH: 5.94 1 = FOG OR MIST
DPTR FM NORMAL: 1.8 DPTR FM NORMAL: 2.60 2 = FOG REDUCING VISIBILITY
HIGHEST: 101 ON 4, 3 GRTST 24HR 3.66 ON 13-14 TO 1/4 MILE OR LESS
LOWEST: 57 ON 16 3 = THUNDER
SNOW, ICE PELLETS, HAIL 4 = ICE PELLETS
TOTAL MONTH: 0.0 INCH 5 = HAIL
GRTST 24HR 0.0 6 = FREEZING RAIN OR DRIZZLE
GRTST DEPTH: M ON M 7 = DUSTSTORM OR SANDSTORM:
VSBY 1/2 MILE OR LESS
8 = SMOKE OR HAZE
[NO. OF DAYS WITH] [WEATHER - DAYS WITH] 9 = BLOWING SNOW
X = TORNADO
MAX 32 OR BELOW: 0 0.01 INCH OR MORE: 7
MAX 90 OR ABOVE: 17 0.10 INCH OR MORE: 6
MIN 32 OR BELOW: 0 0.50 INCH OR MORE: 4
MIN 0 OR BELOW: 0 1.00 INCH OR MORE: 3
[HDD (BASE 65) ]
TOTAL THIS MO. 0 CLEAR (SCALE 0-3) 27
DPTR FM NORMAL 0 PTCLDY (SCALE 4-7) 4
TOTAL FM JUL 1 0 CLOUDY (SCALE 8-10) 0
DPTR FM NORMAL 0
[CDD (BASE 65) ]
TOTAL THIS MO. 486
DPTR FM NORMAL 64 [PRESSURE DATA]
TOTAL FM JAN 1 1451 HIGHEST SLP M ON M
DPTR FM NORMAL 131 LOWEST SLP 29.71 ON 9
[REMARKS]
#FINAL-08-23#