000
CXUS56 KPDT 011910
CF6YKM
PRELIMINARY LOCAL CLIMATOLOGICAL DATA (WS FORM: F-6)
STATION: YAKIMA WA
MONTH: JANUARY
YEAR: 2024
LATITUDE: 46 34 N
LONGITUDE: 120 32 W
TEMPERATURE IN F: :PCPN: SNOW: WIND :SUNSHINE: SKY :PK WND
================================================================================
1 2 3 4 5 6A 6B 7 8 9 10 11 12 13 14 15 16 17 18
12Z AVG MX 2MIN
DY MAX MIN AVG DEP HDD CDD WTR SNW DPTH SPD SPD DIR MIN PSBL S-S WX SPD DR
================================================================================
1 40 33 37 7 28 0 0.00 M M 3.2 7 240 M M 10 18 10 230
2 40 35 38 8 27 0 0.10 M M 1.5 7 240 M M 10 1 9 240
3 40 34 37 7 28 0 0.12 M M 1.9 7 90 M M 10 1 9 90
4 42 30 36 6 29 0 T M M 2.9 9 280 M M 8 1 11 280
5 45 24 35 5 30 0 0.00 M M 2.7 16 190 M M 0 1 23 180
6 46 25 36 6 29 0 0.00 M M 9.7 35 190 M M 1 47 190
7 46 22 34 4 31 0 0.00 M M 4.3 10 290 M M 0 12 190
8 34 23 29 -2 36 0 0.05 M M 2.2 9 290 M M 8 128 10 290
9 48 29 39 8 26 0 0.01 M M 9.0 26 190 M M 4 126 38 240
10 44 23 34 3 31 0 0.01 M M 1.7 12 230 M M 2 12 16 220
11 41 19 30 -1 35 0 0.01 M M 7.4 30 290 M M 3 43 290
12 20 5 13 -18 52 0 0.13 M M 6.0 14 60 M M 10 18 19 60
13 6 0 3 -28 62 0 0.01 M M 7.4 17 10 M M 10 22 360
14 13 -2 6 -25 59 0 0.00 M M 3.6 8 260 M M 1 10 250
15 17 -2 8 -24 57 0 0.00 M M 4.4 8 270 M M 0 9 270
16 17 0 9 -23 56 0 T M M 3.0 8 270 M M 2 9 250
17 19 2 11 -21 54 0 0.08 M M 2.3 9 280 M M 7 18 9 280
18 26 4 15 -17 50 0 0.38 M M 5.9 14 340 M M 9 18 18 350
19 30 25 28 -4 37 0 0.07 M M 4.9 10 360 M M 10 1 13 340
20 33 26 30 -2 35 0 T M M 1.4 7 70 M M 10 18 9 70
21 35 29 32 0 33 0 0.19 M M 0.7 6 80 M M 10 168 7 80
22 38 32 35 2 30 0 0.10 M M 1.4 7 280 M M 9 18 7 270
23 35 31 33 0 32 0 0.04 M M 1.2 7 250 M M 10 12 9 250
24 37 31 34 1 31 0 0.13 M M 0.8 6 270 M M 10 1268 8 250
25 38 32 35 2 30 0 0.00 M M 2.4 8 250 M M 10 12 10 250
26 37 32 35 2 30 0 0.07 M M 1.5 7 250 M M 10 18 9 250
27 40 33 37 4 28 0 0.12 M M 0.5 6 240 M M 10 18 8 270
28 45 34 40 6 25 0 0.00 M M 2.4 8 250 M M 10 12 9 290
29 47 35 41 7 24 0 0.00 M M 4.5 12 280 M M 8 12 14 280
30 46 35 41 7 24 0 0.02 M M 3.5 10 70 M M 7 12 13 70
31 46 36 41 7 24 0 0.27 M M 2.4 9 280 M M 8 12 12 240
================================================================================
SM 1091 715 1103 0 1.91 M 106.7 M 217
================================================================================
AV 35.2 23.1 3.4 FASTST M M 7 MAX(MPH)
MISC ----> 35 190 47 190
================================================================================
NOTES:
# LAST OF SEVERAL OCCURRENCES
COLUMN 17 PEAK WIND IN M.P.H.
PRELIMINARY LOCAL CLIMATOLOGICAL DATA (WS FORM: F-6) , PAGE 2
STATION: YAKIMA WA
MONTH: JANUARY
YEAR: 2024
LATITUDE: 46 34 N
LONGITUDE: 120 32 W
[TEMPERATURE DATA] [PRECIPITATION DATA] SYMBOLS USED IN COLUMN 16
AVERAGE MONTHLY: 29.1 TOTAL FOR MONTH: 1.91 1 = FOG OR MIST
DPTR FM NORMAL: -2.6 DPTR FM NORMAL: 0.72 2 = FOG REDUCING VISIBILITY
HIGHEST: 48 ON 9 GRTST 24HR 0.45 ON 26-27 TO 1/4 MILE OR LESS
LOWEST: -2 ON 15,14 3 = THUNDER
SNOW, ICE PELLETS, HAIL 4 = ICE PELLETS
TOTAL MONTH: M 5 = HAIL
GRTST 24HR M ON M 6 = FREEZING RAIN OR DRIZZLE
GRTST DEPTH: M ON M 7 = DUSTSTORM OR SANDSTORM:
VSBY 1/2 MILE OR LESS
8 = SMOKE OR HAZE
[NO. OF DAYS WITH] [WEATHER - DAYS WITH] 9 = BLOWING SNOW
X = TORNADO
MAX 32 OR BELOW: 8 0.01 INCH OR MORE: 19
MAX 90 OR ABOVE: 0 0.10 INCH OR MORE: 9
MIN 32 OR BELOW: 23 0.50 INCH OR MORE: 0
MIN 0 OR BELOW: 4 1.00 INCH OR MORE: 0
[HDD (BASE 65) ]
TOTAL THIS MO. 1103 CLEAR (SCALE 0-3) 7
DPTR FM NORMAL 72 PTCLDY (SCALE 4-7) 7
TOTAL FM JUL 1 3239 CLOUDY (SCALE 8-10) 17
DPTR FM NORMAL -300
[CDD (BASE 65) ]
TOTAL THIS MO. 0
DPTR FM NORMAL 0 [PRESSURE DATA]
TOTAL FM JAN 1 0 HIGHEST SLP 30.76 ON 15
DPTR FM NORMAL 0 LOWEST SLP 29.53 ON 10
[REMARKS]
#FINAL-01-24#