000
CXUS56 KPDT 020532
CF6YKM
PRELIMINARY LOCAL CLIMATOLOGICAL DATA (WS FORM: F-6)
STATION: YAKIMA WA
MONTH: JULY
YEAR: 2020
LATITUDE: 46 34 N
LONGITUDE: 120 32 W
TEMPERATURE IN F: :PCPN: SNOW: WIND :SUNSHINE: SKY :PK WND
================================================================================
1 2 3 4 5 6A 6B 7 8 9 10 11 12 13 14 15 16 17 18
12Z AVG MX 2MIN
DY MAX MIN AVG DEP HDD CDD WTR SNW DPTH SPD SPD DIR MIN PSBL S-S WX SPD DR
================================================================================
1 75 46 61 -6 4 0 T M M 9.2 25 290 M M 3 34 280
2 81 48 65 -3 0 0 0.00 M M 5.6 14 10 M M 0 17 350
3 85 45 65 -3 0 0 0.00 M M 6.3 16 10 M M 1 19 10
4 84 50 67 -1 0 2 0.00 M M 5.8 14 350 M M 1 17 350
5 86 54 70 2 0 5 0.00 M M 5.3 17 330 M M 0 21 330
6 87 57 72 3 0 7 0.00 M M 7.7 23 330 M M 0 28 320
7 77 52 65 -4 0 0 0.00 M M 11.5 26 260 M M 1 8 33 260
8 83 45 64 -5 1 0 0.00 M M 4.7 13 330 M M 0 19 200
9 81 52 67 -3 0 2 T M M 5.9 17 320 M M 3 20 310
10 86 48 67 -3 0 2 0.00 M M 4.7 13 190 M M 0 17 190
11 91 51 71 1 0 6 0.00 M M 10.6 28 290 M M 0 36 290
12 82 57 70 0 0 5 0.00 M M 7.3 20 310 M M 1 30 310
13 83 47 65 -5 0 0 0.00 M M 5.6 17 350 M M 0 24 320
14 89 52 71 0 0 6 0.00 M M 5.1 14 330 M M 0 17 330
15 96 54 75 4 0 10 0.00 M M 8.5 21 330 M M 0 30 350
16 96 68 82 11 0 17 0.00 M M 8.9 21 290 M M 0 26 290
17 88 62 75 4 0 10 0.00 M M 10.8 22 330 M M 0 27 330
18 91 59 75 4 0 10 0.00 M M 5.6 14 320 M M 0 23 240
19 95 59 77 5 0 12 0.00 M M 5.5 13 330 M M 0 16 330
20 96 62 79 7 0 14 0.00 M M 5.6 13 270 M M 0 16 170
21 102 62 82 10 0 17 0.00 M M 5.4 15 20 M M 0 19 340
22 97 70 84 12 0 19 0.00 M M 9.0 18 280 M M 0 23 290
23 92 63 78 6 0 13 0.00 M M 8.6 21 330 M M 0 27 340
24 84 54 69 -3 0 4 0.00 M M 10.6 25 320 M M 0 33 310
25 85 48 67 -5 0 2 0.00 M M 5.8 12 330 M M 0 18 250
26 93 52 73 1 0 8 0.00 M M 6.0 10 300 M M 0 13 260
27 99 52 76 4 0 11 0.00 M M 6.0 12 140 M M 0 15 160
28 101 63 82 10 0 17 0.00 M M 5.9 17 330 M M 0 8 21 340
29 101 57 79 7 0 14 0.00 M M 5.4 12 280 M M 0 13 260
30 105 65 85 13 0 20 0.00 M M 6.7 15 250 M M 0 17 250
31 104 74 89 17 0 24 0.00 M M 7.9 21 300 M M 0 8 27 290
================================================================================
SM 2795 1728 5 257 T M 217.5 M 10
================================================================================
AV 90.2 55.7 7.0 FASTST M M 0 MAX(MPH)
MISC ----> # 28 290 # 36 290
================================================================================
NOTES:
# LAST OF SEVERAL OCCURRENCES
COLUMN 17 PEAK WIND IN M.P.H.
PRELIMINARY LOCAL CLIMATOLOGICAL DATA (WS FORM: F-6) , PAGE 2
STATION: YAKIMA WA
MONTH: JULY
YEAR: 2020
LATITUDE: 46 34 N
LONGITUDE: 120 32 W
[TEMPERATURE DATA] [PRECIPITATION DATA] SYMBOLS USED IN COLUMN 16
AVERAGE MONTHLY: 73.0 TOTAL FOR MONTH: T 1 = FOG OR MIST
DPTR FM NORMAL: 2.4 DPTR FM NORMAL: -0.22 2 = FOG REDUCING VISIBILITY
HIGHEST: 105 ON 30 GRTST 24HR T ON 9- 9 TO 1/4 MILE OR LESS
LOWEST: 45 ON 8, 3 3 = THUNDER
SNOW, ICE PELLETS, HAIL 4 = ICE PELLETS
TOTAL MONTH: M 5 = HAIL
GRTST 24HR M ON M 6 = FREEZING RAIN OR DRIZZLE
GRTST DEPTH: M ON M 7 = DUSTSTORM OR SANDSTORM:
VSBY 1/2 MILE OR LESS
8 = SMOKE OR HAZE
[NO. OF DAYS WITH] [WEATHER - DAYS WITH] 9 = BLOWING SNOW
X = TORNADO
MAX 32 OR BELOW: 0 0.01 INCH OR MORE: 0
MAX 90 OR ABOVE: 15 0.10 INCH OR MORE: 0
MIN 32 OR BELOW: 0 0.50 INCH OR MORE: 0
MIN 0 OR BELOW: 0 1.00 INCH OR MORE: 0
[HDD (BASE 65) ]
TOTAL THIS MO. 5 CLEAR (SCALE 0-3) 31
DPTR FM NORMAL -16 PTCLDY (SCALE 4-7) 0
TOTAL FM JUL 1 5 CLOUDY (SCALE 8-10) 0
DPTR FM NORMAL -16
[CDD (BASE 65) ]
TOTAL THIS MO. 257
DPTR FM NORMAL 62 [PRESSURE DATA]
TOTAL FM JAN 1 398 HIGHEST SLP M ON M
DPTR FM NORMAL 118 LOWEST SLP 29.61 ON 22
[REMARKS]
#FINAL-07-20#