000
CXUS51 KPBZ 010730
CF6ZZV
PRELIMINARY LOCAL CLIMATOLOGICAL DATA (WS FORM: F-6)
STATION: ZANESVILLE OH
MONTH: MAY
YEAR: 2023
LATITUDE: 39 56 N
LONGITUDE: 81 54 W
TEMPERATURE IN F: :PCPN: SNOW: WIND :SUNSHINE: SKY :PK WND
================================================================================
1 2 3 4 5 6A 6B 7 8 9 10 11 12 13 14 15 16 17 18
12Z AVG MX 2MIN
DY MAX MIN AVG DEP HDD CDD WTR SNW DPTH SPD SPD DIR MIN PSBL S-S WX SPD DR
================================================================================
1 48 38 43 -15 22 0 0.51 M M 11.1 22 290 M M 10 1 36 250
2 47 38 43 -15 22 0 0.23 M M 10.4 20 250 M M 10 28 270
3 51 38 45 -14 20 0 0.26 M M 9.0 23 290 M M 9 1 31 280
4 63 43 53 -6 12 0 0.00 M M 2.7 10 250 M M 8 13 250
5 70 36 53 -6 12 0 0.00 M M 2.3 10 120 M M 0 13 100
6 76 43 60 0 5 0 0.00 M M 3.2 10 110 M M 2 13 120
7 73 52 63 3 2 0 0.36 M M 4.6 12 240 M M 6 13 15 160
8 77 61 69 9 0 4 0.05 M M 2.4 12 320 M M 6 18 14 10
9 73 51 62 2 3 0 0.41 M M 7.6 24 320 M M 3 13 32 310
10 74 41 58 -3 7 0 0.00 M M 2.9 13 60 M M 0 16 70
11 81 45 63 2 2 0 0.00 M M 0.9 8 170 M M 0 12 170
12 78 50 64 3 1 0 0.09 M M 1.2 6 60 M M 6 1 8 190
13 72 61 67 5 0 2 0.81 M M 3.9 14 60 M M 8 1 19 70
14 77 58 68 6 0 3 0.00 M M 6.1 14 30 M M 4 20 350
15 76 53 65 3 0 0 0.00 M M 3.6 9 330 M M 1 12 330
16 65 50 58 -4 7 0 0.06 M M 2.2 8 230 M M 4 1 11 220
17 67 45 56 -7 9 0 0.00 M M 6.5 14 350 M M 0 19 330
18 76 38 57 -6 8 0 0.00 M M 3.6 12 160 M M 1 16 180
19 77 61 69 6 0 4 T M M 8.8 16 170 M M 6 21 160
20 69 50 60 -3 5 0 0.52 M M 6.2 18 320 M M 6 18 25 320
21 75 42 59 -5 6 0 0.00 M M 2.0 12 330 M M 0 1 16 280
22 77 49 63 -1 2 0 0.00 M M 1.5 10 100 M M 2 14 60
23 79 52 66 2 0 1 0.00 M M 3.1 14 120 M M 1 17 120
24 80 51 66 2 0 1 0.00 M M 4.4 15 10 M M 2 22 20
25 69 47 58 -7 7 0 0.00 M M 8.1 17 60 M M 0 23 50
26 75 45 60 -5 5 0 0.00 M M 6.0 15 40 M M 0 22 60
27 77 45 61 -4 4 0 0.00 M M 4.4 15 60 M M 0 21 90
28 78 51 65 -1 0 0 0.00 M M 3.9 15 50 M M 2 21 40
29 85 57 71 5 0 6 0.00 M M 3.6 14 80 M M 2 17 70
30 84 57 71 5 0 6 0.00 M M 4.2 13 90 M M 1 17 120
31 84 59 72 6 0 7 0.00 M M 3.3 10 120 M M 0 14 190
================================================================================
SM 2253 1507 161 34 3.30 M 143.7 M 100
================================================================================
AV 72.7 48.6 4.6 FASTST M M 3 MAX(MPH)
MISC ----> 24 320 36 250
================================================================================
NOTES:
# LAST OF SEVERAL OCCURRENCES
COLUMN 17 PEAK WIND IN M.P.H.
PRELIMINARY LOCAL CLIMATOLOGICAL DATA (WS FORM: F-6) , PAGE 2
STATION: ZANESVILLE OH
MONTH: MAY
YEAR: 2023
LATITUDE: 39 56 N
LONGITUDE: 81 54 W
[TEMPERATURE DATA] [PRECIPITATION DATA] SYMBOLS USED IN COLUMN 16
AVERAGE MONTHLY: 60.6 TOTAL FOR MONTH: 3.30 1 = FOG OR MIST
DPTR FM NORMAL: -1.7 DPTR FM NORMAL: -0.49 2 = FOG REDUCING VISIBILITY
HIGHEST: 85 ON 29 GRTST 24HR 0.90 ON 12-13 TO 1/4 MILE OR LESS
LOWEST: 36 ON 5 3 = THUNDER
SNOW, ICE PELLETS, HAIL 4 = ICE PELLETS
TOTAL MONTH: M 5 = HAIL
GRTST 24HR M ON M 6 = FREEZING RAIN OR DRIZZLE
GRTST DEPTH: M ON M 7 = DUSTSTORM OR SANDSTORM:
VSBY 1/2 MILE OR LESS
8 = SMOKE OR HAZE
[NO. OF DAYS WITH] [WEATHER - DAYS WITH] 9 = BLOWING SNOW
X = TORNADO
MAX 32 OR BELOW: 0 0.01 INCH OR MORE: 10
MAX 90 OR ABOVE: 0 0.10 INCH OR MORE: 7
MIN 32 OR BELOW: 0 0.50 INCH OR MORE: 3
MIN 0 OR BELOW: 0 1.00 INCH OR MORE: 0
[HDD (BASE 65) ]
TOTAL THIS MO. 161 CLEAR (SCALE 0-3) 18
DPTR FM NORMAL 11 PTCLDY (SCALE 4-7) 9
TOTAL FM JUL 1 4715 CLOUDY (SCALE 8-10) 4
DPTR FM NORMAL -531
[CDD (BASE 65) ]
TOTAL THIS MO. 34
DPTR FM NORMAL -33 [PRESSURE DATA]
TOTAL FM JAN 1 46 HIGHEST SLP 30.30 ON 27
DPTR FM NORMAL -32 LOWEST SLP 29.35 ON 1
[REMARKS]
#FINAL-05-23#