000
CXAK56 PAFC 241320
CF6ADQ
PRELIMINARY LOCAL CLIMATOLOGICAL DATA (WS FORM: F-6)

                                          STATION:   KODIAK
                                          MONTH:     APRIL
                                          YEAR:      2018
                                          LATITUDE:   57 45 N
                                          LONGITUDE: 152 31 W

  TEMPERATURE IN F:       :PCPN:    SNOW:  WIND      :SUNSHINE: SKY     :PK WND
================================================================================
1   2   3   4   5  6A  6B    7    8   9   10  11  12  13   14  15   16   17  18
                                     12Z  AVG MX 2MIN
DY MAX MIN AVG DEP HDD CDD  WTR  SNW DPTH SPD SPD DIR MIN PSBL S-S WX    SPD DR
================================================================================

 1  49  26  38   4  27   0 0.00  0.0    0  7.3 21 280   M    M   0        32 280
 2  47  30  39   4  26   0 0.00  0.0    0 10.5 17 280   M    M   0        23 300
 3  44  23  34  -1  31   0 0.00    M    0  6.8 12 100   M    M   1         M  M
 4  38  31  35   0  30   0 0.10    M    M  6.6 16 130   M    M   8 18     20 120
 5  41  34  38   3  27   0 0.15    M    M  7.7 16  80   M    M   8 1       M  M
 6  47  32  40   5  25   0    T    M    M  8.0 12 310   M    M   6 1      21 310
 7  43  36  40   4  25   0 0.11  0.0    M  9.3 16 300   M    M   9 18     21 280
 8  47  33  40   4  25   0 0.01  0.0    0  4.0 13 320   M    M   8        16 320
 9  42  40  41   5  24   0 0.99  0.0    0 20.7 33  30   M    M  10 1      41  40
10  44  41  43   7  22   0 0.25  0.0    0 23.7 39  40   M    M  10 18     48  50
11  43  40  42   6  23   0 1.27  0.0    0 13.4 32  90   M    M  10 1      38 100
12  44  39  42   5  23   0 0.18  0.0    0 10.5 24 100   M    M  10 1      29 110
13  49  37  43   6  22   0 0.19  0.0    0  9.2 23  10   M    M   5 1      31  30
14  57  36  47  10  18   0 0.00  0.0    0 11.6 21 270   M    M   0        29 300
15  45  33  39   2  26   0 0.03    M    0  4.6 10 310   M    M   7         M  M
16  43  41  42   4  23   0 0.30    M    M  9.3 14 100   M    M  10 12      M  M
17  43  38  41   3  24   0 0.13  0.0    0 10.2 25 120   M    M   9 1      30 110
18  46  32  39   1  26   0 0.37  0.0    0 14.1 30 100   M    M   9 1      35 110
19  46  29  38   0  27   0 0.00  0.0    0  5.4 12 100   M    M   5        14  80
20  48  28  38  -1  27   0 0.04  0.0    0  5.9  9 160   M    M   3         M  M
21  45  36  41   2  24   0 0.19  0.0    0 12.4 29  80   M    M  10 1      39  70
22  44  41  43   4  22   0 0.62  0.0    0 20.6 37  60   M    M  10 1      46  70
23  50  42  46   7  19   0 0.23  0.0    0 10.0 15 140   M    M   9 1       M  M
================================================================================
SM 1045  798       566   0  5.16     0.0 241.8          M      157
================================================================================
AV 45.4 34.7                              10.5 FASTST   M    M   7    MAX(MPH)
                                 MISC ---->  # 39  40               # 48   50
================================================================================
NOTES:
# LAST OF SEVERAL OCCURRENCES

COLUMN 17 PEAK WIND IN M.P.H.

PRELIMINARY LOCAL CLIMATOLOGICAL DATA (WS FORM: F-6) , PAGE 2

                                          STATION:  KODIAK
                                          MONTH:    APRIL
                                          YEAR:     2018
                                          LATITUDE:   57 45 N
                                          LONGITUDE: 152 31 W

[TEMPERATURE DATA]      [PRECIPITATION DATA]       SYMBOLS USED IN COLUMN 16

AVERAGE MONTHLY: 40.1   TOTAL FOR MONTH:   5.16    1 = FOG OR MIST
DPTR FM NORMAL:   3.3   DPTR FM NORMAL:    0.66    2 = FOG REDUCING VISIBILITY
HIGHEST:    57 ON 14    GRTST 24HR  1.27 ON 11-11      TO 1/4 MILE OR LESS
LOWEST:     23 ON  3                               3 = THUNDER
                        SNOW, ICE PELLETS, HAIL    4 = ICE PELLETS
                        TOTAL MONTH:   0.0 INCH    5 = HAIL
                        GRTST 24HR     0.0         6 = FREEZING RAIN OR DRIZZLE
                        GRTST DEPTH:   0           7 = DUSTSTORM OR SANDSTORM:
                                                       VSBY 1/2 MILE OR LESS
                                                   8 = SMOKE OR HAZE
[NO. OF DAYS WITH]      [WEATHER - DAYS WITH]      9 = BLOWING SNOW
                                                   X = TORNADO
MAX 32 OR BELOW:   0    0.01 INCH OR MORE:  17
MAX 90 OR ABOVE:   0    0.10 INCH OR MORE:  14
MIN 32 OR BELOW:   8    0.50 INCH OR MORE:   3
MIN  0 OR BELOW:   0    1.00 INCH OR MORE:   1

[HDD (BASE 65) ]
TOTAL THIS MO.   566    CLEAR  (SCALE 0-3)   5
DPTR FM NORMAL   -83    PTCLDY (SCALE 4-7)   6
TOTAL FM JUL 1  6757    CLOUDY (SCALE 8-10) 12
DPTR FM NORMAL  -762

[CDD (BASE 65) ]
TOTAL THIS MO.     0
DPTR FM NORMAL     0    [PRESSURE DATA]
TOTAL FM JAN 1     0    HIGHEST SLP M ON M
DPTR FM NORMAL     0    LOWEST  SLP 28.95 ON 10

[REMARKS]
