000
CXUS55 KBOU 200900
CF6AKO
PRELIMINARY LOCAL CLIMATOLOGICAL DATA (WS FORM: F-6)

                                          STATION:   AKRON CO
                                          MONTH:     MAY
                                          YEAR:      2018
                                          LATITUDE:   40 10 N
                                          LONGITUDE: 103 13 W

  TEMPERATURE IN F:       :PCPN:    SNOW:  WIND      :SUNSHINE: SKY     :PK WND
================================================================================
1   2   3   4   5  6A  6B    7    8   9   10  11  12  13   14  15   16   17  18
                                     12Z  AVG MX 2MIN
DY MAX MIN AVG DEP HDD CDD  WTR  SNW DPTH SPD SPD DIR MIN PSBL S-S WX    SPD DR
================================================================================

 1  63  40  52   0  13   0 0.21    M    M 12.9 31 260   M    M   7 1238   42 260
 2  58  41  50  -2  15   0 0.71    M    M  9.2 20  50   M    M   8 13     25  50
 3  52  41  47  -6  18   0 0.91    M    M 11.0 26 350   M    M   7 1      36  10
 4  68  40  54   1  11   0 0.00    M    M 10.0 16 280   M    M   1        21 220
 5  75  46  61   7   4   0 0.00    M    M 10.3 18  10   M    M   0        24 340
 6  78  48  63   9   2   0    T    M    M 10.3 25 140   M    M   1        32 130
 7  80  48  64  10   1   0 0.00    M    M 12.4 26 170   M    M   0        34 170
 8  76  49  63   8   2   0 0.00    M    M 11.9 18 330   M    M   0        22 340
 9  80  52  66  11   0   1 0.00    M    M  8.2 15 160   M    M   0        20 150
10  90  46  68  13   0   3 0.00    M    M 16.9 30  10   M    M   1 3      42 200
11  60  47  54  -2  11   0 0.04    M    M 11.2 25 350   M    M  10 12     31 340
12  55  47  51  -5  14   0 0.03    M    M 10.1 17  80   M    M  10 12     22  80
13  64  47  56   0   9   0 0.01    M    M  7.0 17  60   M    M   9 123    22  60
14  64  46  55  -1  10   0 0.22    M    M  8.2 29  10   M    M   7 13     36  10
15  74  43  59   2   6   0    T    M    M 10.2 36  80   M    M   3        49  80
16  81  51  66   9   0   1 0.00    M    M 12.6 20 230   M    M   1        28 140
17  85  52  69  11   0   4 0.00    M    M 18.5 31 150   M    M   0        44 170
18  66  49  58   0   7   0 0.98    M    M 16.4 37  60   M    M   9 13     50  60
19  50  41  46 -12  19   0 1.69    M    M 22.6 38 330   M    M  10 1      50 330
================================================================================
SM 1319  874       142   9  4.80    M    229.9          M       84
================================================================================
AV 69.4 46.0                              12.1 FASTST   M    M   4    MAX(MPH)
                                 MISC ---->  # 38 330               # 50   60
================================================================================
NOTES:
# LAST OF SEVERAL OCCURRENCES

COLUMN 17 PEAK WIND IN M.P.H.

PRELIMINARY LOCAL CLIMATOLOGICAL DATA (WS FORM: F-6) , PAGE 2

                                          STATION:  AKRON CO
                                          MONTH:    MAY
                                          YEAR:     2018
                                          LATITUDE:   40 10 N
                                          LONGITUDE: 103 13 W

[TEMPERATURE DATA]      [PRECIPITATION DATA]       SYMBOLS USED IN COLUMN 16

AVERAGE MONTHLY: 57.7   TOTAL FOR MONTH:   4.80    1 = FOG OR MIST
DPTR FM NORMAL:   2.5   DPTR FM NORMAL:    3.13    2 = FOG REDUCING VISIBILITY
HIGHEST:    90 ON 10    GRTST 24HR  1.69 ON 19-19      TO 1/4 MILE OR LESS
LOWEST:     40 ON  4, 1                            3 = THUNDER
                        SNOW, ICE PELLETS, HAIL    4 = ICE PELLETS
                        TOTAL MONTH:    M          5 = HAIL
                        GRTST 24HR    M  ON   M    6 = FREEZING RAIN OR DRIZZLE
                        GRTST DEPTH:  M  ON   M    7 = DUSTSTORM OR SANDSTORM:
                                                       VSBY 1/2 MILE OR LESS
                                                   8 = SMOKE OR HAZE
[NO. OF DAYS WITH]      [WEATHER - DAYS WITH]      9 = BLOWING SNOW
                                                   X = TORNADO
MAX 32 OR BELOW:   0    0.01 INCH OR MORE:   9
MAX 90 OR ABOVE:   1    0.10 INCH OR MORE:   6
MIN 32 OR BELOW:   0    0.50 INCH OR MORE:   4
MIN  0 OR BELOW:   0    1.00 INCH OR MORE:   1

[HDD (BASE 65) ]
TOTAL THIS MO.   142    CLEAR  (SCALE 0-3)   9
DPTR FM NORMAL   -52    PTCLDY (SCALE 4-7)   5
TOTAL FM JUL 1  5795    CLOUDY (SCALE 8-10)  5
DPTR FM NORMAL  -392

[CDD (BASE 65) ]
TOTAL THIS MO.     9
DPTR FM NORMAL     3    [PRESSURE DATA]
TOTAL FM JAN 1     9    HIGHEST SLP M ON M
DPTR FM NORMAL     1    LOWEST  SLP 29.46 ON 11

[REMARKS]
