000
CXUS55 KPUB 201059
CF6ALS
PRELIMINARY LOCAL CLIMATOLOGICAL DATA (WS FORM: F-6)

                                          STATION:   ALAMOSA CO
                                          MONTH:     APRIL
                                          YEAR:      2018
                                          LATITUDE:   37 27 N
                                          LONGITUDE: 105 52 W

  TEMPERATURE IN F:       :PCPN:    SNOW:  WIND      :SUNSHINE: SKY     :PK WND
================================================================================
1   2   3   4   5  6A  6B    7    8   9   10  11  12  13   14  15   16   17  18
                                     12Z  AVG MX 2MIN
DY MAX MIN AVG DEP HDD CDD  WTR  SNW DPTH SPD SPD DIR MIN PSBL S-S WX    SPD DR
================================================================================

 1  64  35  50  12  15   0 0.00  0.0    0 11.2 26 240   M    M   0        37 180
 2  65  30  48  10  17   0 0.00  0.0    0 18.9 36 260   M    M   0        43 270
 3  55  32  44   6  21   0 0.00  0.0    0 13.8 26 350   M    M   1        34 360
 4  62  14  38  -1  27   0 0.00  0.0    0  8.5 28 240   M    M   0        33 250
 5  63  19  41   2  24   0 0.00  0.0    0  6.6 22 330   M    M   2        33 300
 6  64  30  47   8  18   0 0.00  0.0    0  6.2 21 230   M    M   5        24 240
 7  72  34  53  14  12   0 0.01  0.0    0  9.4 30 270   M    M   7 1      35 270
 8  62  28  45   5  20   0 0.09  0.0    0 13.4 29 300   M    M   6 1      43 260
 9  56  17  37  -3  28   0 0.00  0.0    0  7.7 26 330   M    M   1        33 330
10  65  18  42   2  23   0 0.00  0.0    0  5.5 25 240   M    M   0        32 240
11  71  27  49   9  16   0 0.00  0.0    0 11.7 32 240   M    M   0        47 280
12  68  36  52  11  13   0 0.00  0.0    0 23.0 45 230   M    M   3        57 230
13  44  26  35  -6  30   0    T    T    0 21.7 38 320   M    M   5        47 320
14  55  21  38  -3  27   0 0.00  0.0    0 15.7 29 330   M    M   0        37 300
15  63  18  41  -1  24   0 0.00  0.0    0  7.2 18 240   M    M   0        22 280
16  69  28  49   7  16   0 0.00  0.0    0 13.8 36 240   M    M   1        48 220
17  59  29  44   2  21   0 0.00  0.0    0 25.6 53 230   M    M   2        68 230
18  58  13  36  -6  29   0 0.00  0.0    0  7.9 20 230   M    M   0        23 220
19  67  20  44   1  21   0 0.00  0.0    0 17.1 38 190   M    M   0        46 190
================================================================================
SM 1182  475       402   0  0.10    T    244.9          M       33
================================================================================
AV 62.2 25.0                              12.9 FASTST   M    M   2    MAX(MPH)
                                 MISC ---->  # 53 230               # 68  230
================================================================================
NOTES:
# LAST OF SEVERAL OCCURRENCES

COLUMN 17 PEAK WIND IN M.P.H.

PRELIMINARY LOCAL CLIMATOLOGICAL DATA (WS FORM: F-6) , PAGE 2

                                          STATION:  ALAMOSA CO
                                          MONTH:    APRIL
                                          YEAR:     2018
                                          LATITUDE:   37 27 N
                                          LONGITUDE: 105 52 W

[TEMPERATURE DATA]      [PRECIPITATION DATA]       SYMBOLS USED IN COLUMN 16

AVERAGE MONTHLY: 43.6   TOTAL FOR MONTH:   0.10    1 = FOG OR MIST
DPTR FM NORMAL:   3.4   DPTR FM NORMAL:   -0.26    2 = FOG REDUCING VISIBILITY
HIGHEST:    72 ON  7    GRTST 24HR  0.09 ON  8- 8      TO 1/4 MILE OR LESS
LOWEST:     13 ON 18                               3 = THUNDER
                        SNOW, ICE PELLETS, HAIL    4 = ICE PELLETS
                        TOTAL MONTH:    T          5 = HAIL
                        GRTST 24HR    T  ON 13-13  6 = FREEZING RAIN OR DRIZZLE
                        GRTST DEPTH:   0           7 = DUSTSTORM OR SANDSTORM:
                                                       VSBY 1/2 MILE OR LESS
                                                   8 = SMOKE OR HAZE
[NO. OF DAYS WITH]      [WEATHER - DAYS WITH]      9 = BLOWING SNOW
                                                   X = TORNADO
MAX 32 OR BELOW:   0    0.01 INCH OR MORE:   2
MAX 90 OR ABOVE:   0    0.10 INCH OR MORE:   0
MIN 32 OR BELOW:  16    0.50 INCH OR MORE:   0
MIN  0 OR BELOW:   0    1.00 INCH OR MORE:   0

[HDD (BASE 65) ]
TOTAL THIS MO.   402    CLEAR  (SCALE 0-3)  15
DPTR FM NORMAL   -69    PTCLDY (SCALE 4-7)   4
TOTAL FM JUL 1  6613    CLOUDY (SCALE 8-10)  0
DPTR FM NORMAL -1164

[CDD (BASE 65) ]
TOTAL THIS MO.     0
DPTR FM NORMAL     0    [PRESSURE DATA]
TOTAL FM JAN 1     0    HIGHEST SLP M ON M
DPTR FM NORMAL     0    LOWEST  SLP 29.33 ON 12

[REMARKS]
