000
CXUS53 KARX 160900
CF6AUM
PRELIMINARY LOCAL CLIMATOLOGICAL DATA (WS FORM: F-6)
STATION: AUSTIN MUNI MN
MONTH: APRIL
YEAR: 2024
LATITUDE: 43 40 N
LONGITUDE: 92 56 W
TEMPERATURE IN F: :PCPN: SNOW: WIND :SUNSHINE: SKY :PK WND
================================================================================
1 2 3 4 5 6A 6B 7 8 9 10 11 12 13 14 15 16 17 18
12Z AVG MX 2MIN
DY MAX MIN AVG DEP HDD CDD WTR SNW DPTH SPD SPD DIR MIN PSBL S-S WX SPD DR
================================================================================
1 41 34 38 M 27 0 M 0.0 0 10.7 17 70 M M 7 1 25 70
2 39 34 37 M 28 0 M M 0 13.5 21 340 M M 9 31 340
3 46 34 40 M 25 0 M M M 18.7 30 340 M M 6 41 340
4 48 32 40 M 25 0 0.00 0.0 0 8.7 21 350 M M 4 29 350
5 54 27 41 M 24 0 0.00 0.0 0 3.4 9 100 M M 0 9 100
6 57 30 44 M 21 0 0.00 0.0 0 16.1 25 120 M M 0 33 120
7 46 39 43 M 22 0 M 0.0 0 21.1 27 120 M M 9 35 130
8 52 43 48 M 17 0 M 0.0 0 11.0 18 240 M M 9 25 240
9 61 41 51 M 14 0 0.00 0.0 0 9.0 17 250 M M 6 24 250
10 70 37 54 M 11 0 0.00 0.0 0 4.9 13 320 M M 2 22 260
11 55 45 50 M 15 0 0.01 0.0 0 10.9 21 310 M M 5 27 310
12 61 39 50 M 15 0 0.00 0.0 0 12.8 22 310 M M 1 32 330
13 82 34 58 M 7 0 0.00 0.0 0 10.9 23 190 M M 0 31 180
14 75 48 62 M 3 0 0.00 0.0 0 7.4 17 310 M M 0 24 310
15 75 41 58 M 7 0 0.00 0.0 0 8.8 16 90 M M 0 23 100
================================================================================
SM 862 558 261 0 0.01 0.0 167.9 M 58
================================================================================
AV 57.5 37.2 11.2 FASTST M M 4 MAX(MPH)
MISC ----> 30 340 41 340
================================================================================
NOTES:
# LAST OF SEVERAL OCCURRENCES
COLUMN 17 PEAK WIND IN M.P.H.
PRELIMINARY LOCAL CLIMATOLOGICAL DATA (WS FORM: F-6) , PAGE 2
STATION: AUSTIN MUNI MN
MONTH: APRIL
YEAR: 2024
LATITUDE: 43 40 N
LONGITUDE: 92 56 W
[TEMPERATURE DATA] [PRECIPITATION DATA] SYMBOLS USED IN COLUMN 16
AVERAGE MONTHLY: 47.3 TOTAL FOR MONTH: 0.01 1 = FOG OR MIST
DPTR FM NORMAL: 0.0 DPTR FM NORMAL: 0.01 2 = FOG REDUCING VISIBILITY
HIGHEST: 82 ON 13 GRTST 24HR 0.01 ON 11-11 TO 1/4 MILE OR LESS
LOWEST: 27 ON 5 3 = THUNDER
SNOW, ICE PELLETS, HAIL 4 = ICE PELLETS
TOTAL MONTH: 0.0 INCH 5 = HAIL
GRTST 24HR 0.0 6 = FREEZING RAIN OR DRIZZLE
GRTST DEPTH: 0 7 = DUSTSTORM OR SANDSTORM:
VSBY 1/2 MILE OR LESS
8 = SMOKE OR HAZE
[NO. OF DAYS WITH] [WEATHER - DAYS WITH] 9 = BLOWING SNOW
X = TORNADO
MAX 32 OR BELOW: 0 0.01 INCH OR MORE: 1
MAX 90 OR ABOVE: 0 0.10 INCH OR MORE: 0
MIN 32 OR BELOW: 3 0.50 INCH OR MORE: 0
MIN 0 OR BELOW: 0 1.00 INCH OR MORE: 0
[HDD (BASE 65) ]
TOTAL THIS MO. 261 CLEAR (SCALE 0-3) 7
DPTR FM NORMAL M PTCLDY (SCALE 4-7) 5
TOTAL FM JUL 1 5634 CLOUDY (SCALE 8-10) 3
DPTR FM NORMAL M
[CDD (BASE 65) ]
TOTAL THIS MO. 0
DPTR FM NORMAL M [PRESSURE DATA]
TOTAL FM JAN 1 0 HIGHEST SLP M ON M
DPTR FM NORMAL M LOWEST SLP M ON M
[REMARKS]