000
CXUS51 KOKX 270703
CF6BDR
PRELIMINARY LOCAL CLIMATOLOGICAL DATA (WS FORM: F-6)

                                          STATION:   BRIDGEPORT CT
                                          MONTH:     APRIL
                                          YEAR:      2018
                                          LATITUDE:   41 10 N
                                          LONGITUDE:  73  8 W

  TEMPERATURE IN F:       :PCPN:    SNOW:  WIND      :SUNSHINE: SKY     :PK WND
================================================================================
1   2   3   4   5  6A  6B    7    8   9   10  11  12  13   14  15   16   17  18
                                     12Z  AVG MX 2MIN
DY MAX MIN AVG DEP HDD CDD  WTR  SNW DPTH SPD SPD DIR MIN PSBL S-S WX    SPD DR
================================================================================

 1  60  38  49   5  16   0 0.01  0.0    0 11.1 23 300   M    M   3        31 310
 2  43  31  37  -8  28   0 0.54  6.0    4  6.4 16 360   M    M   6 12     20  10
 3  41  29  35 -10  30   0 0.37  0.0    1  7.8 17  60   M    M   7 1      21  60
 4  56  39  48   3  17   0 0.09  0.0    0 13.4 31 290   M    M   7 12     43 270
 5  45  32  39  -7  26   0 0.00  0.0    0 13.8 30 300   M    M   1        39 300
 6  52  30  41  -5  24   0 0.09    T    0  7.3 20 200   M    M   7 1      24 200
 7  48  35  42  -4  23   0 0.00  0.0    0 10.4 17 210   M    M   6        21 330
 8  46  31  39  -8  26   0 0.00  0.0    0 12.0 23 310   M    M   2        28 310
 9  46  30  38  -9  27   0 0.00  0.0    0  9.2 17 210   M    M   2        22 210
10  43  35  39  -9  26   0 0.05  0.0    0  4.6 13 100   M    M   8 18     14 120
11  50  26  38 -10  27   0 0.00  0.0    0  5.8 16 210   M    M   2        21 220
12  52  36  44  -4  21   0    T  0.0    0  6.2 22 200   M    M   4        31 200
13  72  45  59  10   6   0    T  0.0    0  5.8 14 160   M    M   1        19 160
14  64  44  54   5  11   0 0.00  0.0    0 12.1 30 100   M    M   2 18     36  80
15  45  37  41  -8  24   0 0.46  0.0    0 20.2 30  70   M    M  10 18     41  60
16  58  37  48  -2  17   0 2.19  0.0    0 16.9 31  60   M    M   9 13     40 130
17  50  37  44  -6  21   0 0.01  0.0    0 12.0 21 300   M    M   8        26 280
18  52  35  44  -6  21   0 0.00  0.0    0 10.3 22 290   M    M   5        29 290
19  46  37  42  -9  23   0 0.28  0.0    0  7.9 22 340   M    M   9 1      27 330
20  53  34  44  -7  21   0 0.00  0.0    0 12.6 26 320   M    M   1        36 320
21  63  37  50  -1  15   0 0.00  0.0    0  9.4 18 300   M    M   0        25 300
22  61  40  51  -1  14   0 0.00  0.0    0  8.6 18 200   M    M   0        23 220
23  62  39  51  -1  14   0 0.00  0.0    0  6.9 15  60   M    M   0        19  60
24  61  39  50  -2  15   0    T  0.0    0  6.0 15  60   M    M   2 18     19  60
25  53  48  51  -1  14   0 0.38  0.0    0 11.6 18  60   M    M  10 12     24  60
26  69  49  59   6   6   0 0.00  0.0    0  8.4 25 290   M    M   5 12     34 290
================================================================================
SM 1391  950       513   0  4.47     6.0 256.7          M      117
================================================================================
AV 53.5 36.5                               9.9 FASTST   M    M   5    MAX(MPH)
                                 MISC ---->  # 31 290               # 43  270
================================================================================
NOTES:
# LAST OF SEVERAL OCCURRENCES

COLUMN 17 PEAK WIND IN M.P.H.

PRELIMINARY LOCAL CLIMATOLOGICAL DATA (WS FORM: F-6) , PAGE 2

                                          STATION:  BRIDGEPORT CT
                                          MONTH:    APRIL
                                          YEAR:     2018
                                          LATITUDE:   41 10 N
                                          LONGITUDE:  73  8 W

[TEMPERATURE DATA]      [PRECIPITATION DATA]       SYMBOLS USED IN COLUMN 16

AVERAGE MONTHLY: 45.0   TOTAL FOR MONTH:   4.47    1 = FOG OR MIST
DPTR FM NORMAL:  -3.7   DPTR FM NORMAL:    0.85    2 = FOG REDUCING VISIBILITY
HIGHEST:    72 ON 13    GRTST 24HR  2.19 ON 16-16      TO 1/4 MILE OR LESS
LOWEST:     26 ON 11                               3 = THUNDER
                        SNOW, ICE PELLETS, HAIL    4 = ICE PELLETS
                        TOTAL MONTH:   6.0 INCHES  5 = HAIL
                        GRTST 24HR   6.0 ON  2- 2  6 = FREEZING RAIN OR DRIZZLE
                        GRTST DEPTH:   4 ON  2     7 = DUSTSTORM OR SANDSTORM:
                                                       VSBY 1/2 MILE OR LESS
                                                   8 = SMOKE OR HAZE
[NO. OF DAYS WITH]      [WEATHER - DAYS WITH]      9 = BLOWING SNOW
                                                   X = TORNADO
MAX 32 OR BELOW:   0    0.01 INCH OR MORE:  11
MAX 90 OR ABOVE:   0    0.10 INCH OR MORE:   6
MIN 32 OR BELOW:   7    0.50 INCH OR MORE:   2
MIN  0 OR BELOW:   0    1.00 INCH OR MORE:   1

[HDD (BASE 65) ]
TOTAL THIS MO.   513    CLEAR  (SCALE 0-3)  12
DPTR FM NORMAL    87    PTCLDY (SCALE 4-7)   8
TOTAL FM JUL 1  4899    CLOUDY (SCALE 8-10)  6
DPTR FM NORMAL  -211

[CDD (BASE 65) ]
TOTAL THIS MO.     0
DPTR FM NORMAL     0    [PRESSURE DATA]
TOTAL FM JAN 1     0    HIGHEST SLP M ON M
DPTR FM NORMAL     0    LOWEST  SLP 29.39 ON 16

[REMARKS]
