000
CXUS55 KBYZ 241056
CF6BIL
PRELIMINARY LOCAL CLIMATOLOGICAL DATA (WS FORM: F-6)

                                          STATION:   BILLINGS MT
                                          MONTH:     APRIL
                                          YEAR:      2018
                                          LATITUDE:   45 47 N
                                          LONGITUDE: 108 32 W

  TEMPERATURE IN F:       :PCPN:    SNOW:  WIND      :SUNSHINE: SKY     :PK WND
================================================================================
1   2   3   4   5  6A  6B    7    8   9   10  11  12  13   14  15   16   17  18
                                     12Z  AVG MX 2MIN
DY MAX MIN AVG DEP HDD CDD  WTR  SNW DPTH SPD SPD DIR MIN PSBL S-S WX    SPD DR
================================================================================

 1  40  13  27 -15  38   0 0.07  1.2    T  7.5 17  60   M    M   7 1      22 350
 2  29   7  18 -24  47   0 0.38  7.4    4 13.1 30 360   M    M  10 129    35 340
 3  34   6  20 -22  45   0 0.01  0.1    7  8.8 21 240   M    M   7 1      25 240
 4  37  24  31 -12  34   0    T    T    4  5.4 12 180   M    M  10 1      16 110
 5  35  18  27 -16  38   0 0.27  5.2    1 11.7 25  10   M    M  10 19     32 360
 6  18  10  14 -29  51   0 0.10  2.0    6  9.4 21  50   M    M  10 189    24  40
 7  30  11  21 -23  44   0 0.05  0.5    5  7.2 31 310   M    M   8 1      37 310
 8  46  26  36  -8  29   0    T    T    3 12.5 23 280   M    M   6        27 280
 9  55  27  41  -3  24   0    T    T    T 12.4 24 300   M    M   6        29 300
10  63  33  48   4  17   0 0.00  0.0    0  9.6 20 280   M    M   6        25 240
11  62  43  53   8  12   0 0.09  0.0    0  9.8 24 300   M    M   8 1      29 290
12  44  33  39  -6  26   0 0.42    T    0 13.1 22  40   M    M  10 1      27  40
13  45  31  38  -7  27   0 0.03  0.4    T  7.8 22  10   M    M   7 1      31 350
14  60  29  45  -1  20   0 0.00  0.0    0 11.6 21 240   M    M   4        26 250
15  66  33  50   4  15   0 0.00  0.0    0  5.2 15 240   M    M   4        20 210
16  77  36  57  11   8   0 0.03  0.0    0 12.8 38 340   M    M   4 1      49 330
17  52  37  45  -1  20   0 0.05  0.0    0 16.9 30 300   M    M   7 1      38 310
18  56  33  45  -2  20   0 0.00  0.0    0 11.2 23 290   M    M   3        28 280
19  62  34  48   1  17   0 0.00  0.0    0  9.2 21 110   M    M   6        26  90
20  64  36  50   3  15   0 0.00  0.0    0  8.1 17 320   M    M   2        21  40
21  72  38  55   7  10   0 0.00  0.0    0  9.8 18  30   M    M   2        24  40
22  65  43  54   6  11   0    T  0.0    0 10.0 21  20   M    M   4        29  20
23   M   M   M   M   M   M    M    M    M   M   M   M   M    M   M         M  M
================================================================================
SM 1112  601       568   0  1.50    16.8 223.1          M      141
================================================================================
AV 50.6 27.3                              10.1 FASTST   M    M   6    MAX(MPH)
                                 MISC ---->  # 38 340               # 49  330
================================================================================
NOTES:
# LAST OF SEVERAL OCCURRENCES

COLUMN 17 PEAK WIND IN M.P.H.

PRELIMINARY LOCAL CLIMATOLOGICAL DATA (WS FORM: F-6) , PAGE 2

                                          STATION:  BILLINGS MT
                                          MONTH:    APRIL
                                          YEAR:     2018
                                          LATITUDE:   45 47 N
                                          LONGITUDE: 108 32 W

[TEMPERATURE DATA]      [PRECIPITATION DATA]       SYMBOLS USED IN COLUMN 16

AVERAGE MONTHLY: 38.9   TOTAL FOR MONTH:   1.50    1 = FOG OR MIST
DPTR FM NORMAL:  -6.1   DPTR FM NORMAL:    0.28    2 = FOG REDUCING VISIBILITY
HIGHEST:    77 ON 16    GRTST 24HR  0.42 ON 12-12      TO 1/4 MILE OR LESS
LOWEST:      6 ON  3                               3 = THUNDER
                        SNOW, ICE PELLETS, HAIL    4 = ICE PELLETS
                        TOTAL MONTH:  16.8 INCHES  5 = HAIL
                        GRTST 24HR   7.4 ON  2- 2  6 = FREEZING RAIN OR DRIZZLE
                        GRTST DEPTH:   7 ON  3     7 = DUSTSTORM OR SANDSTORM:
                                                       VSBY 1/2 MILE OR LESS
                                                   8 = SMOKE OR HAZE
[NO. OF DAYS WITH]      [WEATHER - DAYS WITH]      9 = BLOWING SNOW
                                                   X = TORNADO
MAX 32 OR BELOW:   3    0.01 INCH OR MORE:  11
MAX 90 OR ABOVE:   0    0.10 INCH OR MORE:   4
MIN 32 OR BELOW:  11    0.50 INCH OR MORE:   0
MIN  0 OR BELOW:   0    1.00 INCH OR MORE:   0

[HDD (BASE 65) ]
TOTAL THIS MO.   568    CLEAR  (SCALE 0-3)   2
DPTR FM NORMAL   109    PTCLDY (SCALE 4-7)  14
TOTAL FM JUL 1  6945    CLOUDY (SCALE 8-10)  6
DPTR FM NORMAL   676

[CDD (BASE 65) ]
TOTAL THIS MO.     0
DPTR FM NORMAL     0    [PRESSURE DATA]
TOTAL FM JAN 1     0    HIGHEST SLP  0.00 ON 21
DPTR FM NORMAL     0    LOWEST  SLP 29.28 ON 12

[REMARKS]
